-- http://www.phpmyadmin.net
-- 
-- 
-- Database: `4mwireless`
-- 
CREATE DATABASE `4mwireless` DEFAULT CHARACTER SET latin1 COLLATE latin1_swedish_ci;
USE 4mwireless;

-- --------------------------------------------------------

-- 
-- Table structure for table `tbl_association`
-- 

CREATE TABLE `tbl_association` (
  `aso_id` int(10) NOT NULL auto_increment,
  `aso_title` varchar(255) NOT NULL default '',
  `aso_img` varchar(255) NOT NULL default '',
  `aso_detail` text NOT NULL,
  `aso_date` varchar(100) NOT NULL default '',
  `aso_sort` int(10) NOT NULL default '0',
  `aso_status` int(10) NOT NULL default '0',
  PRIMARY KEY  (`aso_id`)
) ENGINE=MyISAM DEFAULT CHARSET=latin1 AUTO_INCREMENT=15 ;

-- 
-- Dumping data for table `tbl_association`
-- 

INSERT INTO `tbl_association` VALUES (8, '3GPP', '3GPP-logo.jpg', '<p><span class=&quot;default_body&quot;>The 3rd Generation Partnership Project (3GPP) unites telecommunications standards bodies - as Organizational Partners. The original scope of 3GPP was to produce Technical Specifications and Technical Reports for a 3G Mobile System based on evolved GSM core networks and the radio access technologies that they support (i.e., Universal Terrestrial Radio Access (UTRA) both Frequency Division Duplex (FDD) and Time Division Duplex (TDD) modes)</span></p>', '21-01-2010 13:15:27', 0, 0);
INSERT INTO `tbl_association` VALUES (9, 'ETSI', 'ETSI.jpg', '<p><span class=&quot;default_body&quot;>The European Telecommunications Standards Institute (ETSI) produces globally-applicable standards for Information and Communications Technologies (ICT), including fixed, mobile, radio, converged, broadcast and internet technologies.</span></p>', '21-01-2010 13:29:17', 0, 0);
INSERT INTO `tbl_association` VALUES (10, 'GSMA', 'GSMA_logo_sm_assoc.jpg', '<p><span class=&quot;default_body&quot;>The GSMA represents the interests of the worldwide mobile communications industry. Spanning 219 countries, the GSMA unites nearly 800 of the world&rsquo;s mobile operators, as well as more than 200 companies in the broader mobile ecosystem, including handset makers, software companies, equipment providers, Internet companies, and media and entertainment organisations. The GSMA is focused on innovating, incubating and creating new opportunities for its membership, all with the end goal of driving the growth of the mobile communications industry. <br />\r\n</span></p>', '21-01-2010 13:29:36', 0, 0);
INSERT INTO `tbl_association` VALUES (12, 'NGMN Alliance', 'NGMN_Logo_sm.jpg', '<p><span class=&quot;default_body&quot;><font size=&quot;2&quot; face=&quot;Arial&quot;>The vision of the NGMN Alliance is to provide a platform for innovation by moving towards one integrated network for the seamless introduction of mobile broadband services.</font><font face=&quot;Arial&quot;><span style=&quot;line-height: 115%; font-family: &#039;Calibri&#039;,&#039;sans-serif&#039;; font-size: 11pt;&quot;><font size=&quot;2&quot;> </font></span></font><font size=&quot;2&quot; face=&quot;Arial&quot;>The initial objective of the NGMN Alliance is the commercial launch of a new experience in mobile broadband communications and to ensure a long and successful cycle of investment, innovation and adoption of new and familiar services that would benefit all members of the mobile ecosystem.</font></span></p>', '27-01-2010 20:11:42', 0, 0);
INSERT INTO `tbl_association` VALUES (13, 'VoLGA Forum', 'VoLGA_Logo_CMYK_FIN.jpg', '<p><span class=&quot;default_body&quot;>The VoLGA Forum was initiated to specify and promote an approach for extending traditional GSM and UMTS circuit-switched services over LTE access networks. Based on the existing 3GPP Generic Access Network (GAN) standard, VoLGA technology will enable mobile subscribers to receive a consistent set of voice, SMS (and other circuit-switched) services as they transition between GSM, UMTS and LTE access networks. <br />\r\n</span></p>', '27-01-2010 20:12:36', 0, 0);
INSERT INTO `tbl_association` VALUES (14, 'WiMAX Forum', 'wmf_member_logo-[Converted].jpg', '<p><span class=&quot;default_body&quot;>The WiMAX Forum is an industry-led, not-for-profit organization formed to certify and promote the compatibility and interoperability of broadband wireless products based upon the harmonized IEEE 802.16/ETSI HiperMAN standard. One of the WiMAX Forum&rsquo;s goals is to accelerate the introdu<font face=&quot;Arial&quot;>ction of these systems into the marketplace. WiMAX Forum Certified&trade; products are fully interoperable and support broa</font>dband fixed, portable and mobile services. Along these lines, the WiMAX Forum works closely with service providers and regulators to ensure that WiMAX Forum Certified systems meet customer and government requirements.</span></p>', '27-01-2010 20:13:03', 0, 0);
INSERT INTO `tbl_association` VALUES (11, 'LSTI Forum', 'LSTI-logo_HR.jpg', '<p><span class=&quot;default_body&quot;>The LTE/SAE Trial Initiative (LSTI) is a global, collaborative technology trial initiative focused on accelerating the availability of commercial and interoperable next generation LTE mobile broadband systems. The initiative was formally launched in May 2007 by leading telecommunications companies Alcatel-Lucent, Ericsson, Orange, Nokia Siemens Networks, Nortel, T-Mobile and Vodafone. Since its inception LSTI has continually expanded, adding key players in the LTE market to its membership - including operators and infrastructure vendors as well as chipset and device manufacturers. <br />\r\n</span></p>', '27-01-2010 20:11:09', 0, 0);

-- --------------------------------------------------------

-- 
-- Table structure for table `tbl_awards`
-- 

CREATE TABLE `tbl_awards` (
  `awr_id` int(10) NOT NULL auto_increment,
  `awr_title` varchar(255) NOT NULL default '',
  `awr_img` varchar(255) NOT NULL default '',
  `awr_detail` text NOT NULL,
  `awr_date` varchar(100) NOT NULL default '',
  `awr_sort` int(10) NOT NULL default '0',
  `awr_status` int(10) NOT NULL default '0',
  PRIMARY KEY  (`awr_id`)
) ENGINE=MyISAM DEFAULT CHARSET=latin1 AUTO_INCREMENT=11 ;

-- 
-- Dumping data for table `tbl_awards`
-- 

INSERT INTO `tbl_awards` VALUES (8, 'awards two', 'awards.jpg', '<p>Bdah merupakan fakta bahwa seorang pembaca akan terpengaruh oleh isi tulisan dari sebuah halaman saat ia melihat tata letaknya. Maksud penggunaan Lorem Ipsum adalah karena ia kurang lebih memiliki penyebaran huruf yang normal, ketimbang menggunakan kalimat seperti &quot;</p>\r\n<p>&nbsp;</p>', '21-01-2010 13:04:55', 0, 0);
INSERT INTO `tbl_awards` VALUES (9, 'awards one', 'awards.jpg', '<p>Bdah merupakan fakta bahwa seorang pembaca akan terpengaruh oleh isi tulisan dari sebuah halaman saat ia melihat tata letaknya. Maksud penggunaan Lorem Ipsum adalah karena ia kurang lebih memiliki penyebaran huruf yang normal, ketimbang menggunakan kalimat seperti &quot;</p>\r\n<p>&nbsp;</p>', '21-01-2010 13:05:04', 0, 0);

-- --------------------------------------------------------

-- 
-- Table structure for table `tbl_career`
-- 

CREATE TABLE `tbl_career` (
  `jobs_id` int(10) NOT NULL auto_increment,
  `jobs_title` varchar(150) NOT NULL default '',
  `expire_date` varchar(100) NOT NULL default '',
  `jobs_detail` text NOT NULL,
  `jobs_duration` int(5) NOT NULL default '0',
  `date_created` varchar(100) NOT NULL default '',
  `sort` int(10) NOT NULL default '0',
  `status` varchar(10) NOT NULL default '',
  PRIMARY KEY  (`jobs_id`)
) ENGINE=MyISAM DEFAULT CHARSET=latin1 AUTO_INCREMENT=9 ;

-- 
-- Dumping data for table `tbl_career`
-- 

INSERT INTO `tbl_career` VALUES (3, 'Marketing Manager', '25/01/2010', '<p>Each individual working in our organisation is encouraged to suggest their ideas. Individuals are given the flexibility and support they need to develop in the technical area where they feel they can reach their maximum potential. Our aim is to help our employees reach their long term career goals.</p>', 0, '20/01/2010', 0, '1');
INSERT INTO `tbl_career` VALUES (4, 'Senior PHP Developer', '22/01/2010', '<p>this is what is posting</p>', 0, '20/01/2010', 0, '0');
INSERT INTO `tbl_career` VALUES (5, 'Networking Administrator', '28/01/2010', '<div align="justify"><span class="text_style3">4M Wireless is interested in both experienced applicants and graduates who have relevant experience. The opportunities we have will allow you to work on design, development and integration activities.<br />\r\n</span></div>\r\n<p align="justify"><span class="text_style3">If you are interested in joining us or have additional queries then please review the current opportunities listed below and submit your CV via email to: <a class="newsfeed" href="mailto:careers@4mwireless.com">careers@4mwireless.com </a></span></p>', 0, '20/01/2010', 0, '1');
INSERT INTO `tbl_career` VALUES (6, 'Graphic Designer (Print Media)', '29/01/2010', '<div align="justify"><span class="text_style3">4M Wireless is interested in both experienced applicants and graduates who have relevant experience. The opportunities we have will allow you to work on design, development and integration activities.<br />\r\n</span></div>\r\n<p align="justify"><span class="text_style3">If you are interested in joining us or have additional queries then please review the current opportunities listed below and submit your CV via email to: <a class="newsfeed" href="mailto:careers@4mwireless.com">careers@4mwireless.com </a></span></p>', 0, '20/01/2010', 0, '1');
INSERT INTO `tbl_career` VALUES (7, 'Graphic Designer (Web)', '28/01/2010', '<div align="justify"><span class="text_style3">4M Wireless is interested in both experienced applicants and graduates who have relevant experience. The opportunities we have will allow you to work on design, development and integration activities.<br />\r\n</span></div>\r\n<p align="justify"><span class="text_style3">If you are interested in joining us or have additional queries then please review the current opportunities listed below and submit your CV via email to: <a class="newsfeed" href="mailto:careers@4mwireless.com">careers@4mwireless.com </a></span></p>', 0, '20/01/2010', 0, '1');
INSERT INTO `tbl_career` VALUES (8, 'Flash Designer', '28/01/2010', '<div align="justify"><span class="text_style3">4M Wireless is interested in both experienced applicants and graduates who have relevant experience. The opportunities we have will allow you to work on design, development and integration activities.<br />\r\n</span></div>\r\n<p align="justify"><span class="text_style3">If you are interested in joining us or have additional queries then please review the current opportunities listed below and submit your CV via email to: <a class="newsfeed" href="mailto:careers@4mwireless.com">careers@4mwireless.com </a></span></p>', 0, '20/01/2010', 0, '1');

-- --------------------------------------------------------

-- 
-- Table structure for table `tbl_events`
-- 

CREATE TABLE `tbl_events` (
  `evn_id` int(10) NOT NULL auto_increment,
  `evn_title` varchar(255) NOT NULL default '',
  `evn_img` varchar(255) NOT NULL default '',
  `evn_detail` text NOT NULL,
  `evn_date` varchar(100) NOT NULL default '',
  `evn_sort` int(10) NOT NULL default '0',
  `evn_status` int(10) NOT NULL default '1',
  PRIMARY KEY  (`evn_id`)
) ENGINE=MyISAM DEFAULT CHARSET=latin1 AUTO_INCREMENT=11 ;

-- 
-- Dumping data for table `tbl_events`
-- 

INSERT INTO `tbl_events` VALUES (8, 'First Event', 'event_pic1.jpg', '<p>udah merupakan fakta bahwa seorang pembaca akan terpengaruh oleh isi tulisan dari sebuah halaman saat ia melihat tata letaknya. Maksud penggunaan Lorem Ipsum adalah karena ia kurang lebih memiliki penyebaran huruf yang normal, ketimbang menggunakan kalimat seperti &quot;Bagian isi disini, bagian isi disini&quot;, sehingga ia seolah menjadi naskah Inggris yang bisa dibaca. Banyak paket Desktop Publishing dan editor situs web yang kini menggunakan Lorem Ipsum sebagai contoh teks. Karenanya pencarian terhadap kalimat &quot;Lorem Ipsum&quot; akan berujung pada banyak situs web yang masih dalam tahap pengembangan. Berbagai versi juga telah berubah dari tahun ke tahun,</p>\r\n<p>&nbsp;</p>\r\n<p>kadang karena tidak sengaja, kadang karena disengajaudah merupakan fakta bahwa seorang pembaca akan terpengaruh oleh isi tulisan dari sebuah halaman saat ia melihat tata letaknya. Maksud penggunaan Lorem Ipsum adalah karena ia kurang lebih memiliki penyebaran huruf yang normal, ketimbang menggunakan kalimat seperti &quot;Bagian isi disini, bagian isi disini&quot;, sehingga ia seolah menjadi naskah Inggris yang bisa dibaca. Banyak paket Desktop Publishing dan editor situs web yang kini menggunakan Lorem Ipsum sebagai contoh teks. Karenanya pencarian terhadap kalimat &quot;Lorem Ipsum&quot; akan berujung pada banyak situs web yang masih dalam tahap pengembangan. Berbagai versi juga telah berubah dari tahun ke tahun, kadang karena tidak sengaja, kadang karena disengaja</p>\r\n<p>&nbsp;</p>\r\n<p>udah merupakan fakta bahwa seorang pembaca akan terpengaruh oleh isi tulisan dari sebuah halaman saat ia melihat tata letaknya. Maksud penggunaan Lorem Ipsum adalah karena ia kurang lebih memiliki penyebaran huruf yang normal, ketimbang menggunakan kalimat seperti &quot;Bagian isi disini, bagian isi disini&quot;, sehingga ia seolah menjadi naskah Inggris yang bisa dibaca. Banyak paket Desktop Publishing dan editor situs web yang kini menggunakan Lorem Ipsum sebagai contoh teks. Karenanya pencarian terhadap kalimat &quot;Lorem Ipsum&quot; akan berujung pada banyak situs web yang masih dalam tahap pengembangan. Berbagai versi juga telah berubah dari tahun ke tahun,</p>\r\n<p>&nbsp;</p>\r\n<p>kadang karena tidak sengaja, kadang karena disengajaudah merupakan fakta bahwa seorang pembaca akan terpengaruh oleh isi tulisan dari sebuah halaman saat ia melihat tata letaknya. Maksud penggunaan Lorem Ipsum adalah karena ia kurang lebih memiliki penyebaran huruf yang normal, ketimbang menggunakan kalimat seperti &quot;Bagian isi disini, bagian isi disini&quot;, sehingga ia seolah menjadi naskah Inggris yang bisa dibaca. Banyak paket Desktop Publishing dan editor situs web yang kini menggunakan Lorem Ipsum sebagai contoh teks. Karenanya pencarian terhadap kalimat &quot;Lorem Ipsum&quot; akan berujung pada banyak situs web yang masih dalam tahap pengembangan. Berbagai versi juga telah berubah dari tahun ke tahun, kadang karena tidak sengaja, kadang karena disengaja</p>', '21-01-2010 12:52:20', 0, 1);
INSERT INTO `tbl_events` VALUES (9, 'Second Events', 'EVENTS_0200.jpg', '<p>udah merupakan fakta bahwa seorang pembaca akan terpengaruh oleh isi tulisan dari sebuah halaman saat ia melihat tata letaknya. Maksud penggunaan Lorem Ipsum adalah karena ia kurang lebih memiliki penyebaran huruf yang normal, ketimbang menggunakan kalimat seperti &quot;Bagian isi disini, bagian isi disini&quot;, sehingga ia seolah menjadi naskah Inggris yang bisa dibaca. Banyak paket Desktop Publishing dan editor situs web yang kini menggunakan Lorem Ipsum sebagai contoh teks.</p>\r\n<p>&nbsp;</p>\r\n<p>Karenanya pencarian terhadap kalimat &quot;Lorem Ipsum&quot; akan berujung pada banyak situs web yang masih dalam tahap pengembangan. Berbagai versi juga telah berubah dari tahun ke tahun, kadang karena tidak sengaja, kadang karena disengajaudah merupakan fakta bahwa seorang pembaca akan terpengaruh oleh isi tulisan dari sebuah halaman saat ia melihat tata letaknya. Maksud penggunaan Lorem Ipsum adalah karena ia kurang lebih memiliki penyebaran huruf yang normal,</p>\r\n<p>&nbsp;</p>\r\n<p>ketimbang menggunakan kalimat seperti &quot;Bagian isi disini, bagian isi disini&quot;, sehingga ia seolah menjadi naskah Inggris yang bisa dibaca. Banyak paket Desktop Publishing dan editor situs web yang kini menggunakan Lorem Ipsum sebagai contoh teks. Karenanya pencarian terhadap kalimat &quot;Lorem Ipsum&quot; akan berujung pada banyak situs web yang masih dalam tahap pengembangan. Berbagai versi juga telah berubah dari tahun ke tahun, kadang karena tidak sengaja, kadang karena disengaja</p>\r\n<p>&nbsp;</p>\r\n<p>udah merupakan fakta bahwa seorang pembaca akan terpengaruh oleh isi tulisan dari sebuah halaman saat ia melihat tata letaknya. Maksud penggunaan Lorem Ipsum adalah karena ia kurang lebih memiliki penyebaran huruf yang normal, ketimbang menggunakan kalimat seperti &quot;Bagian isi disini, bagian isi disini&quot;, sehingga ia seolah menjadi naskah Inggris yang bisa dibaca. Banyak paket Desktop Publishing dan editor situs web yang kini menggunakan Lorem Ipsum sebagai contoh teks. Karenanya pencarian terhadap kalimat &quot;Lorem Ipsum&quot; akan berujung pada banyak situs web yang masih dalam tahap pengembangan. Berbagai versi juga telah berubah dari tahun ke tahun, kadang karena tidak sengaja, kadang karena disengajaudah merupakan</p>\r\n<p>&nbsp;</p>\r\n<p>fakta bahwa seorang pembaca akan terpengaruh oleh isi tulisan dari sebuah halaman saat ia melihat tata letaknya. Maksud penggunaan Lorem Ipsum adalah karena ia kurang lebih memiliki penyebaran huruf yang normal, ketimbang menggunakan kalimat seperti &quot;Bagian isi disini, bagian isi disini&quot;, sehingga ia seolah menjadi naskah Inggris yang bisa dibaca. Banyak paket Desktop Publishing dan editor situs web yang kini menggunakan Lorem Ipsum sebagai contoh teks.</p>\r\n<p>&nbsp;</p>\r\n<p>Karenanya pencarian terhadap kalimat &quot;Lorem Ipsum&quot; akan berujung pada banyak situs web yang masih dalam tahap pengembangan. Berbagai versi juga telah berubah dari tahun ke tahun, kadang karena tidak sengaja, kadang karena disengaja</p>', '21-01-2010 12:53:14', 0, 1);
INSERT INTO `tbl_events` VALUES (10, 'Third Event', 'EVENTS_02.jpg', '<p>udah merupakan fakta bahwa seorang pembaca akan terpengaruh oleh isi tulisan dari sebuah halaman saat ia melihat tata letaknya. Maksud penggunaan Lorem Ipsum adalah karena ia kurang lebih memiliki penyebaran huruf yang normal, ketimbang menggunakan kalimat seperti &quot;</p>\r\n<p>&nbsp;</p>\r\n<p>Bagian isi disini, bagian isi disini&quot;, sehingga ia seolah menjadi naskah Inggris yang bisa dibaca. Banyak paket Desktop Publishing dan editor situs web yang kini menggunakan Lorem Ipsum sebagai contoh teks. Karenanya pencarian terhadap kalimat &quot;Lorem Ipsum&quot; akan berujung pada banyak situs web yang masih dalam tahap pengembangan. Berbagai versi juga telah berubah dari tahun ke tahun, kadang karena tidak sengaja, kadang karena disengaja</p>\r\n<p>&nbsp;</p>\r\n<p>udah merupakan fakta bahwa seorang pembaca akan terpengaruh oleh isi tulisan dari sebuah halaman saat ia melihat tata letaknya. Maksud penggunaan Lorem Ipsum adalah karena ia kurang lebih memiliki penyebaran huruf yang normal, ketimbang menggunakan kalimat seperti &quot;Bagian isi disini, bagian isi disini&quot;, sehingga ia seolah menjadi naskah Inggris yang bisa dibaca.</p>\r\n<p>&nbsp;</p>\r\n<p>Banyak paket Desktop Publishing dan editor situs web yang kini menggunakan Lorem Ipsum sebagai contoh teks. Karenanya pencarian terhadap kalimat &quot;Lorem Ipsum&quot; akan berujung pada banyak situs web yang masih dalam tahap pengembangan. Berbagai versi juga telah berubah dari tahun ke tahun, kadang karena tidak sengaja, kadang karena disengaja</p>\r\n<p>udah merupakan fakta bahwa seorang pembaca akan terpengaruh oleh isi tulisan dari sebuah halaman saat ia melihat tata letaknya. Maksud penggunaan Lorem Ipsum adalah karena ia kurang lebih memiliki penyebaran huruf yang normal, ketimbang menggunakan kalimat seperti &quot;Bagian isi disini, bagian isi disini&quot;, sehingga ia seolah menjadi naskah Inggris yang bisa dibaca.</p>\r\n<p>&nbsp;</p>\r\n<p>Banyak paket Desktop Publishing dan editor situs web yang kini menggunakan Lorem Ipsum sebagai contoh teks. Karenanya pencarian terhadap kalimat &quot;Lorem Ipsum&quot; akan berujung pada banyak situs web yang masih dalam tahap pengembangan. Berbagai versi juga telah berubah dari tahun ke tahun, kadang karena tidak sengaja, kadang karena disengaja</p>', '21-01-2010 12:54:00', 0, 1);

-- --------------------------------------------------------

-- 
-- Table structure for table `tbl_news_title`
-- 

CREATE TABLE `tbl_news_title` (
  `news_id` int(10) NOT NULL auto_increment,
  `news_title` text NOT NULL,
  `news_desc` text NOT NULL,
  `news_date` varchar(100) NOT NULL default '',
  `date_created` varchar(100) NOT NULL default '',
  `news_lastmodify` varchar(100) NOT NULL default '',
  `sort` int(11) NOT NULL default '0',
  `status` int(11) NOT NULL default '0',
  PRIMARY KEY  (`news_id`)
) ENGINE=MyISAM DEFAULT CHARSET=latin1 AUTO_INCREMENT=21 ;

-- 
-- Dumping data for table `tbl_news_title`
-- 

INSERT INTO `tbl_news_title` VALUES (1, 'Growth in Sales and R&D teams', 'In a drive to aggressively grow its product portfolio and market access 4M Wireless has recently expanded its sales and research and development teams. The aggressive growth is the result of the company&rsquo;s concentrated efforts to bring to market its 3GPP LTE release 8 PS100 protocol stack as well as LTEST100 and LTEST200 range of products. The augmented teams will work closely with clients to ensure that products encapsulate their key requirements while providing them with high quality support.', '01/09/2006', '12-01-2010 11:31:37', '09-02-2010 16:25:57', 0, 0);
INSERT INTO `tbl_news_title` VALUES (2, '3GSM Barcelona', 'This year&rsquo;s 3GSM World Congress in Barcelona, the largest mobile event in the industry&rsquo;s calendar, included 1300 exhibitors and over 55,000 visitors. Infrastructure vendors and network operators conveyed their deep commitment to 3GPP LTE and recognized the technology as stepping stone in the evolution of wireless broadband access platforms and services. The 3GPP family has a subscriber baser of over 2 billion with around 200 operators and the latest news indicates that LTE technology will be a key enabler to bring high speed multimedia services to market. During the 3GSM event, a number of vendor showcased their applications within the LTE domain and 4M Wireless protocol stack efforts were very well received. Industry participants acknowledged the need to speed up the pace of development of next generation networks and in particular work towards completing the standardization of LTE.', '14/02/2007', '12-01-2010 11:32:43', '09-02-2010 16:26:12', 0, 0);
INSERT INTO `tbl_news_title` VALUES (4, '4M Wireless completes demonstrations', '4M Wireless has successfully showcased its 3GPP LTE software within the market. The demonstrations consisted of a prototype UE simulator within a Windows environment which included the LTEST100 Graphical User Interface (GUI) and PS100 3GPP LTE compliant Layer 2 protocol stack functionality. 4M Wireless presented live video streaming and constant data rate simulations on the platforms under a variety of usage scenarios. The comprehensive implementation achieved data rates in excess of 100Mbit/s downlink and 50Mbit/s uplink. <br />\r\n<br />\r\n4M Wireless has received a highly positive response from across the market via these demonstrations. The PS100 protocol stack demonstration confirmed that the company is well positioned to be the first to market with a 3GPP LTE compliant protocol stack. Furthermore, the presentation of LTEST range of solutions successfully showcased the tools available for customers to test and debug their 3GPP LTE protocol implementations.', '03/09/2007', '12-01-2010 15:39:46', '09-02-2010 16:26:31', 0, 0);
INSERT INTO `tbl_news_title` VALUES (5, '4M Wireless signs agreement for LTE protocol stack', '4M Wireless has signed a collaboration agreement to deliver its LTE protocol stack software to a fabless semiconductor company developing low-cost, low-power and high-performance digital baseband chips for the LTE market. The company is rapidly developing LTE technology for mobile devices and the 4M Wireless LTE protocol stack will help accelerate these efforts. <br />\r\n<br />\r\nThe 4M Wireless PS100 LTE protocol stack software, which commenced development in 2006, is undergoing testing with customers and partners within the wireless sector. The LTE protocol stack reduces costs and time-to-market for fabless semiconductor companies developing 4G and multimode chipsets. <br />\r\n<br />\r\nLTE is currently going through the standardization process and the technology was firmly in the limelight during the 2008 Mobile World Congress in Barcelona. 4M Wireless further demonstrated its capabilities to select customers via its LTEST product range. Using its test product range, 4M Wireless can prove its protocol software at an early stage. This ensures interoperability, which decreases risk and accelerates the roll-out of LTE services.', '19/02/2008', '12-01-2010 15:40:14', '09-02-2010 16:26:46', 0, 0);
INSERT INTO `tbl_news_title` VALUES (6, 'LTE test product delivered', 'LTE expert 4M Wireless has successfully completed delivery of its LTEST100 product to a global infrastructure vendor. The solution, compliant to the latest 3GPP standards, will provide comprehensive protocol stack verification, measurement and fault analysis capabilities early on to meet the stringent testing requirements of the customer. <br />\r\n<br />\r\nThe LTEST LTE protocol software test solution allows eNodeB developers to test their implementation of the 3GPP LTE protocol stack in a controlled hardware independent environment. The complete test solution can be integrated and demonstrated early on in the development cycle. The product allows companies developing base station equipment and handset testing products to iron-out any technical challenges that may occur before their LTE solutions are delivered to their customers.', '10/04/2008', '27-01-2010 19:42:25', '09-02-2010 16:27:00', 0, 0);
INSERT INTO `tbl_news_title` VALUES (7, 'Anite selects 4M Wireless LTE protocol stack product', 'Anite plc (LSE: AIE) a global leader in testing technology for the wireless industry, has selected the 4M Wireless LTE protocol stack for comprehensive verification of the Anite SAT(H) LTE protocol test solution. 4M Wireless Ltd is the only company providing a complete LTE UE terminal protocol stack that is already being used in the industry. The 4M Wireless solution allows Anite to carry out interoperability tests of all protocol layers compliant to the latest 3GPP LTE specifications. The two companies have already extensively tested the MAC, RLC, and PDCP and are currently the first in the world to carry out full interoperability tests of the RRC and NAS protocol layers for LTE. <br />\r\n<br />\r\nThe 4M Wireless LTE stack is part of the company&rsquo;s LTEST product provided to Anite. Anite&rsquo;s SAT(H) is a host-based protocol tester for mobile user equipment development. The SAT(H) assists developers of the LTE UE protocol stack in testing their protocol implementation at an early stage and carry out advanced stability tests prior to ASIC and FPGA involvement. By using the 4M Wireless UE protocol stack solution for verification, Anite will be able to deliver fully tested protocol test tools to its terminal equipment customers.<br />\r\n<br />\r\nThe 3GPP Release 8 specifications for LTE are scheduled to be completed by the end of this year and companies are quickly developing their products in line with the standard. With their first-to-market solutions, 4M Wireless and Anite are ideally positioned to meet the aggressive schedules of the LTE market.<br />\r\n<br />\r\n&ldquo;4M Wireless is far ahead in the industry in developing LTE terminal protocol stack software and we are very pleased to enable a global leader such as Anite in its efforts to produce best in class LTE test products,&rdquo; said Atif Malik, CEO, 4M Wireless &ldquo;4M Wireless is committed to providing the highest quality software to its customers. We shall be working very closely with Anite to rigorously test and independently verify the LTE products of the two companies.&rdquo;<br />\r\n<br />\r\n&ldquo;Anite leads the market in the provision of host-based protocol test solutions for the wireless industry&rdquo; said Paul Beaver, Business Unit Director, Anite &ldquo;we are delighted to be working with 4M Wireless and the use of LTEST within our verification process will help drive robustness and advanced feature availability in our LTE SAT(H) product suite. It is through these relationships that we are pioneering the eco-system needed to make LTE a commercial success.&rdquo;', '20/10/2008', '27-01-2010 19:43:09', '09-02-2010 16:27:43', 0, 0);
INSERT INTO `tbl_news_title` VALUES (8, '4M Wireless receives Product Innovation Award', '4M Wireless Ltd. has been honoured with an award for its product innovation. The company was bestowed the Product Innovation of the Year Award by Frost &amp; Sullivan. The award has been presented in recognition of the company&#039;s efforts in designing and developing the innovative 3GPP LTE Protocol Stack for User Equipment (UE) terminals.<br />\r\n<br />\r\nThe Product Innovation Award is presented each year to the company that establishes excellence in new products and technologies within its industry. 4M Wireless was selected for demonstrating technical superiority and commercial success within the category of LTE protocol stacks. The company was benchmarked with other companies in this sector as well as top tier cellular equipment vendors within the LTE market.<br />\r\n<br />\r\n&quot;This award is a testimony to the interest of customers and partners in the underlying technology and architecture of the 3GPP LTE protocol stack for user equipment terminals developed by 4M Wireless. The company is clearly poised for further growth and recognition. For its development of an innovative solution with modular and portable architecture and its ability to provide a comprehensive technical roadmap and maintenance services for LTE solutions, 4M Wireless Ltd. is presented with the 2008 Award for Product Innovation&quot; said A. Nirmal, industry analyst at Frost &amp; Sullivan.<br />\r\n<br />\r\nTo distinguish the recipients of the Product Innovation of the Year Award, Frost &amp; Sullivan evaluates products on the basis of the products&#039; competitive advantages and significance in their respective industries, innovation in terms of unique or revolutionary technology, and product acceptance and penetration in the marketplace. Industry analysts compare market participants and measure performance through in-depth interviews, analysis and extensive secondary research in order to identify the best in the industry. For further information visit: <a href=&quot;javascript:void(0)&quot; onclick=&quot;window.open(&#039;http://www.frost-award.com/4MWireless_LTE_Protocol_Stack_Award.htm&#039;)&quot;><u>4M Wireless Innovation Award</u></a>', '21/11/2008', '27-01-2010 19:53:44', '09-02-2010 16:28:47', 0, 0);
INSERT INTO `tbl_news_title` VALUES (20, 'kjhfaksdjhfkahf', '<p>kahdfkahkdfhakh</p>', '25/02/2010', '11-02-2010 17:39:12', '', 0, 0);
INSERT INTO `tbl_news_title` VALUES (10, 'Sandbridge Technologies chip to use LTE stack', 'Sandbridge Technologies, a cutting edge fabless semiconductor company developing multi-mode baseband/multimedia processors for low-cost advanced mobile devices, announced today that it has signed an agreement with 4M Wireless for its LTE protocol stack. Under the agreement, 4M Wireless will provide its PS100 LTE protocol stack for Sandbridge Technologies Sandblaster&reg;-based SB3500 baseband processor. The 4M Wireless protocol stack will be available as source code optimised for the SB3500 platform, taking full advantage of its capabilities to provide a low memory footprint along with highly efficient execution. <br />\r\n<br />\r\nThe industry leading 4M Wireless PS100 LTE protocol stack consists of complete Layer 2, Layer 3 and NAS protocol software compliant to the latest 3GPP Release 8 specifications and is contiguous with the 3GPP schedules. The 4M Wireless protocol stack is easily integrated with a variety of hardware platforms and operating systems and is designed to meet optimal memory and performance requirements for 4G multimode handsets as well as modems and embedded devices for laptops and desktop computers. The stack is continuously subjected to rigorous inter-operability testing with leading infrastructure vendors and has already been incorporated into several products. <br />\r\n<br />\r\n&quot;Integration of 4M Wireless&#039;s LTE protocol stack on the SB3500 enables Sandbridge to provide a complete LTE solution for our customers,&quot; said Tanuj Raja VP business development for the company. &quot;Partnerships with independent software companies such as 4M Wireless, demonstrates the ease of programmability and robustness of the Sandblaster&reg; integrated development environment (IDE) and enables us to build an eco-system of third party software around the SB3500 to provide comprehensive solutions to our mutual customers.&quot; <br />\r\n<br />\r\n&quot;We are excited to be assisting Sandbridge expand the market for their groundbreaking technology by enabling them to provide a complete system solution for 4G,&quot; said Atif Malik, CEO of 4M Wireless. &quot;4M Wireless is the ideal partner for companies looking to develop 4G multimode chipsets and mobile platforms,&quot; he continued. &quot;Customers can incorporate the 4M Wireless LTE protocol stack and reduce overall system cost and time-to-market by focusing their engineering efforts on chip development and peripheral mix rather than the complexities of developing and maintaining the protocol stack.&quot;', '12/12/2008', '27-01-2010 19:55:19', '09-02-2010 16:29:00', 0, 0);
INSERT INTO `tbl_news_title` VALUES (11, '4M Wireless wins UKTI competition', '4M Wireless Ltd., the leading supplier of LTE protocol stack software for mobile devices, has won the UK Trade and Investment (UKTI) Mobile World Congress competition. <br />\r\n<br />\r\nThe Digital Communications Knowledge Transfer Network in the UK (DCKTN) collaborated with UK Trade and Investment (UKTI) to organise the competition to select upcoming mobile wireless companies in the UK with innovative wireless products. 4M Wireless came first in the intensive selection process. The firm&#039;s success in the competition is based on its pioneering work in wireless communications with respect to other companies in the UK. As a winner, 4M Wireless will be supported by and be part of the UKTI exhibition during the Mobile World Congress in Barcelona 2009. <br />\r\n<br />\r\nUK Trade &amp; Investment is the Government organisation that helps UK-based companies succeed in an increasingly global economy. Its range of expert services are tailored to the needs of individual businesses to maximise their international success. <br />\r\n<br />\r\nThe Digital Communications Knowledge Transfer Network has been established by an industry-led group of leading players. It seeks to bring competitive advantage to the UK by promoting collaboration and knowledge sharing in mobile communication to drive innovation in the sector. It also provides a forum by advising government on issues and regulatory matters that have the potential to impact technological innovation in the UK.', '02/01/2009', '27-01-2010 19:55:59', '09-02-2010 16:29:15', 0, 0);
INSERT INTO `tbl_news_title` VALUES (12, '4M Wireless displays leadership in LTE at 2009 MWC', '4M Wireless Ltd, the leader in LTE protocol stack software, is showcasing its technical and market leadership at the Mobile World Congress in Barcelona 2009. <br />\r\n<br />\r\nAt the exhibition, 4M Wireless will carry out a series of product demonstrations and partner activities to demonstrate its capabilities. 2008 was an exciting time for 4M Wireless during which it reached several milestones. <br />\r\n<br />\r\n&quot;Our public demonstrations at this event will further establish our ongoing commitment to empower our customers to stay at the forefront of the LTE technology,&quot; said Atif Malik, CEO of 4M Wireless. &quot;4M Wireless is also deeply committed to work with its various partners to further the 4G ecosystem. We look forward to exhibiting at this year&#039;s Mobile World Congress to highlight our achievements.&quot; <br />\r\n<br />\r\nThe 4M Wireless PS100 LTE protocol stack is compliant to the latest 3GPP Release 8 LTE specifications and is currently undergoing interoperability tests. The PS100 is highly portable software and can cater to different hardware and operating systems. The LTE stack is designed for low power and MIPS consumption to enable optimal 4G consumer device solutions. <br />\r\n<br />\r\nDemonstrations on display at the exhibition include:  <br />\r\n<br />\r\nLTE protocol stack on an embedded platform: <br />\r\nA live demonstration of the protocol stack running on an ARM powered embedded platform showcasing High Definition video streaming in real-time. The demo includes an LTE call setup with full Layer 2, Layer 3 and NAS signaling along with a GUI showing detailed logging of message exchanges between the UE and eNodeB as well as display of inter-stack messaging. The exhibit reveals the readiness of the LTE UE stack for deployment in baseband chipsets. The UE stack is available, already ported to various embedded real-time operating systems and enables physical layer vendors to accelerate their time to market. <br />\r\n<br />\r\nInteroperability with eNodeB: <br />\r\nFull protocol interoperability including conformance tests of the 4M Wireless LTE protocols stack against a third party eNodeB solution. The demonstration includes execution of a complete media call with display and detailed logging of Layer 2, Layer 3 and NAS protocol layers at the highest LTE data rates. This showcase validates the quality of the 4M Wireless solution. <br />\r\n<br />\r\nFor more information, please visit 4M Wireless&#039; booth in stand AV26 in the Avenue of the Mobile World Congress.', '16/02/2009', '27-01-2010 19:56:32', '09-02-2010 16:29:52', 0, 0);
INSERT INTO `tbl_news_title` VALUES (13, 'Complete LTE stack on embedded platform revealed', '4M Wireless Ltd, the leader in LTE protocol stack software, is the first independent protocol stack vendor in the world to have a complete LTE terminal protocol stack compliant to the latest 3GPP specifications running on an embedded hardware platform. The company has demonstrated the system using HD video movie streaming in real time via an LTE eNodeB solution. <br />\r\n<br />\r\n4M Wireless has been developing its PS100 LTE protocol stack for user equipment terminal since the start of the standardization process for the new wireless technology. The PS100 LTE protocol stack is compliant to the latest 3GPP Release 8 LTE specifications and is undergoing interoperability tests. <br />\r\n<br />\r\nThe company proved the readiness of its product by conducting a series of demonstrations. These included the execution of a High Definition video streaming in real time via an LTE eNodeB simulator over an LTE data channel to the PS100 LTE UE protocol stack. The LTE stack ran on an ARM powered embedded platform. The demo included an LTE call setup with complete Layer 2, Layer 3 and NAS signaling. A GUI was used to display and monitor detailed logging of message exchanges between the UE and eNodeB while displaying full inter-stack messaging. <br />\r\n<br />\r\n&quot;The deployment of our terminal LTE stack software to an optimized embedded platform and this complex demonstration marks an important milestone for our product development,&quot; stated Atif Malik, CEO of 4M Wireless. &quot;In addition to reinforcing our leadership in the LTE ecosystem, these achievements reveal our focus to provide best in class solutions to the market.&quot; <br />\r\n<br />\r\nThe 4M Wireless PS100 LTE protocol stack includes an optimized Layer 2, Layer 3 and NAS software which can cater to different hardware and operating systems. The stack has already been ported to various embedded real-time operating systems. The PS100 is designed to allow chipset vendors to partition and optimize the stack to suit their distinct architecture while enabling them to take advantage of the low power and MIPS consumption of the LTE protocol stack. The PS100 is available for companies looking to accelerate their entry into the market for 4G multi-mode cellular consumer devices.', '17/02/2009', '27-01-2010 19:57:06', '09-02-2010 16:30:07', 0, 0);
INSERT INTO `tbl_news_title` VALUES (14, '4M Wireless showcases LTE solutions with Anite', 'Anite, a global leader in testing technology for the wireless industry, and 4M Wireless, the top provider of LTE protocol stack for user equipment terminals announced today the public demonstration of their leading LTE functionality - a move that brings the reality of commercial LTE devices much closer. <br />\r\n<br />\r\nDuring the 2009 Mobile World Congress event in Barcelona, the two companies will demonstrate a number of solutions that will be essential in helping the mobile industry with the timely development and certification of LTE mobile devices. These demonstrations include end-to-end video streaming and most significantly, the first LTE protocol conformance tests that will form part of the industry&#039;s LTE device certification programmes. <br />\r\n<br />\r\nThe video streaming demonstration illustrates the maturity of the Anite Development Toolset and includes full L2/L3 and NAS protocol layers for LTE, as well as taking the mobile through a full media call establishment procedure. It also confirms the performance and comprehensive features provided by the 4M Wireless LTE protocol solution. <br />\r\n<br />\r\nAnite&#039;s popular Conformance Toolset provides rigorous signalling protocol testing required by the industry&#039;s mobile device certification programmes. The demonstration with the 4M Wireless LTE UE protocol stack announced today presents the first availability of conformance tests for LTE devices. <br />\r\n<br />\r\nBoth demonstrations are built upon Anite&#039;s SAT(H) protocol test solution - a unique platform enabling early development, conformance and interoperability tests for 2G, 3G and now LTE technologies, which is ideal for developers still in the early stages of handset development. The 4M Wireless LTE UE Stack is a 3GPP Release 8 compliant implementation of the L2/L3 and NAS functionality. It is the only commercially available LTE terminal stack to be ported onto different hardware platforms and is ready for use as a golden reference solution. <br />\r\n<br />\r\n&quot;4M Wireless is determined to provide early and well tested protocol stack functionality to its customers and partners. Anite is a recognised market leader in test applications including conformance test solutions for early handset development and 4M Wireless is well placed to meet its requirements by providing the 4M Wireless LTE UE stack as a reference solution.&quot; said Atif Malik, CEO, 4M Wireless &quot;These demonstrations clearly establish the advanced capabilities of the two companies.&quot; <br />\r\n<br />\r\n&quot;Working with 4M Wireless enables us to constantly address the industry need for LTE protocol test solutions with rigorously tested product releases in line with the latest updates to the 3GPP Release 8 specifications for LTE,&quot; said Colleen Cheung, Development Toolset Product Manager, Anite. &quot;With our first-to-market solutions, Anite and 4M Wireless are ideally positioned to meet the aggressive schedules of the LTE market.&quot; <br />\r\n<br />\r\n&quot;The demonstration is significant as it shows for the first time some of the techniques that will be needed as part of the industry LTE certification programmes,&quot; adds James Goodwin, Product Manager, Anite. &quot;It confirms that Anite and 4M Wireless are at the forefront of providing the technology and tools that our customers need, when they need them.&quot;', '17/02/2009', '27-01-2010 19:57:35', '09-02-2010 16:30:21', 0, 0);
INSERT INTO `tbl_news_title` VALUES (15, 'GSM Association recognizes 4M Wireless&#039; successes', '4M Wireless Ltd, the industry leader in LTE protocol stack software, was named as one of the Top 15 Innovators in the EMEA Tournament of the GSM Association&#039;s (GSMA) 2009 Mobile Innovation Global Award Competition. The GSMA is the global trade group for the mobile industry. <br />\r\n<br />\r\nThe Mobile Innovation Global Award Competition is organized by the GSMA and is aimed at selecting and showcasing the most innovative products and services for the mobile industry. The Top Innovators were chosen by a judging panel that included senior figures from leading mobile operators and venture capital organisations. 4M Wireless was selected from a list of 450 companies and was one of the three firms selected in the Most Innovative Wireless Device-centric Technology category. <br />\r\n<br />\r\n&quot;The GSMA Mobile World Congress is one of the most important events in the wireless sector that offer worldwide recognition in the mobile communications industry. To be center stage among industry giants at this level was a great honor,&quot; said Atif Malik, CEO of 4M Wireless. &quot;Since its foundation 4M Wireless has delivered innovative products to the market place and we will continue to remain at the forefront of the industry&#039;s move to 4G.&quot; <br />\r\n<br />\r\n&quot;We are thrilled with the number of high-quality entries we received for the 2009 Mobile Innovation Global Award Competition - EMEA Tournament, &quot; said Bill Gajda, Chief Commercial Officer of the GSMA. &quot;This event provides a rare opportunity for innovators to pitch new technologies to senior executives within the mobile operator, IT and venture capitalist communities.&quot;', '20/02/2009', '27-01-2010 19:58:41', '09-02-2010 16:30:56', 0, 0);
INSERT INTO `tbl_news_title` VALUES (16, '4G baseband chip vendor licenses LTE stack', '4M Wireless Ltd., the leading supplier of LTE protocol stack software has licensed its technology to a fabless semiconductor company developing a 4G multimode baseband chip for LTE. <br />\r\n<br />\r\n4M Wireless licensed its technology at the beginning of 2009 to the baseband chipset vendor. The 4M Wireless LTE protocol stack is compatible with legacy 2G/3G protocol stacks as well as WiMAX stacks and was chosen based on its ability to meet the stringent needs of the customer. The silicon chip customer, which is already a leader in its field, is developing a 4G multimode baseband chip for handsets and handheld devices and will have a completely integrated 4G solution later this year. The company will incorporate the LTE protocol stack with its physical layer to produce one of the world&rsquo;s lowest power and smallest silicon solutions, and will offer a complete 4G multimode reference design to consumer device manufacturers. <br />\r\n<br />\r\n4M Wireless has been developing its PS100 LTE protocol stack since the start of the specification process for 3GPP Release 8. The LTE stack is already in use with companies developing LTE technology and is being tested with leading eNodeB vendors and conformance test equipment suppliers. The PS100 is compliant to the latest version of the Release 8 LTE specification and has been ported to multiple embedded devices. The software is fully independent of operating system and hardware platform, and is designed to have a low memory footprint and optimum processor utilization. To simplify integration and interoperability testing, the PS100 comes supplied with a full set of test and debugging tools. <br />\r\n<br />\r\n&ldquo;This licensing contract once again confirms our status as the chosen supplier of LTE protocol stacks.&rdquo; stated Atif Malik, CEO, 4M Wireless Ltd. &ldquo;4M Wireless enables the competitive advantages needed by developers of LTE technology. Our LTE protocol stack is ready, is proven in the industry and will accelerate the time-to-market of our customers. By working with us, our partners have a clear roadmap to successfully complete their product development.&rdquo; <br />\r\n<br />\r\nAn increasing number of mobile operators are aiming for early deployment of LTE networks and require terminal devices. As a result baseband chip vendors are stepping up their efforts. With rising R&amp;D costs and the significant challenges of developing and supporting a cellular stack, the 4M Wireless LTE protocol software is the reliable and cost effective solution for companies looking to enter the LTE market.', '18/03/2009', '27-01-2010 20:00:18', '09-02-2010 16:31:09', 0, 0);
INSERT INTO `tbl_news_title` VALUES (17, 'Wintegra selects 4M Wireless for LTE interoperability', 'Wintegra has selected 4M Wireless and its LTE terminal protocol stack as a key partner for LTE interoperability testing, which is expected to accelerate the product development efforts of LTE base station vendors. This enables Wintegra to provide well tested LTE software with its WinPath family of processors to the basestation market. In addition, Wintegra&#039;s eNodeB customers can carry out comprehensive tests during their development phase by verifying their systems with the 4M Wireless LTE UE stack. <br />\r\n<br />\r\nWintegra is a leading provider of silicon and software solutions for 3G, WiMAX 802.16e and LTE base stations. Wintegra offers a complete LTE base station development and reference platform that easily scales from picocell to multi-sector macrocell densities based on the Wintegra WinPath family of fully programmable, pin-compatible and software-compatible processors. <br />\r\n<br />\r\n4M Wireless is the market leader in LTE protocol stack software for terminal UE devices and also provides tools to carry out in depth analysis of LTE eNodeB technology. These tools allow eNodeB developers to carry out interoperability tests to verify their design and implementation against a complete reference 3GPP LTE terminal stack developed by 4M Wireless. <br />\r\n<br />\r\nWintegra and 4M Wireless are among the foremost companies in the LTE ecosystem and are actively enabling Tier 1 infrastructure vendors to meet the aggressive timescales of network operators. The two companies are showcasing their products to basestation vendors across the world. This includes demonstrations of all LTE software protocol layers as well as both TDD and FDD functionality to meet the specific requirements of different LTE rollouts. <br />\r\n<br />\r\n&quot;We are very pleased that Wintegra has chosen the 4M Wireless LTE terminal protocol stack&quot; said Atif Malik, CEO of 4M Wireless. &quot;The widespread adoption of the Wintegra&#039;s LTE eNodeB processors and software in the industry and the flexibility and scalability of its technology enables an excellent relationship. The two companies are ideally placed to provide well tested and best in class products to customers.&quot; <br />\r\n<br />\r\n&quot;4M Wireless provides the most mature and widely used LTE terminal protocol stack in the market with a comprehensive set of stack features and tools,&quot; said Colin Alexander, Director of Wireless Marketing at Wintegra. &quot;Working closely with 4M Wireless provides Wintegra and our customers with a very high level of confidence that the resulting base stations will be 3GPP standards compliant and interoperable with the broad range of LTE equipment. We value the opportunity to work with 4M Wireless and view this as an important relationship for us to maximise our value to our customers.&quot;', '20/05/2009', '27-01-2010 20:01:09', '09-02-2010 16:31:39', 0, 0);
INSERT INTO `tbl_news_title` VALUES (18, '4M Wireless to enable LTE TDD chipsets 4M Wireless to enable LTE TDD chipsets 4M Wireless to enable LTE TDD chipsets 4M Wireless to enable LTE TDD chipsets', '<p>4M Wireless Ltd., the leading provider of LTE protocol stack software for wireless terminal devices, has introduced comprehensive functionality in its software to enable time-division-duplex (TDD) versions of LTE. This will allow chipset customers to rapidly enter markets where the TDD spectrum for LTE will be used. <br />\r\n<br />\r\n4M Wireless has now successfully demonstrated LTE solution capability across both FDD and TDD as defined in the 3GPP Release 8 standard. By demonstrating its TDD functionality with third party test equipment and with live high quality video streaming on a number of embedded platforms, the company continues to make significant progress in its product development. 4M Wireless&#039;s LTE UE stack is currently capable of supporting both FDD and TDD deployments with the ability of integrating with existing 2G/3G standards. <br />\r\n<br />\r\n&quot;As network operators globally are looking at migrating to LTE in either the TDD or FDD spectrums, test equipment and terminal baseband chipset vendors are working to meeting the requirements of this market.&quot; said Atif Malik, CEO of 4M Wireless. &quot;This milestone is another example of how 4M Wireless is accelerating the delivery of LTE technology.&quot;</p>\r\n<p><b>About 4M Wireless</b> 4M Wireless Ltd is a supplier of innovative software solutions for mobile communications. The company is the industry leader in LTE protocol stack software for mobile devices. The 4M Wireless PS100 LTE protocol stack consists of Layer 2, Layer 3 and NAS protocol layers fully compliant to the latest 3GPP Release 8 specifications. The company&rsquo;s award winning software is currently being used by a variety of leading customers and partners. For more information about 4M Wireless visit&nbsp;<a href=http://www.4mwireless.com>www.4mwireless.com</a></p>', '29/07/2009', '27-01-2010 20:01:41', '11-02-2010 17:08:17', 0, 0);

-- --------------------------------------------------------

-- 
-- Table structure for table `tbl_pro_contents`
-- 

CREATE TABLE `tbl_pro_contents` (
  `pro_contents_id` int(11) NOT NULL auto_increment,
  `products_id` int(11) NOT NULL default '0',
  `pro_contents_title` varchar(255) NOT NULL default '',
  `pro_contents_detail` text NOT NULL,
  `pro_content_image` varchar(200) NOT NULL default '',
  `date_created` varchar(100) NOT NULL default '',
  `sort` int(10) NOT NULL default '0',
  `status` int(10) NOT NULL default '0',
  PRIMARY KEY  (`pro_contents_id`)
) ENGINE=MyISAM DEFAULT CHARSET=latin1 AUTO_INCREMENT=23 ;

-- 
-- Dumping data for table `tbl_pro_contents`
-- 

INSERT INTO `tbl_pro_contents` VALUES (3, 6, 'Commercial LTE chip sets and terminals', '<p>The 4M Wireless LTE stack caters to the ultra low power and low cost consumer devices market for LTE including multi-mode wireless handsets, data cards and USB wireless modems as well as embedded devices for laptops, Ultra Mobile PCs and desktops.</p>\r\n<p>&nbsp;</p>\r\n<p>Companies new to the LTE space will be able to integrate the 4M Wireless LTE terminal stack solution with their existing physical layer to provide a quick entry to the LTE and UMTS spaces. Such companies will quickly see the benefits of the PS100&#039;s low power consumption and small memory footprint. The unique multi-target architecture of the LTE software also provides them with a flexible and bespoke solution that can be tailored to fit a wide variety of baseband chipsets.<br />\r\n<br />\r\nThe LTE protocol stack is fully supported by a suite of advanced development, test and verification tools to enable rapid product development.&nbsp;4M Wireless also provides dedicated support and customization services to assist with porting, integration and end-to-end LTE system verification from lab tests to field trials.</p>', '', '01-02-2010 13:32:27', 0, 0);
INSERT INTO `tbl_pro_contents` VALUES (21, 7, 'Product features', '<p align=&quot;justify&quot;><strong><u>4M Wireless LTE eNodeB Test Applications incorporate the following features:</u></strong></p>\r\n<p>&nbsp;&nbsp; -&nbsp;3GPP compliant LTE MAC, RLC, PDCP, RRC and NAS operation</p>\r\n<p>&nbsp;&nbsp; -&nbsp;Testing at data rates up to 50Mbps uplink and 100Mbps downlink</p>\r\n<p>&nbsp;&nbsp; -&nbsp;Variable granularity of message display</p>\r\n<p>&nbsp;&nbsp; -&nbsp;Logging and display of MAC data</p>\r\n<p>&nbsp;&nbsp; -&nbsp;Visual display of RLC internal states</p>\r\n<p>&nbsp;&nbsp; -&nbsp;Scripted control and generation of MAC parameters</p>\r\n<p>&nbsp;&nbsp; -&nbsp;Scripted generation of RLC ACKs</p>\r\n<p>&nbsp;&nbsp; -&nbsp;Dynamic control of ROHC compressor and decompressor configuration</p>\r\n<p>&nbsp;&nbsp; -&nbsp;Simulation of traffic models including FTP, internet and voice</p>\r\n<p>&nbsp;&nbsp; -&nbsp;In built data traffic generation to allow testing of the stack without a real traffic<br />\r\n&nbsp;&nbsp;&nbsp;&nbsp; source</p>\r\n<p>&nbsp;&nbsp; -&nbsp;Scripting of RRC/NAS signalling giving flexibility to emulate any customer scenario</p>\r\n<p>&nbsp;&nbsp; -&nbsp;Interactive negative test features</p>\r\n<p>&nbsp;</p>', '', '01-02-2010 14:53:50', 0, 0);
INSERT INTO `tbl_pro_contents` VALUES (22, 7, 'More details', '<p>Contact our sales team  <a href=&quot;contactus.php&quot;>directly</a> or via email at <a href=&quot;mailto:sales@4mwireless.com&quot;>sales@4mwireless.com</a> for further information, product demonstrations or to discuss of how we could assist you.</p>', '', '01-02-2010 14:57:21', 0, 0);
INSERT INTO `tbl_pro_contents` VALUES (17, 6, 'LTE Layer 3', '<p align=&quot;justify&quot;>The LTE Layer 3 software\r\ncomprises of the Radio Resource Control (RRC) protocol. The LTE RRC\r\nlayer provides broadcast of system information; configures the RLC, MAC\r\nand PDCP layers; carries out mobility functions and QoS management\r\nfunctions. Key features include: <span class=&quot;text_style3&quot;> </span> </p>\r\n                              \r\n                          \r\n						   \r\n                          \r\n                            <span class=&quot;text_style3&quot;>System information handling <br>\r\nPaging <br>\r\nMeasurements and cell reselection <br>\r\nHandover<br>\r\nRRC security and integrity</span>', '4M_Wireless_LTE_Protocol_Stack_L3.jpg', '01-02-2010 14:45:35', 0, 0);
INSERT INTO `tbl_pro_contents` VALUES (18, 6, 'LTE Non Access Stratum (NAS)', '<p align=&quot;justify&quot;>\r\nThe LTE NAS protocol software enables communication with the MME in the\r\nLTE core network and handles functions of mobility management and\r\nsession management. Key features include: <br>\r\n							  </p>\r\n                          \r\n                          \r\n                            <span class=&quot;text_style3&quot;>Security <br>\r\nLTE SIM <br>\r\nAT command handling <br>\r\nCall control <br>\r\nMobility management</span>', '4M_Wireless_LTE_Protocol_Stack_NAS.jpg', '01-02-2010 14:49:12', 0, 0);
INSERT INTO `tbl_pro_contents` VALUES (11, 6, 'Product and Customer Benefits', '<p>Guaranteed conformance to 3GPP standards through rigorous module, integration and system testing as well as inter-operability testing with leading infrastructure vendors<br />\r\n</p>\r\n<p>Adaptable future-proof design to support continuously evolving standards<br />\r\n&nbsp;</p>\r\n<p>Supports highest UE category (maximum LTE data rates)<br />\r\n</p>\r\n<p>Flexible and easy to integrate with different embedded hardware platforms and operating systems<br />\r\n</p>\r\n<p>Designed to meet optimum memory and performance requirements <br />\r\n</p>\r\n<p>Comprehensive set of debug trace and statistical logging tools supported</p>', '', '01-02-2010 14:35:25', 0, 0);
INSERT INTO `tbl_pro_contents` VALUES (12, 6, 'Product deliverables', '<p>Complete ANSI C source code for core protocol components <br />\r\n</p>\r\n<p>OS abstraction layer for target RTOS/platform<br />\r\n</p>\r\n<p>Fully documented APIs with user manuals and examples <br />\r\n</p>\r\n<p>Optional ASN.1 encoder-decoder library<br />\r\n</p>\r\n<p>Continuous  update of functionality based on the latest 3GPP LTE Standards<br />\r\n</p>\r\n<p>Product customization support services including remote and on-site support </p>', '', '01-02-2010 14:36:25', 0, 0);
INSERT INTO `tbl_pro_contents` VALUES (20, 7, 'Product range', '<p align=&quot;justify&quot; class=&quot;text_style3&quot;><span class=&quot;smallheading&quot; style=&quot;text-decoration: underline;&quot;>LTEST100</span> - The LTE eNodeB Software Tester 100 is a product that allows eNodeB developers to test their implementation of the 3GPP LTE protocol stack in a controlled hardware independent environment.</p>\r\n<p align=&quot;justify&quot; class=&quot;text_style3&quot;><span class=&quot;smallheading&quot; style=&quot;text-decoration: underline;&quot;>LTEST200</span> - The LTE eNodeB Software Tester 200 is an extension of the LTEST100 product. It provides real-time operation and gives eNodeB developers the capability to test their 3GPP LTE protocol stack on their target environment.</p>\r\n<p align=&quot;justify&quot; class=&quot;text_style3&quot;><span class=&quot;smallheading&quot; style=&quot;text-decoration: underline;&quot;>LTEST Suite Add-ons</span> - A variety of options are available to enhance the capabilities of the LTEST suite. These include the Data Service Generator (DSG) which generates different data traffic models (voice, video etc) and can be used to comprehensively test the user-plane</p>\r\n<p align=&quot;justify&quot; class=&quot;text_style3&quot;>&nbsp;</p>', '', '01-02-2010 14:53:16', 0, 0);
INSERT INTO `tbl_pro_contents` VALUES (13, 6, 'Product functionality', '<br>', '', '01-02-2010 14:36:45', 0, 0);
INSERT INTO `tbl_pro_contents` VALUES (14, 6, 'LTE Layer 2', '<p>The LTE Layer 2 software consists of the comprehensive implementation of the LTE MAC, RLC and PDCP protocol sub-layers. Features include:</p>\r\n<p>&nbsp;</p>\r\n<p><strong><u>MAC &ndash; All LTE transport channels with optional MBMS</u></strong>&nbsp;&nbsp;&nbsp;&nbsp;&nbsp;<a onclick=&quot;showhidesani(&#039;myidone&#039;)&quot; href=&quot;javascript:void(0)&quot;>read more..</a></p>\r\n<div id=&quot;myidone&quot; style=&quot;display: none;&quot;>\r\n<p>&nbsp;&nbsp; - &nbsp;Mapping between logical channels and transport channels</p>\r\n<p>&nbsp;&nbsp; - &nbsp;Multiplexing/demultiplexing of SDUs</p>\r\n<p>&nbsp;&nbsp; - &nbsp;Traffic volume measurement reporting</p>\r\n<p>&nbsp;&nbsp; - &nbsp;Error correction through HARQ</p>\r\n<p>&nbsp;&nbsp; - &nbsp;Priority handling between logical channels of one UE and a number of UEs by<br />\r\n&nbsp; &nbsp; &nbsp; means of dynamic scheduling</p>\r\n<p>&nbsp;&nbsp; - &nbsp;Transport format selection and padding</p>\r\n<p>&nbsp;</p>\r\n</div>\r\n<p>&nbsp;</p>\r\n<p>&nbsp;<strong><u>                               RLC &ndash; UM, TM, AM modes</u></strong>&nbsp;&nbsp;&nbsp;&nbsp;&nbsp;<a onclick=&quot;showhidesani(&#039;myidtwo&#039;)&quot; href=&quot;javascript:void(0)&quot;>read more..</a></p>\r\n<div id=&quot;myidtwo&quot; style=&quot;display: none;&quot;>\r\n<p>&nbsp;&nbsp; - &nbsp;Transfer of upper layer PDUs supporting acknowledged mode (AM) or<br />\r\n&nbsp;&nbsp;&nbsp;&nbsp;&nbsp;&nbsp; unacknowledged mode (UM) and transparent mode (TM) data transfer</p>\r\n<p>&nbsp;&nbsp; - &nbsp;Error Correction through ARQ</p>\r\n<p>&nbsp;&nbsp; - &nbsp;Segmentation of SDUs and Re-segmentation of PDUs</p>\r\n<p>&nbsp;&nbsp; - &nbsp;Concatenation of SDUs for the same radio bearer</p>\r\n<p>&nbsp;&nbsp; - &nbsp;In-sequence delivery of upper layer PDUs</p>\r\n<p>&nbsp;&nbsp; - &nbsp;Duplicate Detection, SDU discard as well as protocol error detection and recovery</p>\r\n<p>&nbsp;</p>\r\n</div>\r\n<p>&nbsp;</p>\r\n<p><strong><u>                               PDCP &ndash; Ciphering, integrity protection and ROHC v1 (With an upgrade path to ROHC v2)</u>&nbsp;&nbsp;&nbsp;&nbsp;&nbsp;<a onclick=&quot;showhidesani(&#039;myidthree&#039;)&quot; href=&quot;javascript:void(0)&quot;>read more..</a></strong></p>\r\n<div id=&quot;myidthree&quot; style=&quot;display: none;&quot;>\r\n<p>&nbsp;&nbsp; - &nbsp;Transfer of user data from NAS to RLC and vice versa</p>\r\n<p>&nbsp;&nbsp; - &nbsp;In-sequence delivery of upper layer PDUs at handover for RLC AM</p>\r\n<p>&nbsp;&nbsp; - &nbsp;Duplicate detection of lower layer SDUs at handover for RLC AM</p>\r\n<p>&nbsp;&nbsp; - &nbsp;Retransmission of PDCP SDUs at handover for RLC AM</p>\r\n<p>&nbsp;&nbsp; - &nbsp;Header compression and decompression to improve transmission for latency<br />\r\n&nbsp;&nbsp;&nbsp;&nbsp;&nbsp;&nbsp; sensitive data eg. VoIP and video conferencing</p>\r\n<p>&nbsp;&nbsp; - &nbsp;Ciphering functionality for security</p>\r\n</div>\r\n<p>&nbsp;</p>', '4M_Wireless_LTE_Protocol_Stack_L2.jpg', '01-02-2010 14:37:47', 0, 0);
INSERT INTO `tbl_pro_contents` VALUES (19, 6, 'More details', '<p>Contact our sales team  <a class=&quot;textlink&quot; href=&quot;contactus.php&quot;>directly</a> or via email at <a class=&quot;newsfeed style1&quot; href=&quot;mailto:sales@4mwireless.com&quot;>sales@4mwireless.com</a> for further information, product demonstrations or to discuss of how we could assist you.</p>', '', '01-02-2010 14:49:58', 0, 0);

-- --------------------------------------------------------

-- 
-- Table structure for table `tbl_products`
-- 

CREATE TABLE `tbl_products` (
  `products_id` int(10) NOT NULL auto_increment,
  `products_title` varchar(255) NOT NULL default '',
  `products_img` varchar(255) NOT NULL default '',
  `pro_shortdesc` text,
  `products_detail` text NOT NULL,
  `date_created` varchar(100) NOT NULL default '',
  `sort` int(10) NOT NULL default '0',
  `status` int(10) NOT NULL default '0',
  PRIMARY KEY  (`products_id`)
) ENGINE=MyISAM DEFAULT CHARSET=latin1 AUTO_INCREMENT=8 ;

-- 
-- Dumping data for table `tbl_products`
-- 

INSERT INTO `tbl_products` VALUES (6, 'LTE UE Terminal Protocol Stack', '4M_Wireless_LTE_Protocol_Stack.jpg', '<p>The 4M Wireless PS100 LTE Protocol Stack is a 3GPP Release 8 compliant implementation of the LTE protocol stack for User Equipment (UE) terminals. It consists of a fully optimized Layer 2, Layer 3 and NAS LTE protocol software enabling the highest uplink and downlink data rates.</p>\r\n<p>&nbsp;</p>', '<p>The 4M Wireless PS100 LTE Protocol Stack is a 3GPP Release 8 compliant implementation of the LTE protocol stack for User Equipment (UE) terminals. It consists of a fully optimized Layer 2, Layer 3 and NAS LTE protocol software enabling the highest uplink and downlink data rates.<br />\r\n<br />\r\nThe PS100 architecture is designed for flexibility and ease of integration on different hardware platforms and operating systems. The protocol stack implementation enables optimal power consumption and processor utilization.</p>', '19-01-2010 17:15:59', 0, 1);
INSERT INTO `tbl_products` VALUES (7, 'LTE eNodeB Test Applications', '4M_Wireless_LTEST_GUI.gif', '<p>The 4M Wireless PS100 LTE Protocol Stack is a 3GPP Release 8 compliant implementation of the LTE protocol stack for User Equipment (UE) terminals. It consists of a fully optimized Layer 2, Layer 3 and NAS LTE protocol software enabling the highest uplink and downlink data rates.</p>', '<p>The 4M Wireless LTEST range of LTE eNodeB Test Applications are software products to enable comprehensive eNodeB testing. Currently in use by leading infrastructure vendors, these LTE test tools allow developers to carry out complete LTE protocol verification of the eNodeB by testing against an actual 3GPP compliant user equipment protocol stack linked to the eNodeB. Users can not only test their entire implementation of their eNodeB LTE protocol software but also use the tools to test individual protocol sub-layers.<br />\r\n<br />\r\nThis unique capability for base station LTE testing is complemented by a powerful analysis tool that allows users to visually monitor and control the test environment. As a result eNodeB development teams can accelerate debugging of their protocol implementation and focus on developing new features and on enhancing their test coverage.<br />\r\n<strong><br />\r\n</strong></p>', '19-01-2010 17:24:11', 0, 0);
-- 
-- Database: `herts`
-- 
CREATE DATABASE `herts` DEFAULT CHARACTER SET latin1 COLLATE latin1_swedish_ci;
USE herts;

-- --------------------------------------------------------

-- 
-- Table structure for table `tbl_airports`
-- 

CREATE TABLE `tbl_airports` (
  `aip_id` int(11) NOT NULL auto_increment,
  `aip_name` varchar(255) default NULL,
  `aip_description` varchar(255) default NULL,
  `aip_code` varchar(255) default NULL,
  `aip_date` varchar(255) default NULL,
  `aip_sortid` int(11) NOT NULL default '0',
  `aip_status` int(11) NOT NULL default '1',
  PRIMARY KEY  (`aip_id`)
) ENGINE=MyISAM DEFAULT CHARSET=latin1 AUTO_INCREMENT=13 ;

-- 
-- Dumping data for table `tbl_airports`
-- 

INSERT INTO `tbl_airports` VALUES (1, 'Luton Airport', NULL, NULL, NULL, 0, 1);
INSERT INTO `tbl_airports` VALUES (2, 'Stansted Airport', NULL, NULL, NULL, 0, 1);
INSERT INTO `tbl_airports` VALUES (3, 'London City Airport', NULL, NULL, NULL, 0, 1);
INSERT INTO `tbl_airports` VALUES (4, 'Central London', NULL, NULL, NULL, 0, 1);
INSERT INTO `tbl_airports` VALUES (5, 'Southampton Airport  / Sea Port', NULL, NULL, NULL, 0, 1);
INSERT INTO `tbl_airports` VALUES (6, 'Birmingham International Airport', NULL, NULL, NULL, 0, 1);
INSERT INTO `tbl_airports` VALUES (7, 'Manchester Airport', NULL, NULL, NULL, 0, 1);
INSERT INTO `tbl_airports` VALUES (8, 'Dover Sea Port', NULL, NULL, NULL, 0, 1);
INSERT INTO `tbl_airports` VALUES (9, 'Harwich Sea Port', NULL, NULL, NULL, 0, 1);
INSERT INTO `tbl_airports` VALUES (10, 'Gatwick Airport', NULL, NULL, NULL, 1, 1);
INSERT INTO `tbl_airports` VALUES (11, 'Heathrow Airport Terminals 4,5', NULL, NULL, NULL, 0, 1);
INSERT INTO `tbl_airports` VALUES (12, 'Heathrow Airport Terminals 1,2,3', NULL, NULL, NULL, 0, 1);

-- --------------------------------------------------------

-- 
-- Table structure for table `tbl_catogery`
-- 

CREATE TABLE `tbl_catogery` (
  `tbl_catogery_id` int(255) NOT NULL auto_increment,
  `tbl_catogery_name` varchar(255) NOT NULL default '',
  `catogery_img` varchar(255) NOT NULL default '',
  `tbl_catogery_detail` text NOT NULL,
  PRIMARY KEY  (`tbl_catogery_id`)
) ENGINE=InnoDB DEFAULT CHARSET=latin1 AUTO_INCREMENT=9 ;

-- 
-- Dumping data for table `tbl_catogery`
-- 

INSERT INTO `tbl_catogery` VALUES (6, 'Scarves', 'featured-scarves.jpg', '<p>Choose from our wide variety of colors to adorn any casual or dressy outfit.</p>');
INSERT INTO `tbl_catogery` VALUES (7, 'Clothing', '02.jpg', '<p>Lorem ipsum dolor sit amet, consectetur adipiscing elit. Donec a nunc sit amet arcu posuere malesuada. Integer vulputate, nulla sed eleifend vehicula, turpis ipsum dictum elit, a malesuada enim lacus.</p>');
INSERT INTO `tbl_catogery` VALUES (8, 'Silks', '01.jpg', '<p>Lorem ipsum dolor sit amet, consectetur adipiscing elit. Donec a nunc sit amet arcu posuere malesuada. Integer vulputate, nulla sed eleifend vehicula, turpis ipsum dictum elit, a malesuada enim lacus.</p>');

-- --------------------------------------------------------

-- 
-- Table structure for table `tbl_featured_product`
-- 

CREATE TABLE `tbl_featured_product` (
  `fpro_id` int(11) NOT NULL auto_increment,
  `products_id` int(11) NOT NULL default '0',
  PRIMARY KEY  (`fpro_id`)
) ENGINE=MyISAM DEFAULT CHARSET=latin1 AUTO_INCREMENT=11 ;

-- 
-- Dumping data for table `tbl_featured_product`
-- 

INSERT INTO `tbl_featured_product` VALUES (2, 78);
INSERT INTO `tbl_featured_product` VALUES (5, 75);
INSERT INTO `tbl_featured_product` VALUES (7, 79);
INSERT INTO `tbl_featured_product` VALUES (8, 74);
INSERT INTO `tbl_featured_product` VALUES (9, 52);
INSERT INTO `tbl_featured_product` VALUES (10, 43);

-- --------------------------------------------------------

-- 
-- Table structure for table `tbl_order`
-- 

CREATE TABLE `tbl_order` (
  `ord_id` int(11) NOT NULL auto_increment,
  `ord_pdate` varchar(100) NOT NULL default '',
  `ord_ptime` varchar(65) NOT NULL default '',
  `ord_person` varchar(150) NOT NULL default '',
  `ord_contact` varchar(50) NOT NULL default '',
  `ord_email` varchar(100) NOT NULL default '',
  `ord_noofpassenger` varchar(150) NOT NULL default '',
  `ord_paddress` text NOT NULL,
  `ord_daddress` text NOT NULL,
  `ord_retdate` varchar(100) NOT NULL default '',
  `ord_rettime` varchar(65) NOT NULL default '',
  `ord_retpaddress` text NOT NULL,
  `ord_retdaddress` text NOT NULL,
  `ord_instructions` varchar(255) NOT NULL default '',
  `ord_paymentmethod` varchar(50) NOT NULL default '',
  `ord_desc` text NOT NULL,
  `ord_detail` text NOT NULL,
  `ord_extra` varchar(255) NOT NULL default '',
  `ord_ipaddress` varchar(150) NOT NULL default '',
  `ord_sortid` int(10) NOT NULL default '0',
  `ord_date` varchar(100) NOT NULL default '',
  `ord_status` int(20) NOT NULL default '0',
  PRIMARY KEY  (`ord_id`)
) ENGINE=MyISAM DEFAULT CHARSET=latin1 AUTO_INCREMENT=24 ;

-- 
-- Dumping data for table `tbl_order`
-- 

INSERT INTO `tbl_order` VALUES (1, '02-23-2010 04:45:58 am', '01:00&nbsp;AM', 'Abdul Jabbar', '2147483647', 'jabbar_rehman@hotmail.com', '1', 'Main market Lahore\nLahore\nNear Shadewaal\nNear Raja Center\naaaaaaa\nLahore\nPakistan\n54000', '', '', '00:00&nbsp;AM', 'Airport:&nbsp;	Luton Airport\nFlight #:	123456789', 'Main market Lahore\nLahore\nNear Shadewaal\nNear Raja Center\naaaaaaa\nLahore\nPakistan\n54000', 'hello bhai check this one', 'cash', '', '', '', '192.168.1.113', 0, '02-23-2010 04:45:58 am', 1);
INSERT INTO `tbl_order` VALUES (2, '02-23-2010 04:57:14 am', '01:00&nbsp;AM', 'Abdul Jabbar', '2147483647', 'jabbar_rehman@hotmail.com', '1', 'Main market Lahore\nJohar town\nNear Shadewaal\nNear Raja Center\nNear Raja Center\nLahore\nPakistan\n54000', 'Dover Sea Port', '26/02/2010', '10:00&nbsp;PM', 'Dover Sea Port', 'Main market Lahore\nJohar town\nNear Shadewaal\nNear Raja Center\nNear Raja Center\nLahore\nPakistan\n54000', 'hello please reserve this as soon as possible', 'cash', '', '', '', '192.168.1.113', 0, '02-23-2010 04:57:14 am', 1);
INSERT INTO `tbl_order` VALUES (13, '03-03-2010 14:14:48 pm', '03:10&nbsp;PM', 'Abdul Jabbar', '923452619944', 'jabbar_rehman@hotmail.com', '4', '', '', '', ':&nbsp;AM', '', '', '', '', '', '', '', '192.168.1.113', 0, '03-03-2010 14:14:48 pm', 1);
INSERT INTO `tbl_order` VALUES (11, '03-03-2010 14:12:08 pm', '02:10&nbsp;PM', 'Abdul Jabbar', '923452619944', 'jabbar_rehman@hotmail.com', '4', '', '', '', ':&nbsp;AM', '', '', '', '', '', '', '', '192.168.1.113', 0, '03-03-2010 14:12:08 pm', 1);
INSERT INTO `tbl_order` VALUES (12, '03-03-2010 14:12:25 pm', '02:10&nbsp;PM', 'Abdul Jabbar', '923452619944', 'jabbar_rehman@hotmail.com', '4', '', '', '', ':&nbsp;AM', '', '', '', '', '', '', '', '192.168.1.113', 0, '03-03-2010 14:12:25 pm', 1);
INSERT INTO `tbl_order` VALUES (14, '03-03-2010 16:13:37 pm', '03:&nbsp;', '', '', '', '', '', '', '', ':&nbsp;AM', '', '', '', '', '', '', '', '192.168.1.113', 0, '03-03-2010 16:13:37 pm', 1);
INSERT INTO `tbl_order` VALUES (15, '03-03-2010 16:15:43 pm', '03:10&nbsp;AM', 'Abdul Jabbar', '', '', '', '', '', '', ':&nbsp;AM', '', '', '', '', '', '', '', '192.168.1.113', 0, '03-03-2010 16:15:43 pm', 1);
INSERT INTO `tbl_order` VALUES (16, '03-03-2010 16:17:24 pm', '02:05&nbsp;AM', 'Abdul Jabbar', '', '', '', '', '', '', ':&nbsp;AM', '', '', '', '', '', '', '', '192.168.1.113', 0, '03-03-2010 16:17:24 pm', 1);
INSERT INTO `tbl_order` VALUES (17, '03-03-2010 16:20:51 pm', '03:05&nbsp;AM', 'Abdul Jabbar', '923452619944', 'jabbar_rehman@hotmail.com', 'Saloon (1–4 Passengers & 2 Suitcases)', 'Johar town\n\n\n\n', '', '', ':&nbsp;AM', '', '', '', '', '', '', '', '192.168.1.113', 0, '03-03-2010 16:20:51 pm', 1);
INSERT INTO `tbl_order` VALUES (18, '03-03-2010 16:23:57 pm', '03:10&nbsp;AM', 'Abdul Jabbar', '923452619944', 'jabbar_rehman@hotmail.com', 'Estate Car (1–4 Passengers & 3 to 4 Suitcases)', 'Johar town\n\n\nLahore\n54000', 'Heathrow Airport T 2', '08/03/2010', '04:15&nbsp;PM', 'Airport:&nbsp;Heathrow Airport T 2<br>Flight #:	00925648', 'Johar town\n\nLahore\n54000', 'nothing to display', '', '', '', '', '192.168.1.113', 0, '03-03-2010 16:23:57 pm', 1);
INSERT INTO `tbl_order` VALUES (19, '03-03-2010 16:28:23 pm', '02:00&nbsp;AM', 'Abdul Jabbar', '923452619944', 'jabbar_rehman@hotmail.com', 'Saloon (1–4 Passengers & 2 Suitcases)', 'Johar town\nNear Shadewaal\n\nLahore\n54000', 'Main market\nGulberg\nLahore\n54000', '19/03/2010', '03:15&nbsp;PM', 'Main market\nGulberg\nLahore\n54000', 'Johar town\nNear Shadewaal\nLahore\n54000', '', '', '', '', '', '192.168.1.113', 0, '03-03-2010 16:28:23 pm', 1);
INSERT INTO `tbl_order` VALUES (20, '03-03-2010 16:59:16 pm', '03:10&nbsp;AM', 'Abdul Jabbar', '923452619944', 'jabbar_rehman@hotmail.com', 'Saloon (1–4 Passengers & 2 Suitcases)', 'Main Market Lahore\n\n\nLahore\n54000', 'Manchester Airport', '25/03/2010', '06:35&nbsp;PM', 'Airport:&nbsp;Manchester Airport<br>Flight #:	888888', 'Main Market Lahore\n\nLahore\n54000', '', '', '', '', '', '192.168.1.113', 0, '03-03-2010 16:59:16 pm', 1);
INSERT INTO `tbl_order` VALUES (21, '03-03-2010 17:04:54 pm', '03:10&nbsp;AM', 'Abdul Jabbar', '923452619944', 'jabbar_rehman@hotmail.com', 'Saloon (1–4 Passengers & 2 Suitcases)', 'Johar town\nNear Shadewaal\n\nLahore\n54000', 'Heathrow Airport T 1', '19/03/2010', '11:55&nbsp;PM', 'Airport:&nbsp;Heathrow Airport T 1<br>Flight #:	88888', 'Johar town\nNear Shadewaal\nLahore\n54000', '', '', '', '', '', '192.168.1.113', 0, '03-03-2010 17:04:54 pm', 1);
INSERT INTO `tbl_order` VALUES (22, '03-04-2010 13:50:12 pm', ':&nbsp;', '', '', '', '', '', '', '', ':&nbsp;AM', '', '', '', '', '', '', '', '192.168.1.113', 0, '03-04-2010 13:50:12 pm', 1);
INSERT INTO `tbl_order` VALUES (23, '03-09-2010 20:31:01 pm', '04:15&nbsp;AM', 'Abdul Jabbar', '923452619944', 'jabbar_rehman@hotmail.com', 'Saloon (1–4 Passengers & 2 Suitcases)', 'Main Market\nAsharfi heights\n\nLahore\n54000', 'Dover Ferry Port', '', ':&nbsp;AM', '', '', '', '', '', '', '', '192.168.1.113', 0, '03-09-2010 20:31:01 pm', 1);

-- --------------------------------------------------------

-- 
-- Table structure for table `tbl_order_status`
-- 

CREATE TABLE `tbl_order_status` (
  `ost_id` int(11) NOT NULL auto_increment,
  `ost_name` varchar(255) default NULL,
  `ost_description` varchar(255) default NULL,
  `ost_extra` varchar(255) default NULL,
  `ost_sortid` int(11) NOT NULL default '0',
  `ost_date` varchar(255) default NULL,
  `ost_status` int(11) NOT NULL default '0',
  PRIMARY KEY  (`ost_id`)
) ENGINE=MyISAM DEFAULT CHARSET=latin1 AUTO_INCREMENT=4 ;

-- 
-- Dumping data for table `tbl_order_status`
-- 

INSERT INTO `tbl_order_status` VALUES (1, 'Pending', NULL, NULL, 0, NULL, 0);
INSERT INTO `tbl_order_status` VALUES (2, 'Processing', NULL, NULL, 0, NULL, 0);
INSERT INTO `tbl_order_status` VALUES (3, 'Delivered', NULL, NULL, 0, NULL, 0);

-- --------------------------------------------------------

-- 
-- Table structure for table `tbl_places`
-- 

CREATE TABLE `tbl_places` (
  `plc_id` int(11) NOT NULL auto_increment,
  `aip_id` varchar(255) default NULL,
  `seap_id` int(10) NOT NULL default '0',
  `plc_name` varchar(255) default NULL,
  `plc_description` varchar(255) default NULL,
  `plc_code` varchar(255) default NULL,
  `plc_price` int(11) NOT NULL default '0',
  `plc_extras` varchar(255) default NULL,
  `plc_date` varchar(255) default NULL,
  `plc_sortid` int(11) NOT NULL default '0',
  `plc_status` int(11) NOT NULL default '1',
  PRIMARY KEY  (`plc_id`)
) ENGINE=MyISAM DEFAULT CHARSET=latin1 AUTO_INCREMENT=109 ;

-- 
-- Dumping data for table `tbl_places`
-- 

INSERT INTO `tbl_places` VALUES (1, '12', 0, 'Welwyn Garden City', NULL, NULL, 45, NULL, '1/13/2010 12:41', 0, 1);
INSERT INTO `tbl_places` VALUES (2, '12', 0, 'Hatfield', NULL, NULL, 45, NULL, '1/13/2010 12:41', 0, 1);
INSERT INTO `tbl_places` VALUES (3, '12', 0, 'Brookmans Park', NULL, NULL, 47, NULL, '1/13/2010 12:41', 0, 1);
INSERT INTO `tbl_places` VALUES (4, '12', 0, 'Cuffley', NULL, NULL, 49, NULL, '1/13/2010 12:41', 0, 1);
INSERT INTO `tbl_places` VALUES (5, '12', 0, 'Hertford', NULL, NULL, 55, NULL, '1/13/2010 12:41', 0, 1);
INSERT INTO `tbl_places` VALUES (6, '12', 0, 'Knebworth', NULL, NULL, 55, NULL, '1/13/2010 12:41', 0, 1);
INSERT INTO `tbl_places` VALUES (7, '12', 0, 'Stevenage', NULL, NULL, 59, NULL, '1/13/2010 12:41', 0, 1);
INSERT INTO `tbl_places` VALUES (8, '12', 0, 'Codicote', NULL, NULL, 55, NULL, '1/13/2010 12:41', 0, 1);
INSERT INTO `tbl_places` VALUES (9, '12', 0, 'St Albans', NULL, NULL, 45, NULL, '1/13/2010 12:41', 0, 1);
INSERT INTO `tbl_places` VALUES (10, '11', 0, 'Welwyn Garden City', NULL, NULL, 49, NULL, '1/13/2010 12:41', 0, 1);
INSERT INTO `tbl_places` VALUES (11, '11', 0, 'Hatfield', NULL, NULL, 49, NULL, '1/13/2010 12:41', 0, 1);
INSERT INTO `tbl_places` VALUES (12, '11', 0, 'Brookmans Park', NULL, NULL, 52, NULL, '1/13/2010 12:41', 0, 1);
INSERT INTO `tbl_places` VALUES (13, '11', 0, 'Cuffley', NULL, NULL, 55, NULL, '1/13/2010 12:41', 0, 1);
INSERT INTO `tbl_places` VALUES (14, '11', 0, 'Hertford', NULL, NULL, 59, NULL, '1/13/2010 12:41', 0, 1);
INSERT INTO `tbl_places` VALUES (15, '11', 0, 'Knebworth', NULL, NULL, 59, NULL, '1/13/2010 12:41', 0, 1);
INSERT INTO `tbl_places` VALUES (16, '11', 0, 'Stevenage', NULL, NULL, 59, NULL, '1/13/2010 12:41', 0, 1);
INSERT INTO `tbl_places` VALUES (17, '11', 0, 'Codicote', NULL, NULL, 59, NULL, '1/13/2010 12:41', 0, 1);
INSERT INTO `tbl_places` VALUES (18, '11', 0, 'St Albans', NULL, NULL, 49, NULL, '1/13/2010 12:41', 0, 1);
INSERT INTO `tbl_places` VALUES (19, '10', 0, 'Welwyn Garden City', NULL, NULL, 89, NULL, '1/13/2010 12:41', 0, 1);
INSERT INTO `tbl_places` VALUES (20, '10', 0, 'Hatfield', NULL, NULL, 85, NULL, '1/13/2010 12:41', 0, 1);
INSERT INTO `tbl_places` VALUES (21, '10', 0, 'Brookmans Park', NULL, NULL, 89, NULL, '1/13/2010 12:41', 0, 1);
INSERT INTO `tbl_places` VALUES (22, '10', 0, 'Cuffley', NULL, NULL, 89, NULL, '1/13/2010 12:41', 0, 1);
INSERT INTO `tbl_places` VALUES (23, '10', 0, 'Hertford', NULL, NULL, 95, NULL, '1/13/2010 12:41', 0, 1);
INSERT INTO `tbl_places` VALUES (24, '10', 0, 'Knebworth', NULL, NULL, 95, NULL, '1/13/2010 12:41', 0, 1);
INSERT INTO `tbl_places` VALUES (25, '10', 0, 'Stevenage', NULL, NULL, 95, NULL, '1/13/2010 12:41', 0, 1);
INSERT INTO `tbl_places` VALUES (26, '10', 0, 'Codicote', NULL, NULL, 89, NULL, '1/13/2010 12:41', 0, 1);
INSERT INTO `tbl_places` VALUES (27, '10', 0, 'St Albans', NULL, NULL, 85, NULL, '1/13/2010 12:41', 0, 1);
INSERT INTO `tbl_places` VALUES (28, '1', 0, 'Welwyn Garden City', NULL, NULL, 25, NULL, '1/13/2010 12:41', 0, 1);
INSERT INTO `tbl_places` VALUES (29, '1', 0, 'Hatfield', NULL, NULL, 25, NULL, '1/13/2010 12:41', 0, 1);
INSERT INTO `tbl_places` VALUES (30, '1', 0, 'Brookmans Park', NULL, NULL, 27, NULL, '1/13/2010 12:41', 0, 1);
INSERT INTO `tbl_places` VALUES (31, '1', 0, 'Cuffley', NULL, NULL, 37, NULL, '1/13/2010 12:41', 0, 1);
INSERT INTO `tbl_places` VALUES (32, '1', 0, 'Hertford', NULL, NULL, 35, NULL, '1/13/2010 12:41', 0, 1);
INSERT INTO `tbl_places` VALUES (33, '1', 0, 'Knebworth', NULL, NULL, 27, NULL, '1/13/2010 12:41', 0, 1);
INSERT INTO `tbl_places` VALUES (34, '1', 0, 'Stevenage', NULL, NULL, 29, NULL, '1/13/2010 12:41', 0, 1);
INSERT INTO `tbl_places` VALUES (35, '1', 0, 'Codicote', NULL, NULL, 27, NULL, '1/13/2010 12:41', 1, 1);
INSERT INTO `tbl_places` VALUES (36, '1', 0, 'St Albans', NULL, NULL, 25, NULL, '1/13/2010 12:41', 0, 1);
INSERT INTO `tbl_places` VALUES (37, '2', 0, 'Welwyn Garden City', NULL, NULL, 45, NULL, '1/13/2010 12:41', 0, 1);
INSERT INTO `tbl_places` VALUES (38, '2', 0, 'Hatfield', NULL, NULL, 45, NULL, '1/13/2010 12:41', 0, 1);
INSERT INTO `tbl_places` VALUES (39, '2', 0, 'Brookmans Park', NULL, NULL, 47, NULL, '1/13/2010 12:41', 0, 1);
INSERT INTO `tbl_places` VALUES (40, '2', 0, 'Cuffley', NULL, NULL, 47, NULL, '1/13/2010 12:41', 0, 1);
INSERT INTO `tbl_places` VALUES (41, '2', 0, 'Hertford', NULL, NULL, 45, NULL, '1/13/2010 12:41', 0, 1);
INSERT INTO `tbl_places` VALUES (42, '2', 0, 'Knebworth', NULL, NULL, 47, NULL, '1/13/2010 12:41', 0, 1);
INSERT INTO `tbl_places` VALUES (43, '2', 0, 'Stevenage', NULL, NULL, 49, NULL, '1/13/2010 12:41', 0, 1);
INSERT INTO `tbl_places` VALUES (44, '2', 0, 'Codicote', NULL, NULL, 49, NULL, '1/13/2010 12:41', 0, 1);
INSERT INTO `tbl_places` VALUES (45, '2', 0, 'St Albans', NULL, NULL, 59, NULL, '1/13/2010 12:41', 0, 1);
INSERT INTO `tbl_places` VALUES (46, '3', 0, 'Welwyn Garden City', NULL, NULL, 59, NULL, '1/13/2010 12:41', 0, 1);
INSERT INTO `tbl_places` VALUES (47, '3', 0, 'Hatfield', NULL, NULL, 59, NULL, '1/13/2010 12:41', 0, 1);
INSERT INTO `tbl_places` VALUES (48, '3', 0, 'Brookmans Park', NULL, NULL, 59, NULL, '1/13/2010 12:41', 0, 1);
INSERT INTO `tbl_places` VALUES (49, '3', 0, 'Cuffley', NULL, NULL, 59, NULL, '1/13/2010 12:41', 0, 1);
INSERT INTO `tbl_places` VALUES (50, '3', 0, 'Hertford', NULL, NULL, 65, NULL, '1/13/2010 12:41', 0, 1);
INSERT INTO `tbl_places` VALUES (51, '3', 0, 'Knebworth', NULL, NULL, 65, NULL, '1/13/2010 12:41', 0, 1);
INSERT INTO `tbl_places` VALUES (52, '3', 0, 'Stevenage', NULL, NULL, 65, NULL, '1/13/2010 12:41', 0, 1);
INSERT INTO `tbl_places` VALUES (53, '3', 0, 'Codicote', NULL, NULL, 65, NULL, '1/13/2010 12:41', 0, 1);
INSERT INTO `tbl_places` VALUES (54, '3', 0, 'St Albans', NULL, NULL, 65, NULL, '1/13/2010 12:41', 0, 1);
INSERT INTO `tbl_places` VALUES (55, '4', 0, 'Welwyn Garden City', NULL, NULL, 55, NULL, '1/13/2010 12:41', 0, 1);
INSERT INTO `tbl_places` VALUES (56, '4', 0, 'Hatfield', NULL, NULL, 55, NULL, '1/13/2010 12:41', 0, 1);
INSERT INTO `tbl_places` VALUES (57, '4', 0, 'Brookmans Park', NULL, NULL, 55, NULL, '1/13/2010 12:41', 0, 1);
INSERT INTO `tbl_places` VALUES (58, '4', 0, 'Cuffley', NULL, NULL, 59, NULL, '1/13/2010 12:41', 0, 1);
INSERT INTO `tbl_places` VALUES (59, '4', 0, 'Hertford', NULL, NULL, 65, NULL, '1/13/2010 12:41', 0, 1);
INSERT INTO `tbl_places` VALUES (60, '4', 0, 'Knebworth', NULL, NULL, 65, NULL, '1/13/2010 12:41', 0, 1);
INSERT INTO `tbl_places` VALUES (61, '4', 0, 'Stevenage', NULL, NULL, 65, NULL, '1/13/2010 12:41', 0, 1);
INSERT INTO `tbl_places` VALUES (62, '4', 0, 'Codicote', NULL, NULL, 59, NULL, '1/13/2010 12:41', 0, 1);
INSERT INTO `tbl_places` VALUES (63, '4', 0, 'St Albans', NULL, NULL, 59, NULL, '1/13/2010 12:41', 0, 1);
INSERT INTO `tbl_places` VALUES (64, '5', 0, 'Welwyn Garden City', NULL, NULL, 185, NULL, '1/13/2010 12:41', 0, 1);
INSERT INTO `tbl_places` VALUES (65, '5', 0, 'Hatfield', NULL, NULL, 169, NULL, '1/13/2010 12:41', 0, 1);
INSERT INTO `tbl_places` VALUES (66, '5', 0, 'Brookmans Park', NULL, NULL, 179, NULL, '1/13/2010 12:41', 0, 1);
INSERT INTO `tbl_places` VALUES (67, '5', 0, 'Cuffley', NULL, NULL, 179, NULL, '1/13/2010 12:41', 0, 1);
INSERT INTO `tbl_places` VALUES (68, '5', 0, 'Hertford', NULL, NULL, 195, NULL, '1/13/2010 12:41', 0, 1);
INSERT INTO `tbl_places` VALUES (69, '5', 0, 'Knebworth', NULL, NULL, 199, NULL, '1/13/2010 12:41', 0, 1);
INSERT INTO `tbl_places` VALUES (70, '5', 0, 'Stevenage', NULL, NULL, 199, NULL, '1/13/2010 12:41', 0, 1);
INSERT INTO `tbl_places` VALUES (71, '5', 0, 'Codicote', NULL, NULL, 189, NULL, '1/13/2010 12:41', 0, 1);
INSERT INTO `tbl_places` VALUES (72, '5', 0, 'St Albans', NULL, NULL, 169, NULL, '1/13/2010 12:41', 0, 1);
INSERT INTO `tbl_places` VALUES (73, '6', 0, 'Welwyn Garden City', NULL, NULL, 189, NULL, '1/13/2010 12:41', 0, 1);
INSERT INTO `tbl_places` VALUES (74, '6', 0, 'Hatfield', NULL, NULL, 179, NULL, '1/13/2010 12:41', 0, 1);
INSERT INTO `tbl_places` VALUES (75, '6', 0, 'Brookmans Park', NULL, NULL, 189, NULL, '1/13/2010 12:41', 0, 1);
INSERT INTO `tbl_places` VALUES (76, '6', 0, 'Cuffley', NULL, NULL, 199, NULL, '1/13/2010 12:41', 0, 1);
INSERT INTO `tbl_places` VALUES (77, '6', 0, 'Hertford', NULL, NULL, 199, NULL, '1/13/2010 12:41', 0, 1);
INSERT INTO `tbl_places` VALUES (78, '6', 0, 'Knebworth', NULL, NULL, 189, NULL, '1/13/2010 12:41', 0, 1);
INSERT INTO `tbl_places` VALUES (79, '6', 0, 'Stevenage', NULL, NULL, 189, NULL, '1/13/2010 12:41', 0, 1);
INSERT INTO `tbl_places` VALUES (80, '6', 0, 'Codicote', NULL, NULL, 185, NULL, '1/13/2010 12:41', 0, 1);
INSERT INTO `tbl_places` VALUES (81, '6', 0, 'St Albans', NULL, NULL, 175, NULL, '1/13/2010 12:41', 0, 1);
INSERT INTO `tbl_places` VALUES (82, '7', 0, 'Welwyn Garden City', NULL, NULL, 289, NULL, '1/13/2010 12:41', 0, 1);
INSERT INTO `tbl_places` VALUES (83, '7', 0, 'Hatfield', NULL, NULL, 289, NULL, '1/13/2010 12:41', 0, 1);
INSERT INTO `tbl_places` VALUES (84, '7', 0, 'Brookmans Park', NULL, NULL, 299, NULL, '1/13/2010 12:41', 0, 1);
INSERT INTO `tbl_places` VALUES (85, '7', 0, 'Cuffley', NULL, NULL, 299, NULL, '1/13/2010 12:41', 0, 1);
INSERT INTO `tbl_places` VALUES (86, '7', 0, 'Hertford', NULL, NULL, 299, NULL, '1/13/2010 12:41', 0, 1);
INSERT INTO `tbl_places` VALUES (87, '7', 0, 'Knebworth', NULL, NULL, 299, NULL, '1/13/2010 12:41', 0, 1);
INSERT INTO `tbl_places` VALUES (88, '7', 0, 'Stevenage', NULL, NULL, 299, NULL, '1/13/2010 12:41', 0, 1);
INSERT INTO `tbl_places` VALUES (89, '7', 0, 'Codicote', NULL, NULL, 299, NULL, '1/13/2010 12:41', 0, 1);
INSERT INTO `tbl_places` VALUES (90, '7', 0, 'St Albans', NULL, NULL, 289, NULL, '1/13/2010 12:41', 0, 1);
INSERT INTO `tbl_places` VALUES (91, '8', 0, 'Welwyn Garden City', NULL, NULL, 199, NULL, '1/13/2010 12:41', 0, 1);
INSERT INTO `tbl_places` VALUES (92, '8', 0, 'Hatfield', NULL, NULL, 189, NULL, '1/13/2010 12:41', 0, 1);
INSERT INTO `tbl_places` VALUES (93, '8', 0, 'Brookmans Park', NULL, NULL, 189, NULL, '1/13/2010 12:41', 0, 1);
INSERT INTO `tbl_places` VALUES (94, '8', 0, 'Cuffley', NULL, NULL, 199, NULL, '1/13/2010 12:41', 0, 1);
INSERT INTO `tbl_places` VALUES (95, '8', 0, 'Hertford', NULL, NULL, 199, NULL, '1/13/2010 12:41', 0, 1);
INSERT INTO `tbl_places` VALUES (96, '8', 0, 'Knebworth', NULL, NULL, 199, NULL, '1/13/2010 12:41', 0, 1);
INSERT INTO `tbl_places` VALUES (97, '8', 0, 'Stevenage', NULL, NULL, 199, NULL, '1/13/2010 12:41', 0, 1);
INSERT INTO `tbl_places` VALUES (98, '8', 0, 'Codicote', NULL, NULL, 199, NULL, '1/13/2010 12:41', 0, 1);
INSERT INTO `tbl_places` VALUES (99, '8', 0, 'St Albans', NULL, NULL, 199, NULL, '1/13/2010 12:41', 0, 1);
INSERT INTO `tbl_places` VALUES (100, '9', 0, 'Welwyn Garden City', NULL, NULL, 159, NULL, '1/13/2010 12:41', 0, 1);
INSERT INTO `tbl_places` VALUES (101, '9', 0, 'Hatfield', NULL, NULL, 159, NULL, '1/13/2010 12:41', 0, 1);
INSERT INTO `tbl_places` VALUES (102, '9', 0, 'Brookmans Park', NULL, NULL, 159, NULL, '1/13/2010 12:41', 0, 1);
INSERT INTO `tbl_places` VALUES (103, '9', 0, 'Cuffley', NULL, NULL, 165, NULL, '1/13/2010 12:41', 0, 1);
INSERT INTO `tbl_places` VALUES (104, '9', 0, 'Hertford', NULL, NULL, 159, NULL, '1/13/2010 12:41', 0, 1);
INSERT INTO `tbl_places` VALUES (105, '9', 0, 'Knebworth', NULL, NULL, 165, NULL, '1/13/2010 12:41', 0, 1);
INSERT INTO `tbl_places` VALUES (106, '9', 0, 'Stevenage', NULL, NULL, 165, NULL, '1/13/2010 12:41', 0, 1);
INSERT INTO `tbl_places` VALUES (107, '9', 0, 'Codicote', NULL, NULL, 165, NULL, '1/13/2010 12:41', 0, 1);
INSERT INTO `tbl_places` VALUES (108, '9', 0, 'St Albans', NULL, NULL, 175, NULL, '1/13/2010 12:41', 0, 1);

-- --------------------------------------------------------

-- 
-- Table structure for table `tbl_seaports`
-- 

CREATE TABLE `tbl_seaports` (
  `seap_id` int(11) NOT NULL auto_increment,
  `seap_name` varchar(255) default NULL,
  `seap_description` varchar(255) default NULL,
  `seap_code` varchar(255) default NULL,
  `seap_date` varchar(255) default NULL,
  `seaip_sortid` int(11) NOT NULL default '0',
  `seaip_status` int(11) NOT NULL default '1',
  PRIMARY KEY  (`seap_id`)
) ENGINE=MyISAM DEFAULT CHARSET=latin1 AUTO_INCREMENT=4 ;

-- 
-- Dumping data for table `tbl_seaports`
-- 

INSERT INTO `tbl_seaports` VALUES (1, 'Southampton Seaport', NULL, NULL, NULL, 0, 1);
INSERT INTO `tbl_seaports` VALUES (2, 'Dover Seaport', NULL, NULL, NULL, 0, 1);
INSERT INTO `tbl_seaports` VALUES (3, 'Harwich Seaport', NULL, NULL, NULL, 0, 1);
-- 
-- Database: `ramzee`
-- 
CREATE DATABASE `ramzee` DEFAULT CHARACTER SET latin1 COLLATE latin1_swedish_ci;
USE ramzee;

-- --------------------------------------------------------

-- 
-- Table structure for table `client`
-- 

CREATE TABLE `client` (
  `cid` int(10) NOT NULL auto_increment,
  `client_name` varchar(255) default NULL,
  `clienturl` varchar(255) default NULL,
  `cdescription` text,
  `meta_title` varchar(255) default NULL,
  `meta_keyword` text,
  `meta_desc` text,
  `countryid` varchar(10) default 'pk',
  `icons` text,
  PRIMARY KEY  (`cid`)
) ENGINE=MyISAM DEFAULT CHARSET=latin1 AUTO_INCREMENT=9 ;

-- 
-- Dumping data for table `client`
-- 

INSERT INTO `client` VALUES (1, 'Esolbiz', '', 'IT Solution, Web design, web development etc', 'Esolbiz', 'esolbiz', 'esolbiz', 'pk', 'cd_rom.jpg-/-/print_media.jpg-/web_design_development.jpg-/domain_hosting.jpg-/-/-/logo_design.jpg-/search_engine_optimization.jpg-/website_maintenance.jpg-/e_commerce.jpg-/-/-/-/-/-/-/');
INSERT INTO `client` VALUES (2, 'Sani bhai', '', 'jladjfsadlfjlfj', 'adfadfjla', 'asdfjaldfjladk ', 'adfladlfjalsdjf ', 'pk', '/-/-/-/-/-/-/-/-/-/website_maintenance.jpg-/-/software_interface_design.jpg-/-/news_mailers.jpg-/secure_transaction_modules.jpg-/-/-/');
INSERT INTO `client` VALUES (3, 'adnan barbola', '', 'adfa;dfk;aldkf', 'asdfadlfjaldfkj', 'aldfjasklfj', 'adfljaflajdlfjl', 'ug', '/-/-/-/-/-/-/-/-/search_engine_optimization.jpg-/website_maintenance.jpg-/-/-/-/-/-/-/-/');
INSERT INTO `client` VALUES (4, 'Umair abbasi', 'www.esolbiz.com', 'adflajdflasldsdfj', 'adfasdfas', 'adfadsf', 'asdfadfa', 'ag', 'cd_rom.jpg-/flash_animations.jpg-/print_media.jpg-/web_design_development.jpg-/domain_hosting.jpg-/photography_icon.jpg-/corporate_identity.jpg-/logo_design.jpg-/search_engine_optimization.jpg-/website_maintenance.jpg-/e_commerce.jpg-/software_interface_design.jpg-/custom_application_development.jpg-/news_mailers.jpg-/secure_transaction_modules.jpg-/open_source_development.jpg-/shopping_cart_module.jpg-/');
INSERT INTO `client` VALUES (5, 'Ali Barbola part 2', '', 'adfadfljal', 'asdlfjaldfjk', 'aldfjkasklfj', 'aldfjalfjk', 'pa', 'cd_rom.jpg-/flash_animations.jpg-/print_media.jpg-/web_design_development.jpg-/domain_hosting.jpg-/-/corporate_identity.jpg-/logo_design.jpg-/search_engine_optimization.jpg-/-/-/-/-/-/-/-/-/');
INSERT INTO `client` VALUES (6, 'raleighartexpo', 'www.raleighartexpo.com', 'adfadfasdf', 'adfadf', 'asdfasdf', 'adfasdfadfadfadf', 'ad', '/-/-/-/web_design_development.jpg-/-/-/-/-/-/-/-/-/-/-/-/-/-/');
INSERT INTO `client` VALUES (7, 'smartzboutique', 'www.smartzboutique.com', 'adfadf', 'adfasfadf', 'adfasdfasdfasfas', 'asdfascdffadf ', 'ad', '/-/-/-/web_design_development.jpg-/-/-/-/-/-/-/-/-/-/-/-/-/-/');
INSERT INTO `client` VALUES (8, 'judahward', 'www.judahward.com', 'adfasdfasdf', 'asdfasdf', 'asdfasfas', 'asdfaf', 'ad', '/-/flash_animations.jpg-/-/web_design_development.jpg-/domain_hosting.jpg-/-/-/-/-/-/-/-/-/-/-/-/-/');

-- --------------------------------------------------------

-- 
-- Table structure for table `featured_projects`
-- 

CREATE TABLE `featured_projects` (
  `fid` int(10) NOT NULL auto_increment,
  `cid` int(10) NOT NULL default '0',
  `imgpath` varchar(200) default NULL,
  PRIMARY KEY  (`fid`)
) ENGINE=MyISAM DEFAULT CHARSET=latin1 AUTO_INCREMENT=9 ;

-- 
-- Dumping data for table `featured_projects`
-- 

INSERT INTO `featured_projects` VALUES (1, 1, 'ab_textile_logo.jpg');
INSERT INTO `featured_projects` VALUES (2, 5, '78_03.jpg');
INSERT INTO `featured_projects` VALUES (3, 3, 'dialtax_03.jpg');
INSERT INTO `featured_projects` VALUES (4, 2, 'esolbiz_saad.jpg');
INSERT INTO `featured_projects` VALUES (5, 4, 'bareeze_03.jpg');
INSERT INTO `featured_projects` VALUES (6, 6, '3_services_pic1.gif');
INSERT INTO `featured_projects` VALUES (7, 7, '3_services_pic2.gif');
INSERT INTO `featured_projects` VALUES (8, 8, '3_services_pic3.gif');

-- --------------------------------------------------------

-- 
-- Table structure for table `portfolio`
-- 

CREATE TABLE `portfolio` (
  `id` int(10) unsigned NOT NULL auto_increment,
  `client_id` int(10) NOT NULL default '0',
  `catagory` varchar(255) default NULL,
  `tool` text,
  `technology` text,
  `img_web` varchar(200) default NULL,
  `img_th` varchar(200) default NULL,
  `esol_pdf` varchar(200) default NULL,
  `sortid` int(10) default NULL,
  PRIMARY KEY  (`id`),
  KEY `catagory` (`catagory`),
  KEY `sortid` (`sortid`)
) ENGINE=MyISAM DEFAULT CHARSET=latin1 AUTO_INCREMENT=10 ;

-- 
-- Dumping data for table `portfolio`
-- 

INSERT INTO `portfolio` VALUES (3, 3, 'Telecom. & IT', 'Dreamweavers, Adobe Photoshop, ', 'HTML, Javascript, PHP, database: MySql', '911_store_logo.jpg', '911_store_logo.jpg', '', NULL);
INSERT INTO `portfolio` VALUES (2, 1, 'Engineering & Manufacturing', 'tools', 'technology', 'above_the_garage_03.jpg', 'above_the_garage_03.jpg', '', NULL);
INSERT INTO `portfolio` VALUES (4, 5, 'Construction & Real Estate', 'adfasdf', 'afasfadf', 'aazaadi_media_logo.jpg', 'aazaadi_media_logo.jpg', '', NULL);
INSERT INTO `portfolio` VALUES (5, 2, 'Telecom. & IT', 'adfasdf', 'asdfadfasdfas asdfadfasdf', 'foxtrojan_software_creation_logo.jpg', 'foxtrojan_software_creation_logo.jpg', '', NULL);
INSERT INTO `portfolio` VALUES (6, 4, 'Securities & Technologies', 'adfasfsdf adfadf ', 'sadfasdfa adfasdf', 'antex_company_logo.jpg', 'antex_company_logo.jpg', '', NULL);
INSERT INTO `portfolio` VALUES (7, 8, 'Securities & Technologies', 'ljljalfjl', 'asldfjakljl', 'al_bunyan_03.jpg', 'al_bunyan_03.jpg', '', NULL);
INSERT INTO `portfolio` VALUES (8, 6, 'Engineering & Manufacturing', 'adfadf', 'adfadfaf', '3_services_pic1.gif', '3_services_pic1.gif', '', NULL);
INSERT INTO `portfolio` VALUES (9, 7, 'Fashion & Beauty', 'adfasdfa', 'dfafasdfasdf', '3_services_pic2.gif', '3_services_pic2.gif', '', NULL);

-- --------------------------------------------------------

-- 
-- Table structure for table `tbl_comments`
-- 

CREATE TABLE `tbl_comments` (
  `comments_id` int(10) NOT NULL auto_increment,
  `comments_desc` text NOT NULL,
  `sender` varchar(100) NOT NULL default '',
  `sender_area` varchar(80) NOT NULL default '',
  `date_created` varchar(100) NOT NULL default '',
  `sort` int(10) NOT NULL default '0',
  `status` int(10) NOT NULL default '0',
  PRIMARY KEY  (`comments_id`)
) ENGINE=MyISAM DEFAULT CHARSET=latin1 AUTO_INCREMENT=8 ;

-- 
-- Dumping data for table `tbl_comments`
-- 

INSERT INTO `tbl_comments` VALUES (2, '<p>We could not have been able to accomplish our billion dollars  construction projects without UK Auto Exporters, being our supplier for  the machinery.</p>', 'Mr. Smith', 'UAE', '18-01-2010 10:30:40', 0, 0);
INSERT INTO `tbl_comments` VALUES (3, '<p>Lorem ipsum dolor sit amet, consetetur sadipscing elitr, sed diam nonumy eirmod tempor invidunt ut labore et dolore magna aliquyam erat, sed diam voluptua. At vero eos et accusam et justo duo dolores et ea rebum. Stet clita kasd gubergren</p>', 'Abdul Jabbar', 'Pak', '17-03-2010 02:19:22', 0, 0);
INSERT INTO `tbl_comments` VALUES (4, '<p>Lorem ipsum dolor sit amet, consetetur sadipscing elitr, sed diam nonumy eirmod tempor invidunt ut labore et dolore magna aliquyam erat, sed diam voluptua.</p>', 'esolbiz', 'UAE', '17-03-2010 02:23:03', 0, 0);
INSERT INTO `tbl_comments` VALUES (7, 'this is a testing activity .this is a testing activity .this is a testing activity .this is a testing activity .this is a testing activity .this is a testing activity .this is a testing activity .this is a testing activity .this is a testing activity .', 'test', 'Pak', '20-04-2010 14:58:43', 0, 0);
INSERT INTO `tbl_comments` VALUES (6, '<p>Lorem ipsum dolor sit amet, consetetur sadipscing elitr, sed diam nonumy eirmod tempor invidunt ut labore et dolore magna aliquyam erat, sed diam voluptua.</p>', 'jabbar', 'UAE', '17-03-2010 02:23:24', 0, 0);

-- --------------------------------------------------------

-- 
-- Table structure for table `tbl_countries`
-- 

CREATE TABLE `tbl_countries` (
  `country_id` char(2) NOT NULL default '',
  `cname` varchar(80) NOT NULL default '',
  `flag_path` varchar(100) NOT NULL default 'flags/mini/blank.gif',
  PRIMARY KEY  (`country_id`),
  UNIQUE KEY `fldName` (`cname`)
) ENGINE=MyISAM DEFAULT CHARSET=latin1;

-- 
-- Dumping data for table `tbl_countries`
-- 

INSERT INTO `tbl_countries` VALUES ('af', 'afghanistan', 'flags/af.gif');
INSERT INTO `tbl_countries` VALUES ('al', 'albania', 'flags/al.gif');
INSERT INTO `tbl_countries` VALUES ('dz', 'algeria', 'flags/dz.gif');
INSERT INTO `tbl_countries` VALUES ('as', 'american samoa', 'flags/as.gif');
INSERT INTO `tbl_countries` VALUES ('ad', 'andorra', 'flags/ad.gif');
INSERT INTO `tbl_countries` VALUES ('ao', 'angola', 'flags/ao.gif');
INSERT INTO `tbl_countries` VALUES ('ai', 'anguilla', 'flags/ai.gif');
INSERT INTO `tbl_countries` VALUES ('aq', 'antarctica', 'flags/aq.gif');
INSERT INTO `tbl_countries` VALUES ('ag', 'antigua and barbuda', 'flags/ag.gif');
INSERT INTO `tbl_countries` VALUES ('ar', 'argentina', 'flags/ar.gif');
INSERT INTO `tbl_countries` VALUES ('am', 'armenia', 'flags/am.gif');
INSERT INTO `tbl_countries` VALUES ('aw', 'aruba', 'flags/aw.gif');
INSERT INTO `tbl_countries` VALUES ('au', 'australia', 'flags/au.gif');
INSERT INTO `tbl_countries` VALUES ('at', 'austria', 'flags/at.gif');
INSERT INTO `tbl_countries` VALUES ('az', 'azerbaijan', 'flags/az.gif');
INSERT INTO `tbl_countries` VALUES ('bs', 'bahamas', 'flags/bs.gif');
INSERT INTO `tbl_countries` VALUES ('bh', 'bahrain', 'flags/bh.gif');
INSERT INTO `tbl_countries` VALUES ('bd', 'bangladesh', 'flags/bd.gif');
INSERT INTO `tbl_countries` VALUES ('bb', 'barbados', 'flags/bb.gif');
INSERT INTO `tbl_countries` VALUES ('by', 'belarus', 'flags/by.gif');
INSERT INTO `tbl_countries` VALUES ('be', 'belgium', 'flags/be.gif');
INSERT INTO `tbl_countries` VALUES ('bz', 'belize', 'flags/bz.gif');
INSERT INTO `tbl_countries` VALUES ('bj', 'benin', 'flags/bj.gif');
INSERT INTO `tbl_countries` VALUES ('bm', 'bermuda', 'flags/bm.gif');
INSERT INTO `tbl_countries` VALUES ('bt', 'bhutan', 'flags/bt.gif');
INSERT INTO `tbl_countries` VALUES ('bo', 'bolivia', 'flags/bo.gif');
INSERT INTO `tbl_countries` VALUES ('ba', 'bosnia and herzegovina', 'flags/ba.gif');
INSERT INTO `tbl_countries` VALUES ('bw', 'botswana', 'flags/bw.gif');
INSERT INTO `tbl_countries` VALUES ('bv', 'bouvet island', 'flags/bv.gif');
INSERT INTO `tbl_countries` VALUES ('br', 'brazil', 'flags/br.gif');
INSERT INTO `tbl_countries` VALUES ('io', 'british indian ocean territory', 'flags/io.gif');
INSERT INTO `tbl_countries` VALUES ('bn', 'brunei darussalam', 'flags/bn.gif');
INSERT INTO `tbl_countries` VALUES ('bg', 'bulgaria', 'flags/bg.gif');
INSERT INTO `tbl_countries` VALUES ('bf', 'burkina faso', 'flags/bf.gif');
INSERT INTO `tbl_countries` VALUES ('bi', 'burundi', 'flags/bi.gif');
INSERT INTO `tbl_countries` VALUES ('kh', 'cambodia', 'flags/kh.gif');
INSERT INTO `tbl_countries` VALUES ('cm', 'cameroon', 'flags/cm.gif');
INSERT INTO `tbl_countries` VALUES ('ca', 'canada', 'flags/ca.gif');
INSERT INTO `tbl_countries` VALUES ('cv', 'cape verde', 'flags/cv.gif');
INSERT INTO `tbl_countries` VALUES ('ky', 'cayman islands', 'flags/ky.gif');
INSERT INTO `tbl_countries` VALUES ('cf', 'central african republic', 'flags/cf.gif');
INSERT INTO `tbl_countries` VALUES ('td', 'chad', 'flags/td.gif');
INSERT INTO `tbl_countries` VALUES ('cl', 'chile', 'flags/cl.gif');
INSERT INTO `tbl_countries` VALUES ('cn', 'china', 'flags/cn.gif');
INSERT INTO `tbl_countries` VALUES ('cx', 'christmas island', 'flags/cx.gif');
INSERT INTO `tbl_countries` VALUES ('cc', 'cocos (keeling) islands', 'flags/cc.gif');
INSERT INTO `tbl_countries` VALUES ('co', 'colombia', 'flags/co.gif');
INSERT INTO `tbl_countries` VALUES ('km', 'comoros', 'flags/km.gif');
INSERT INTO `tbl_countries` VALUES ('cg', 'congo', 'flags/cg.gif');
INSERT INTO `tbl_countries` VALUES ('cd', 'congo, the democratic republic of the', 'flags/cd.gif');
INSERT INTO `tbl_countries` VALUES ('ck', 'cook islands', 'flags/ck.gif');
INSERT INTO `tbl_countries` VALUES ('cr', 'costa rica', 'flags/cr.gif');
INSERT INTO `tbl_countries` VALUES ('ci', 'cote d''ivoire', 'flags/ci.gif');
INSERT INTO `tbl_countries` VALUES ('hr', 'croatia', 'flags/hr.gif');
INSERT INTO `tbl_countries` VALUES ('cu', 'cuba', 'flags/cu.gif');
INSERT INTO `tbl_countries` VALUES ('cy', 'cyprus', 'flags/cy.gif');
INSERT INTO `tbl_countries` VALUES ('cz', 'czech republic', 'flags/cz.gif');
INSERT INTO `tbl_countries` VALUES ('dk', 'denmark', 'flags/dk.gif');
INSERT INTO `tbl_countries` VALUES ('dj', 'djibouti', 'flags/dj.gif');
INSERT INTO `tbl_countries` VALUES ('dm', 'dominica', 'flags/dm.gif');
INSERT INTO `tbl_countries` VALUES ('do', 'dominican republic', 'flags/do.gif');
INSERT INTO `tbl_countries` VALUES ('ec', 'ecuador', 'flags/ec.gif');
INSERT INTO `tbl_countries` VALUES ('eg', 'egypt', 'flags/eg.gif');
INSERT INTO `tbl_countries` VALUES ('sv', 'el salvador', 'flags/sv.gif');
INSERT INTO `tbl_countries` VALUES ('gq', 'equatorial guinea', 'flags/gq.gif');
INSERT INTO `tbl_countries` VALUES ('er', 'eritrea', 'flags/er.gif');
INSERT INTO `tbl_countries` VALUES ('ee', 'estonia', 'flags/ee.gif');
INSERT INTO `tbl_countries` VALUES ('et', 'ethiopia', 'flags/et.gif');
INSERT INTO `tbl_countries` VALUES ('fk', 'falkland islands (malvinas)', 'flags/fk.gif');
INSERT INTO `tbl_countries` VALUES ('fo', 'faroe islands', 'flags/fo.gif');
INSERT INTO `tbl_countries` VALUES ('fj', 'fiji', 'flags/fj.gif');
INSERT INTO `tbl_countries` VALUES ('fi', 'finland', 'flags/fi.gif');
INSERT INTO `tbl_countries` VALUES ('fr', 'france', 'flags/fr.gif');
INSERT INTO `tbl_countries` VALUES ('gf', 'french guiana', 'flags/gf.gif');
INSERT INTO `tbl_countries` VALUES ('pf', 'french polynesia', 'flags/pf.gif');
INSERT INTO `tbl_countries` VALUES ('tf', 'french southern territories', 'flags/tf.gif');
INSERT INTO `tbl_countries` VALUES ('ga', 'gabon', 'flags/ga.gif');
INSERT INTO `tbl_countries` VALUES ('gm', 'gambia', 'flags/gm.gif');
INSERT INTO `tbl_countries` VALUES ('ge', 'georgia', 'flags/ge.gif');
INSERT INTO `tbl_countries` VALUES ('de', 'germany', 'flags/de.gif');
INSERT INTO `tbl_countries` VALUES ('gh', 'ghana', 'flags/gh.gif');
INSERT INTO `tbl_countries` VALUES ('gi', 'gibraltar', 'flags/gi.gif');
INSERT INTO `tbl_countries` VALUES ('gr', 'greece', 'flags/gr.gif');
INSERT INTO `tbl_countries` VALUES ('gl', 'greenland', 'flags/gl.gif');
INSERT INTO `tbl_countries` VALUES ('gd', 'grenada', 'flags/gd.gif');
INSERT INTO `tbl_countries` VALUES ('gp', 'guadeloupe', 'flags/gp.gif');
INSERT INTO `tbl_countries` VALUES ('gu', 'guam', 'flags/gu.gif');
INSERT INTO `tbl_countries` VALUES ('gt', 'guatemala', 'flags/gt.gif');
INSERT INTO `tbl_countries` VALUES ('gn', 'guinea', 'flags/gn.gif');
INSERT INTO `tbl_countries` VALUES ('gw', 'guinea-bissau', 'flags/gw.gif');
INSERT INTO `tbl_countries` VALUES ('gy', 'guyana', 'flags/gy.gif');
INSERT INTO `tbl_countries` VALUES ('ht', 'haiti', 'flags/ht.gif');
INSERT INTO `tbl_countries` VALUES ('hm', 'heard island and mcdonald islands', 'flags/hm.gif');
INSERT INTO `tbl_countries` VALUES ('va', 'holy see (vatican city state)', 'flags/va.gif');
INSERT INTO `tbl_countries` VALUES ('hn', 'honduras', 'flags/hn.gif');
INSERT INTO `tbl_countries` VALUES ('hk', 'hong kong', 'flags/hk.gif');
INSERT INTO `tbl_countries` VALUES ('hu', 'hungary', 'flags/hu.gif');
INSERT INTO `tbl_countries` VALUES ('is', 'iceland', 'flags/is.gif');
INSERT INTO `tbl_countries` VALUES ('in', 'india', 'flags/in.gif');
INSERT INTO `tbl_countries` VALUES ('id', 'indonesia', 'flags/id.gif');
INSERT INTO `tbl_countries` VALUES ('ir', 'iran, islamic republic of', 'flags/ir.gif');
INSERT INTO `tbl_countries` VALUES ('iq', 'iraq', 'flags/iq.gif');
INSERT INTO `tbl_countries` VALUES ('ie', 'ireland', 'flags/ie.gif');
INSERT INTO `tbl_countries` VALUES ('il', 'israel', 'flags/il.gif');
INSERT INTO `tbl_countries` VALUES ('it', 'italy', 'flags/it.gif');
INSERT INTO `tbl_countries` VALUES ('jm', 'jamaica', 'flags/jm.gif');
INSERT INTO `tbl_countries` VALUES ('jp', 'japan', 'flags/jp.gif');
INSERT INTO `tbl_countries` VALUES ('jo', 'jordan', 'flags/jo.gif');
INSERT INTO `tbl_countries` VALUES ('kz', 'kazakhstan', 'flags/kz.gif');
INSERT INTO `tbl_countries` VALUES ('ke', 'kenya', 'flags/ke.gif');
INSERT INTO `tbl_countries` VALUES ('ki', 'kiribati', 'flags/ki.gif');
INSERT INTO `tbl_countries` VALUES ('kp', 'korea, democratic people''s republic of', 'flags/kp.gif');
INSERT INTO `tbl_countries` VALUES ('kr', 'korea, republic of', 'flags/kr.gif');
INSERT INTO `tbl_countries` VALUES ('kw', 'kuwait', 'flags/kw.gif');
INSERT INTO `tbl_countries` VALUES ('kg', 'kyrgyzstan', 'flags/kg.gif');
INSERT INTO `tbl_countries` VALUES ('la', 'lao people''s democratic republic', 'flags/la.gif');
INSERT INTO `tbl_countries` VALUES ('lv', 'latvia', 'flags/lv.gif');
INSERT INTO `tbl_countries` VALUES ('lb', 'lebanon', 'flags/lb.gif');
INSERT INTO `tbl_countries` VALUES ('ls', 'lesotho', 'flags/ls.gif');
INSERT INTO `tbl_countries` VALUES ('lr', 'liberia', 'flags/lr.gif');
INSERT INTO `tbl_countries` VALUES ('ly', 'libyan arab jamahiriya', 'flags/ly.gif');
INSERT INTO `tbl_countries` VALUES ('li', 'liechtenstein', 'flags/li.gif');
INSERT INTO `tbl_countries` VALUES ('lt', 'lithuania', 'flags/lt.gif');
INSERT INTO `tbl_countries` VALUES ('lu', 'luxembourg', 'flags/lu.gif');
INSERT INTO `tbl_countries` VALUES ('mo', 'macao', 'flags/mo.gif');
INSERT INTO `tbl_countries` VALUES ('mk', 'macedonia, the former yugoslav republic of', 'flags/mk.gif');
INSERT INTO `tbl_countries` VALUES ('mg', 'madagascar', 'flags/mg.gif');
INSERT INTO `tbl_countries` VALUES ('mw', 'malawi', 'flags/mw.gif');
INSERT INTO `tbl_countries` VALUES ('my', 'malaysia', 'flags/my.gif');
INSERT INTO `tbl_countries` VALUES ('mv', 'maldives', 'flags/mv.gif');
INSERT INTO `tbl_countries` VALUES ('ml', 'mali', 'flags/ml.gif');
INSERT INTO `tbl_countries` VALUES ('mt', 'malta', 'flags/mt.gif');
INSERT INTO `tbl_countries` VALUES ('mh', 'marshall islands', 'flags/mh.gif');
INSERT INTO `tbl_countries` VALUES ('mq', 'martinique', 'flags/mq.gif');
INSERT INTO `tbl_countries` VALUES ('mr', 'mauritania', 'flags/mr.gif');
INSERT INTO `tbl_countries` VALUES ('mu', 'mauritius', 'flags/mu.gif');
INSERT INTO `tbl_countries` VALUES ('yt', 'mayotte', 'flags/yt.gif');
INSERT INTO `tbl_countries` VALUES ('mx', 'mexico', 'flags/mx.gif');
INSERT INTO `tbl_countries` VALUES ('fm', 'micronesia, federated states of', 'flags/fm.gif');
INSERT INTO `tbl_countries` VALUES ('md', 'moldova, republic of', 'flags/md.gif');
INSERT INTO `tbl_countries` VALUES ('mc', 'monaco', 'flags/mc.gif');
INSERT INTO `tbl_countries` VALUES ('mn', 'mongolia', 'flags/mn.gif');
INSERT INTO `tbl_countries` VALUES ('ms', 'montserrat', 'flags/ms.gif');
INSERT INTO `tbl_countries` VALUES ('ma', 'morocco', 'flags/ma.gif');
INSERT INTO `tbl_countries` VALUES ('mz', 'mozambique', 'flags/mz.gif');
INSERT INTO `tbl_countries` VALUES ('mm', 'myanmar', 'flags/mm.gif');
INSERT INTO `tbl_countries` VALUES ('na', 'namibia', 'flags/na.gif');
INSERT INTO `tbl_countries` VALUES ('nr', 'nauru', 'flags/nr.gif');
INSERT INTO `tbl_countries` VALUES ('np', 'nepal', 'flags/np.gif');
INSERT INTO `tbl_countries` VALUES ('nl', 'netherlands', 'flags/nl.gif');
INSERT INTO `tbl_countries` VALUES ('an', 'netherlands antilles', 'flags/an.gif');
INSERT INTO `tbl_countries` VALUES ('nc', 'new caledonia', 'flags/nc.gif');
INSERT INTO `tbl_countries` VALUES ('nz', 'new zealand', 'flags/nz.gif');
INSERT INTO `tbl_countries` VALUES ('ni', 'nicaragua', 'flags/ni.gif');
INSERT INTO `tbl_countries` VALUES ('ne', 'niger', 'flags/ne.gif');
INSERT INTO `tbl_countries` VALUES ('ng', 'nigeria', 'flags/ng.gif');
INSERT INTO `tbl_countries` VALUES ('nu', 'niue', 'flags/nu.gif');
INSERT INTO `tbl_countries` VALUES ('nf', 'norfolk island', 'flags/nf.gif');
INSERT INTO `tbl_countries` VALUES ('mp', 'northern mariana islands', 'flags/mp.gif');
INSERT INTO `tbl_countries` VALUES ('no', 'norway', 'flags/no.gif');
INSERT INTO `tbl_countries` VALUES ('om', 'oman', 'flags/om.gif');
INSERT INTO `tbl_countries` VALUES ('pk', 'pakistan', 'flags/pk.gif');
INSERT INTO `tbl_countries` VALUES ('pw', 'palau', 'flags/pw.gif');
INSERT INTO `tbl_countries` VALUES ('ps', 'palestinian territory, occupied', 'flags/ps.gif');
INSERT INTO `tbl_countries` VALUES ('pa', 'panama', 'flags/pa.gif');
INSERT INTO `tbl_countries` VALUES ('pg', 'papua new guinea', 'flags/pg.gif');
INSERT INTO `tbl_countries` VALUES ('py', 'paraguay', 'flags/py.gif');
INSERT INTO `tbl_countries` VALUES ('pe', 'peru', 'flags/pe.gif');
INSERT INTO `tbl_countries` VALUES ('ph', 'philippines', 'flags/ph.gif');
INSERT INTO `tbl_countries` VALUES ('pn', 'pitcairn', 'flags/pn.gif');
INSERT INTO `tbl_countries` VALUES ('pl', 'poland', 'flags/pl.gif');
INSERT INTO `tbl_countries` VALUES ('pt', 'portugal', 'flags/pt.gif');
INSERT INTO `tbl_countries` VALUES ('pr', 'puerto rico', 'flags/pr.gif');
INSERT INTO `tbl_countries` VALUES ('qa', 'qatar', 'flags/qa.gif');
INSERT INTO `tbl_countries` VALUES ('re', 'reunion', 'flags/fr.gif');
INSERT INTO `tbl_countries` VALUES ('ro', 'romania', 'flags/ro.gif');
INSERT INTO `tbl_countries` VALUES ('ru', 'russian federation', 'flags/ru.gif');
INSERT INTO `tbl_countries` VALUES ('rw', 'rwanda', 'flags/rw.gif');
INSERT INTO `tbl_countries` VALUES ('sh', 'saint helena', 'flags/sh.gif');
INSERT INTO `tbl_countries` VALUES ('kn', 'saint kitts and nevis', 'flags/kn.gif');
INSERT INTO `tbl_countries` VALUES ('lc', 'saint lucia', 'flags/lc.gif');
INSERT INTO `tbl_countries` VALUES ('pm', 'saint pierre and miquelon', 'flags/pm.gif');
INSERT INTO `tbl_countries` VALUES ('vc', 'saint vincent and the grenadines', 'flags/vc.gif');
INSERT INTO `tbl_countries` VALUES ('ws', 'samoa', 'flags/ws.gif');
INSERT INTO `tbl_countries` VALUES ('sm', 'san marino', 'flags/sm.gif');
INSERT INTO `tbl_countries` VALUES ('st', 'sao tome and principe', 'flags/st.gif');
INSERT INTO `tbl_countries` VALUES ('sa', 'saudi arabia', 'flags/sa.gif');
INSERT INTO `tbl_countries` VALUES ('sn', 'senegal', 'flags/sn.gif');
INSERT INTO `tbl_countries` VALUES ('cs', 'serbia and montenegro', 'flags/cs.gif');
INSERT INTO `tbl_countries` VALUES ('sc', 'seychelles', 'flags/sc.gif');
INSERT INTO `tbl_countries` VALUES ('sl', 'sierra leone', 'flags/sl.gif');
INSERT INTO `tbl_countries` VALUES ('sg', 'singapore', 'flags/sg.gif');
INSERT INTO `tbl_countries` VALUES ('sk', 'slovakia', 'flags/sk.gif');
INSERT INTO `tbl_countries` VALUES ('si', 'slovenia', 'flags/si.gif');
INSERT INTO `tbl_countries` VALUES ('sb', 'solomon islands', 'flags/sb.gif');
INSERT INTO `tbl_countries` VALUES ('so', 'somalia', 'flags/so.gif');
INSERT INTO `tbl_countries` VALUES ('za', 'south africa', 'flags/za.gif');
INSERT INTO `tbl_countries` VALUES ('gs', 'south georgia and the south sandwich islands', 'flags/gs.gif');
INSERT INTO `tbl_countries` VALUES ('es', 'spain', 'flags/es.gif');
INSERT INTO `tbl_countries` VALUES ('lk', 'sri lanka', 'flags/lk.gif');
INSERT INTO `tbl_countries` VALUES ('sd', 'sudan', 'flags/sd.gif');
INSERT INTO `tbl_countries` VALUES ('sr', 'suriname', 'flags/sr.gif');
INSERT INTO `tbl_countries` VALUES ('sj', 'svalbard and jan mayen', 'flags/no.gif');
INSERT INTO `tbl_countries` VALUES ('sz', 'swaziland', 'flags/sz.gif');
INSERT INTO `tbl_countries` VALUES ('se', 'sweden', 'flags/se.gif');
INSERT INTO `tbl_countries` VALUES ('ch', 'switzerland', 'flags/ch.gif');
INSERT INTO `tbl_countries` VALUES ('sy', 'syrian arab republic', 'flags/sy.gif');
INSERT INTO `tbl_countries` VALUES ('tw', 'taiwan, province of china', 'flags/tw.gif');
INSERT INTO `tbl_countries` VALUES ('tj', 'tajikistan', 'flags/tj.gif');
INSERT INTO `tbl_countries` VALUES ('tz', 'tanzania, united republic of', 'flags/tz.gif');
INSERT INTO `tbl_countries` VALUES ('th', 'thailand', 'flags/th.gif');
INSERT INTO `tbl_countries` VALUES ('tl', 'timor-leste', 'flags/tl.gif');
INSERT INTO `tbl_countries` VALUES ('tg', 'togo', 'flags/tg.gif');
INSERT INTO `tbl_countries` VALUES ('tk', 'tokelau', 'flags/tk.gif');
INSERT INTO `tbl_countries` VALUES ('to', 'tonga', 'flags/to.gif');
INSERT INTO `tbl_countries` VALUES ('tt', 'trinidad and tobago', 'flags/tt.gif');
INSERT INTO `tbl_countries` VALUES ('tn', 'tunisia', 'flags/tn.gif');
INSERT INTO `tbl_countries` VALUES ('tr', 'turkey', 'flags/tr.gif');
INSERT INTO `tbl_countries` VALUES ('tm', 'turkmenistan', 'flags/tm.gif');
INSERT INTO `tbl_countries` VALUES ('tc', 'turks and caicos islands', 'flags/tc.gif');
INSERT INTO `tbl_countries` VALUES ('tv', 'tuvalu', 'flags/tv.gif');
INSERT INTO `tbl_countries` VALUES ('ug', 'uganda', 'flags/ug.gif');
INSERT INTO `tbl_countries` VALUES ('ua', 'ukraine', 'flags/ua.gif');
INSERT INTO `tbl_countries` VALUES ('ae', 'united arab emirates', 'flags/ae.gif');
INSERT INTO `tbl_countries` VALUES ('gb', 'united kingdom', 'flags/gb.gif');
INSERT INTO `tbl_countries` VALUES ('us', 'united states', 'flags/us.gif');
INSERT INTO `tbl_countries` VALUES ('um', 'united states minor outlying islands', 'flags/um.gif');
INSERT INTO `tbl_countries` VALUES ('uy', 'uruguay', 'flags/uy.gif');
INSERT INTO `tbl_countries` VALUES ('uz', 'uzbekistan', 'flags/uz.gif');
INSERT INTO `tbl_countries` VALUES ('vu', 'vanuatu', 'flags/vu.gif');
INSERT INTO `tbl_countries` VALUES ('ve', 'venezuela', 'flags/ve.gif');
INSERT INTO `tbl_countries` VALUES ('vn', 'viet nam', 'flags/vn.gif');
INSERT INTO `tbl_countries` VALUES ('vg', 'virgin islands, british', 'flags/vg.gif');
INSERT INTO `tbl_countries` VALUES ('vi', 'virgin islands, u.s.', 'flags/vi.gif');
INSERT INTO `tbl_countries` VALUES ('wf', 'wallis and futuna', 'flags/wf.gif');
INSERT INTO `tbl_countries` VALUES ('eh', 'western sahara', 'flags/eh.gif');
INSERT INTO `tbl_countries` VALUES ('ye', 'yemen', 'flags/ye.gif');
INSERT INTO `tbl_countries` VALUES ('zm', 'zambia', 'flags/zm.gif');
INSERT INTO `tbl_countries` VALUES ('zw', 'zimbabwe', 'flags/zw.gif');

-- --------------------------------------------------------

-- 
-- Table structure for table `tbl_faqcategory`
-- 

CREATE TABLE `tbl_faqcategory` (
  `faqcatid` int(10) NOT NULL auto_increment,
  `faqcatname` varchar(255) default NULL,
  `faqcatdate` datetime default NULL,
  PRIMARY KEY  (`faqcatid`)
) ENGINE=MyISAM DEFAULT CHARSET=latin1 AUTO_INCREMENT=7 ;

-- 
-- Dumping data for table `tbl_faqcategory`
-- 

INSERT INTO `tbl_faqcategory` VALUES (2, 'Web Designing & Development', '2007-08-31 09:53:43');
INSERT INTO `tbl_faqcategory` VALUES (6, 'E-commerce', '2007-10-06 12:19:32');
INSERT INTO `tbl_faqcategory` VALUES (4, 'Graphics Designing (Print & Electronic)', '2007-08-31 09:54:16');
INSERT INTO `tbl_faqcategory` VALUES (5, 'Flash Animations & Interactions', '2007-08-31 09:54:38');

-- --------------------------------------------------------

-- 
-- Table structure for table `tbl_faqs`
-- 

CREATE TABLE `tbl_faqs` (
  `faqid` int(10) NOT NULL auto_increment,
  `faqcat` varchar(100) default NULL,
  `faqquestion` text,
  `faqanswer` text,
  `faqdate` datetime default NULL,
  `faqsortid` int(11) default NULL,
  PRIMARY KEY  (`faqid`)
) ENGINE=MyISAM DEFAULT CHARSET=latin1 AUTO_INCREMENT=11 ;

-- 
-- Dumping data for table `tbl_faqs`
-- 

INSERT INTO `tbl_faqs` VALUES (1, '2', 'How much web hosting (space) I need for a website?', 'How much web hosting (space) I need for a website?', '2007-08-31 11:47:48', 5);
INSERT INTO `tbl_faqs` VALUES (5, '2', '<PRE>dfhjfsdfj	dssd</PRE>', '<PRE>fsdfsdf</PRE>', '2007-10-06 14:47:44', 1);
INSERT INTO `tbl_faqs` VALUES (3, '6', 'E-Commerce Solution&nbsp; is possible here?', 'Why not', '2007-10-06 14:48:26', 3);
INSERT INTO `tbl_faqs` VALUES (6, '2', '<PRE>fsdf</PRE>', '<PRE>dfsf</PRE>', '2007-10-06 15:01:16', 2);
INSERT INTO `tbl_faqs` VALUES (7, '6', '<P>What is Domain Name? </P>', 'Always remember that when we talk about "owning" a domain name, we are really talking about the exclusive right to use that name. It is not possible to own a domain name outright, and you will have to pay a periodic renewal fee to keep this "right to use" your domain name. Also, since you don&#039;t own the name itself, under certain circumstances a court can take your right to use a domain name away from you. <BR>Like it or hate it, this is the way the whole domain name system has been set up, and run for over 10 years. So you are going to have to accept this rather strange way of working with domain names. <BR>', '2007-10-06 15:08:38', 4);
INSERT INTO `tbl_faqs` VALUES (8, '2', 'lsjdfljalsd', 'sdfaljfljllkdfjljdf', '2010-04-17 15:05:47', NULL);

-- --------------------------------------------------------

-- 
-- Table structure for table `tbl_id`
-- 

CREATE TABLE `tbl_id` (
  `tblid` int(10) NOT NULL auto_increment,
  `client` varchar(255) default NULL,
  `description` text,
  `img_id` varchar(255) default NULL,
  `img_idth` varchar(255) default NULL,
  `idpdf` varchar(255) default NULL,
  PRIMARY KEY  (`tblid`)
) ENGINE=MyISAM DEFAULT CHARSET=latin1 AUTO_INCREMENT=3 ;

-- 
-- Dumping data for table `tbl_id`
-- 

INSERT INTO `tbl_id` VALUES (1, '1', 'dfaafsdfsdfsf ', '', 'esolservers_.net_logo.jpg', '');
INSERT INTO `tbl_id` VALUES (2, '1', 'asdfadsf', 'dream_lover_productions_logo.jpg', 'dream_lover_productions_logo.jpg', '');

-- --------------------------------------------------------

-- 
-- Table structure for table `tbl_newsletter`
-- 

CREATE TABLE `tbl_newsletter` (
  `nlid` int(11) NOT NULL auto_increment,
  `client` int(11) NOT NULL default '0',
  `description` text,
  `img_nl` varchar(255) default NULL,
  `img_nlth` varchar(255) default NULL,
  `nlpdf` varchar(255) default NULL,
  PRIMARY KEY  (`nlid`)
) ENGINE=MyISAM DEFAULT CHARSET=latin1 AUTO_INCREMENT=2 ;

-- 
-- Dumping data for table `tbl_newsletter`
-- 

INSERT INTO `tbl_newsletter` VALUES (1, 1, 'adfadfasdf', 'am.gif', 'am.gif', 'library.pdf');

-- --------------------------------------------------------

-- 
-- Table structure for table `tbl_print`
-- 

CREATE TABLE `tbl_print` (
  `printid` int(10) NOT NULL auto_increment,
  `client` varchar(255) default NULL,
  `description` text,
  `category` varchar(250) default NULL,
  `img_print` varchar(255) default NULL,
  `image_style` int(10) NOT NULL default '0',
  `img_pth` varchar(255) default NULL,
  `img_ppdf` varchar(255) default NULL,
  `zip_pdf` varchar(200) default NULL,
  PRIMARY KEY  (`printid`)
) ENGINE=MyISAM DEFAULT CHARSET=latin1 AUTO_INCREMENT=1 ;

-- 
-- Dumping data for table `tbl_print`
-- 


-- --------------------------------------------------------

-- 
-- Table structure for table `tbl_quotes`
-- 

CREATE TABLE `tbl_quotes` (
  `quote_id` int(11) NOT NULL auto_increment,
  `con_name` varchar(250) NOT NULL default '',
  `con_email` varchar(150) NOT NULL default '',
  `con_phone` varchar(65) NOT NULL default '',
  `con_city` varchar(80) NOT NULL default '',
  `con_country` varchar(80) NOT NULL default '',
  `company` varchar(255) NOT NULL default '',
  `cmp_url` varchar(150) NOT NULL default '',
  `cmp_activity` varchar(255) NOT NULL default '',
  `budget` varchar(255) NOT NULL default '',
  `services` text NOT NULL,
  `start_date` varchar(100) NOT NULL default '',
  `comments` text NOT NULL,
  `date_created` varchar(100) NOT NULL default '',
  `status` int(10) NOT NULL default '0',
  `sort` int(10) NOT NULL default '0',
  PRIMARY KEY  (`quote_id`)
) ENGINE=MyISAM DEFAULT CHARSET=latin1 AUTO_INCREMENT=1 ;

-- 
-- Dumping data for table `tbl_quotes`
-- 


-- --------------------------------------------------------

-- 
-- Table structure for table `tbl_software`
-- 

CREATE TABLE `tbl_software` (
  `swid` int(10) NOT NULL auto_increment,
  `client` varchar(255) default NULL,
  `description` text,
  `img_sw` varchar(255) default NULL,
  `img_swth` varchar(255) default NULL,
  `swpdf` varchar(255) default NULL,
  PRIMARY KEY  (`swid`)
) ENGINE=MyISAM DEFAULT CHARSET=latin1 AUTO_INCREMENT=1 ;

-- 
-- Dumping data for table `tbl_software`
-- 


-- --------------------------------------------------------

-- 
-- Table structure for table `tbl_stationary`
-- 

CREATE TABLE `tbl_stationary` (
  `stid` int(10) NOT NULL auto_increment,
  `client` varchar(255) default NULL,
  `description` text,
  `img_st` varchar(255) default NULL,
  `img_stth` varchar(255) default NULL,
  `stpdf` varchar(255) default NULL,
  PRIMARY KEY  (`stid`)
) ENGINE=MyISAM DEFAULT CHARSET=latin1 AUTO_INCREMENT=1 ;

-- 
-- Dumping data for table `tbl_stationary`
-- 


-- --------------------------------------------------------

-- 
-- Table structure for table `tbl_subscribenewsletter`
-- 

CREATE TABLE `tbl_subscribenewsletter` (
  `ssid` int(10) NOT NULL auto_increment,
  `ssname` varchar(255) NOT NULL default '',
  `ssemail` varchar(255) NOT NULL default '',
  `subscribe` tinyint(4) NOT NULL default '1',
  `date` datetime NOT NULL default '0000-00-00 00:00:00',
  PRIMARY KEY  (`ssid`)
) ENGINE=MyISAM DEFAULT CHARSET=latin1 AUTO_INCREMENT=3 ;

-- 
-- Dumping data for table `tbl_subscribenewsletter`
-- 

INSERT INTO `tbl_subscribenewsletter` VALUES (1, 'Abdul Jabbar', 'jabbar_rehman@hotmail.com', 1, '0000-00-00 00:00:00');
INSERT INTO `tbl_subscribenewsletter` VALUES (2, 'Sani Hyne', 'delickate@hotmail.com', 1, '0000-00-00 00:00:00');

-- --------------------------------------------------------

-- 
-- Table structure for table `wp_categories`
-- 

CREATE TABLE `wp_categories` (
  `cat_ID` bigint(20) NOT NULL auto_increment,
  `cat_name` varchar(55) NOT NULL default '',
  `category_nicename` varchar(200) NOT NULL default '',
  `category_description` longtext NOT NULL,
  `category_parent` bigint(20) NOT NULL default '0',
  `category_count` bigint(20) NOT NULL default '0',
  PRIMARY KEY  (`cat_ID`),
  KEY `category_nicename` (`category_nicename`)
) ENGINE=MyISAM DEFAULT CHARSET=latin1 AUTO_INCREMENT=2 ;

-- 
-- Dumping data for table `wp_categories`
-- 

INSERT INTO `wp_categories` VALUES (1, 'Uncategorized', 'uncategorized', '', 0, 2);

-- --------------------------------------------------------

-- 
-- Table structure for table `wp_comments`
-- 

CREATE TABLE `wp_comments` (
  `comment_ID` bigint(20) unsigned NOT NULL auto_increment,
  `comment_post_ID` int(11) NOT NULL default '0',
  `comment_author` tinytext NOT NULL,
  `comment_author_email` varchar(100) NOT NULL default '',
  `comment_author_url` varchar(200) NOT NULL default '',
  `comment_author_IP` varchar(100) NOT NULL default '',
  `comment_date` datetime NOT NULL default '0000-00-00 00:00:00',
  `comment_date_gmt` datetime NOT NULL default '0000-00-00 00:00:00',
  `comment_content` text NOT NULL,
  `comment_karma` int(11) NOT NULL default '0',
  `comment_approved` enum('0','1','spam') NOT NULL default '1',
  `comment_agent` varchar(255) NOT NULL default '',
  `comment_type` varchar(20) NOT NULL default '',
  `comment_parent` bigint(20) NOT NULL default '0',
  `user_id` bigint(20) NOT NULL default '0',
  `comment_enclosure` text,
  PRIMARY KEY  (`comment_ID`),
  KEY `comment_approved` (`comment_approved`),
  KEY `comment_post_ID` (`comment_post_ID`)
) ENGINE=MyISAM DEFAULT CHARSET=latin1 AUTO_INCREMENT=6 ;

-- 
-- Dumping data for table `wp_comments`
-- 

INSERT INTO `wp_comments` VALUES (1, 1, 'Mr WordPress', '', 'http://wordpress.org/', '', '2007-07-19 11:09:18', '2007-07-19 06:09:18', 'Hi, this is a comment.<br />To delete a comment, just log in, and view the posts'' comments, there you will have the option to edit or delete them.', 0, '1', '', '', 0, 0, NULL);
INSERT INTO `wp_comments` VALUES (2, 1, 'irfan', 'irfan@esolbiz.com', 'http://', '192.168.0.205', '2007-09-19 10:43:16', '2007-09-19 05:43:16', 'http://www.esolbiz.com', 0, 'spam', 'Mozilla/5.0 (Windows; U; Windows NT 5.1; en-US; rv:1.8.1.6) Gecko/20070725 Firefox/2.0.0.6', '', 0, 1, NULL);
INSERT INTO `wp_comments` VALUES (3, 1, 'Irfan', 'irfan@esolbiz.com', 'http://www.templatemodifiers.com', '192.168.0.205', '2007-09-19 10:49:57', '2007-09-19 05:49:57', 'sdfsf', 0, 'spam', 'Mozilla/5.0 (Windows; U; Windows NT 5.1; en-US; rv:1.8.1.6) Gecko/20070725 Firefox/2.0.0.6', '', 0, 0, NULL);
INSERT INTO `wp_comments` VALUES (4, 1, 'Irfan', 'irfan@esolbiz.com', 'http://www.templatemodifiers.com', '192.168.0.205', '2007-09-19 10:50:37', '2007-09-19 05:50:37', 'fghdfgdf', 0, 'spam', 'Mozilla/5.0 (Windows; U; Windows NT 5.1; en-US; rv:1.8.1.6) Gecko/20070725 Firefox/2.0.0.6', '', 0, 0, NULL);
INSERT INTO `wp_comments` VALUES (5, 1, 'Irfan', 'irfan@esolbiz.com', 'http://www.templatemodifiers.com', '192.168.0.205', '2007-09-19 10:51:24', '2007-09-19 05:51:24', 'hello every one', 0, 'spam', 'Mozilla/5.0 (Windows; U; Windows NT 5.1; en-US; rv:1.8.1.6) Gecko/20070725 Firefox/2.0.0.6', '', 0, 0, NULL);

-- --------------------------------------------------------

-- 
-- Table structure for table `wp_linkcategories`
-- 

CREATE TABLE `wp_linkcategories` (
  `cat_id` bigint(20) NOT NULL auto_increment,
  `cat_name` tinytext NOT NULL,
  `auto_toggle` enum('Y','N') NOT NULL default 'N',
  `show_images` enum('Y','N') NOT NULL default 'Y',
  `show_description` enum('Y','N') NOT NULL default 'N',
  `show_rating` enum('Y','N') NOT NULL default 'Y',
  `show_updated` enum('Y','N') NOT NULL default 'Y',
  `sort_order` varchar(64) NOT NULL default 'rand',
  `sort_desc` enum('Y','N') NOT NULL default 'N',
  `text_before_link` varchar(128) NOT NULL default '<li>',
  `text_after_link` varchar(128) NOT NULL default '<br />',
  `text_after_all` varchar(128) NOT NULL default '</li>',
  `list_limit` int(11) NOT NULL default '-1',
  PRIMARY KEY  (`cat_id`)
) ENGINE=MyISAM DEFAULT CHARSET=latin1 AUTO_INCREMENT=2 ;

-- 
-- Dumping data for table `wp_linkcategories`
-- 

INSERT INTO `wp_linkcategories` VALUES (1, 'Blogroll', 'N', 'Y', 'N', 'Y', 'Y', 'rand', 'N', '<li>', '<br />', '</li>', -1);

-- --------------------------------------------------------

-- 
-- Table structure for table `wp_links`
-- 

CREATE TABLE `wp_links` (
  `link_id` bigint(20) NOT NULL auto_increment,
  `link_url` varchar(255) NOT NULL default '',
  `link_name` varchar(255) NOT NULL default '',
  `link_image` varchar(255) NOT NULL default '',
  `link_target` varchar(25) NOT NULL default '',
  `link_category` bigint(20) NOT NULL default '0',
  `link_description` varchar(255) NOT NULL default '',
  `link_visible` enum('Y','N') NOT NULL default 'Y',
  `link_owner` int(11) NOT NULL default '1',
  `link_rating` int(11) NOT NULL default '0',
  `link_updated` datetime NOT NULL default '0000-00-00 00:00:00',
  `link_rel` varchar(255) NOT NULL default '',
  `link_notes` mediumtext NOT NULL,
  `link_rss` varchar(255) NOT NULL default '',
  PRIMARY KEY  (`link_id`),
  KEY `link_category` (`link_category`),
  KEY `link_visible` (`link_visible`)
) ENGINE=MyISAM DEFAULT CHARSET=latin1 AUTO_INCREMENT=8 ;

-- 
-- Dumping data for table `wp_links`
-- 

INSERT INTO `wp_links` VALUES (1, 'http://blogs.linux.ie/xeer/', 'Donncha', '', '', 1, '', 'Y', 1, 0, '0000-00-00 00:00:00', '', '', 'http://blogs.linux.ie/xeer/feed/');
INSERT INTO `wp_links` VALUES (2, 'http://zengun.org/weblog/', 'Michel', '', '', 1, '', 'Y', 1, 0, '0000-00-00 00:00:00', '', '', 'http://zengun.org/weblog/feed/');
INSERT INTO `wp_links` VALUES (3, 'http://boren.nu/', 'Ryan', '', '', 1, '', 'Y', 1, 0, '0000-00-00 00:00:00', '', '', 'http://boren.nu/feed/');
INSERT INTO `wp_links` VALUES (4, 'http://photomatt.net/', 'Matt', '', '', 1, '', 'Y', 1, 0, '0000-00-00 00:00:00', '', '', 'http://xml.photomatt.net/feed/');
INSERT INTO `wp_links` VALUES (5, 'http://zed1.com/journalized/', 'Mike', '', '', 1, '', 'Y', 1, 0, '0000-00-00 00:00:00', '', '', 'http://zed1.com/journalized/feed/');
INSERT INTO `wp_links` VALUES (6, 'http://www.alexking.org/', 'Alex', '', '', 1, '', 'Y', 1, 0, '0000-00-00 00:00:00', '', '', 'http://www.alexking.org/blog/wp-rss2.php');
INSERT INTO `wp_links` VALUES (7, 'http://dougal.gunters.org/', 'Dougal', '', '', 1, '', 'Y', 1, 0, '0000-00-00 00:00:00', '', '', 'http://dougal.gunters.org/feed/');

-- --------------------------------------------------------

-- 
-- Table structure for table `wp_options`
-- 

CREATE TABLE `wp_options` (
  `option_id` bigint(20) NOT NULL auto_increment,
  `blog_id` int(11) NOT NULL default '0',
  `option_name` varchar(64) NOT NULL default '',
  `option_can_override` enum('Y','N') NOT NULL default 'Y',
  `option_type` int(11) NOT NULL default '1',
  `option_value` longtext NOT NULL,
  `option_width` int(11) NOT NULL default '20',
  `option_height` int(11) NOT NULL default '8',
  `option_description` tinytext NOT NULL,
  `option_admin_level` int(11) NOT NULL default '1',
  `autoload` enum('yes','no') NOT NULL default 'yes',
  PRIMARY KEY  (`option_id`,`blog_id`,`option_name`),
  KEY `option_name` (`option_name`)
) ENGINE=MyISAM DEFAULT CHARSET=latin1 AUTO_INCREMENT=83 ;

-- 
-- Dumping data for table `wp_options`
-- 

INSERT INTO `wp_options` VALUES (1, 0, 'siteurl', 'Y', 1, 'http://irfan/esolbiz/blog', 20, 8, 'WordPress web address', 1, 'yes');
INSERT INTO `wp_options` VALUES (2, 0, 'blogname', 'Y', 1, 'E-SolBiz', 20, 8, 'Blog title', 1, 'yes');
INSERT INTO `wp_options` VALUES (3, 0, 'blogdescription', 'Y', 1, 'Just another WordPress weblog', 20, 8, 'Short tagline', 1, 'yes');
INSERT INTO `wp_options` VALUES (65, 0, 'wp_user_roles', 'Y', 1, 'a:6:{s:13:"administrator";a:2:{s:4:"name";s:13:"Administrator";s:12:"capabilities";a:31:{s:13:"switch_themes";b:1;s:11:"edit_themes";b:1;s:16:"activate_plugins";b:1;s:12:"edit_plugins";b:1;s:10:"edit_users";b:1;s:10:"edit_files";b:1;s:14:"manage_options";b:1;s:17:"moderate_comments";b:1;s:17:"manage_categories";b:1;s:12:"manage_links";b:1;s:12:"upload_files";b:1;s:6:"import";b:1;s:15:"unfiltered_html";b:1;s:10:"edit_posts";b:1;s:17:"edit_others_posts";b:1;s:20:"edit_published_posts";b:1;s:13:"publish_posts";b:1;s:10:"edit_pages";b:1;s:4:"read";b:1;s:8:"level_10";b:1;s:7:"level_9";b:1;s:7:"level_8";b:1;s:7:"level_7";b:1;s:7:"level_6";b:1;s:7:"level_5";b:1;s:7:"level_4";b:1;s:7:"level_3";b:1;s:7:"level_2";b:1;s:7:"level_1";b:1;s:7:"level_0";b:1;s:15:"premium_content";b:1;}}s:6:"editor";a:2:{s:4:"name";s:6:"Editor";s:12:"capabilities";a:19:{s:17:"moderate_comments";b:1;s:17:"manage_categories";b:1;s:12:"manage_links";b:1;s:12:"upload_files";b:1;s:15:"unfiltered_html";b:1;s:10:"edit_posts";b:1;s:17:"edit_others_posts";b:1;s:20:"edit_published_posts";b:1;s:13:"publish_posts";b:1;s:10:"edit_pages";b:1;s:4:"read";b:1;s:7:"level_7";b:1;s:7:"level_6";b:1;s:7:"level_5";b:1;s:7:"level_4";b:1;s:7:"level_3";b:1;s:7:"level_2";b:1;s:7:"level_1";b:1;s:7:"level_0";b:1;}}s:6:"author";a:2:{s:4:"name";s:6:"Author";s:12:"capabilities";a:8:{s:12:"upload_files";b:1;s:10:"edit_posts";b:1;s:20:"edit_published_posts";b:1;s:13:"publish_posts";b:1;s:4:"read";b:1;s:7:"level_2";b:1;s:7:"level_1";b:1;s:7:"level_0";b:1;}}s:11:"contributor";a:2:{s:4:"name";s:11:"Contributor";s:12:"capabilities";a:4:{s:10:"edit_posts";b:1;s:4:"read";b:1;s:7:"level_1";b:1;s:7:"level_0";b:1;}}s:10:"subscriber";a:2:{s:4:"name";s:10:"Subscriber";s:12:"capabilities";a:2:{s:4:"read";b:1;s:7:"level_0";b:1;}}s:18:"premium_subscriber";a:2:{s:4:"name";s:18:"Premium Subscriber";s:12:"capabilities";a:2:{s:15:"premium_content";b:1;s:4:"read";b:1;}}}', 20, 8, '', 1, 'yes');
INSERT INTO `wp_options` VALUES (5, 0, 'users_can_register', 'Y', 1, '1', 20, 8, '', 1, 'yes');
INSERT INTO `wp_options` VALUES (6, 0, 'admin_email', 'Y', 1, 'irfan@esolbiz.com', 20, 8, '', 1, 'yes');
INSERT INTO `wp_options` VALUES (7, 0, 'start_of_week', 'Y', 1, '1', 20, 8, '', 1, 'yes');
INSERT INTO `wp_options` VALUES (8, 0, 'use_balanceTags', 'Y', 1, '0', 20, 8, '', 1, 'yes');
INSERT INTO `wp_options` VALUES (9, 0, 'use_smilies', 'Y', 1, '1', 20, 8, '', 1, 'yes');
INSERT INTO `wp_options` VALUES (10, 0, 'require_name_email', 'Y', 1, '1', 20, 8, '', 1, 'yes');
INSERT INTO `wp_options` VALUES (11, 0, 'comments_notify', 'Y', 1, '1', 20, 8, '', 1, 'yes');
INSERT INTO `wp_options` VALUES (12, 0, 'posts_per_rss', 'Y', 1, '10', 20, 8, '', 1, 'yes');
INSERT INTO `wp_options` VALUES (13, 0, 'rss_excerpt_length', 'Y', 1, '50', 20, 8, '', 1, 'yes');
INSERT INTO `wp_options` VALUES (14, 0, 'rss_use_excerpt', 'Y', 1, '0', 20, 8, '', 1, 'yes');
INSERT INTO `wp_options` VALUES (15, 0, 'mailserver_url', 'Y', 1, 'mail.example.com', 20, 8, '', 1, 'yes');
INSERT INTO `wp_options` VALUES (16, 0, 'mailserver_login', 'Y', 1, 'login@example.com', 20, 8, '', 1, 'yes');

INSERT INTO `wp_options` VALUES (18, 0, 'mailserver_port', 'Y', 1, '110', 20, 8, '', 1, 'yes');
INSERT INTO `wp_options` VALUES (19, 0, 'default_category', 'Y', 1, '1', 20, 8, '', 1, 'yes');
INSERT INTO `wp_options` VALUES (20, 0, 'default_comment_status', 'Y', 1, 'open', 20, 8, '', 1, 'yes');
INSERT INTO `wp_options` VALUES (21, 0, 'default_ping_status', 'Y', 1, 'open', 20, 8, '', 1, 'yes');
INSERT INTO `wp_options` VALUES (22, 0, 'default_pingback_flag', 'Y', 1, '1', 20, 8, '', 1, 'yes');
INSERT INTO `wp_options` VALUES (23, 0, 'default_post_edit_rows', 'Y', 1, '10', 20, 8, '', 1, 'yes');
INSERT INTO `wp_options` VALUES (24, 0, 'posts_per_page', 'Y', 1, '10', 20, 8, '', 1, 'yes');
INSERT INTO `wp_options` VALUES (25, 0, 'what_to_show', 'Y', 1, 'posts', 20, 8, '', 1, 'yes');
INSERT INTO `wp_options` VALUES (26, 0, 'date_format', 'Y', 1, 'F j, Y', 20, 8, '', 1, 'yes');
INSERT INTO `wp_options` VALUES (27, 0, 'time_format', 'Y', 1, 'g:i a', 20, 8, '', 1, 'yes');
INSERT INTO `wp_options` VALUES (28, 0, 'links_updated_date_format', 'Y', 1, 'F j, Y g:i a', 20, 8, '', 1, 'yes');
INSERT INTO `wp_options` VALUES (29, 0, 'links_recently_updated_prepend', 'Y', 1, '<em>', 20, 8, '', 1, 'yes');
INSERT INTO `wp_options` VALUES (30, 0, 'links_recently_updated_append', 'Y', 1, '</em>', 20, 8, '', 1, 'yes');
INSERT INTO `wp_options` VALUES (31, 0, 'links_recently_updated_time', 'Y', 1, '120', 20, 8, '', 1, 'yes');
INSERT INTO `wp_options` VALUES (32, 0, 'comment_moderation', 'Y', 1, '0', 20, 8, '', 1, 'yes');
INSERT INTO `wp_options` VALUES (33, 0, 'moderation_notify', 'Y', 1, '1', 20, 8, '', 1, 'yes');
INSERT INTO `wp_options` VALUES (34, 0, 'permalink_structure', 'Y', 1, '', 20, 8, '', 1, 'yes');
INSERT INTO `wp_options` VALUES (35, 0, 'gzipcompression', 'Y', 1, '0', 20, 8, '', 1, 'yes');
INSERT INTO `wp_options` VALUES (36, 0, 'hack_file', 'Y', 1, '0', 20, 8, '', 1, 'yes');
INSERT INTO `wp_options` VALUES (37, 0, 'blog_charset', 'Y', 1, 'UTF-8', 20, 8, '', 1, 'yes');
INSERT INTO `wp_options` VALUES (38, 0, 'moderation_keys', 'Y', 1, '', 20, 8, '', 1, 'no');
INSERT INTO `wp_options` VALUES (39, 0, 'active_plugins', 'Y', 1, 'a:16:{i:0;s:27:"SK2/spam_karma_2_plugin.php";i:1;s:19:"akismet/akismet.php";i:2;s:48:"alakhnors-post-thumb/post-thumb-post-library.php";i:3;s:52:"alakhnors-post-thumb/post-thumb-template-library.php";i:4;s:43:"alakhnors-post-thumb/post-thumb-widgets.php";i:5;s:35:"alakhnors-post-thumb/post-thumb.php";i:6;s:19:"ald-spa/ald-spa.php";i:7;s:36:"category-admin/category-overload.php";i:8;s:30:"clean-options/cleanoptions.php";i:9;s:36:"contact-form-7/wp-contact-form-7.php";i:10;s:9:"hello.php";i:11;s:45:"live-comment-preview/live-comment-preview.php";i:12;s:37:"post-star-rating/post-star-rating.php";i:13;s:35:"random-posts-widget/randomposts.php";i:14;s:15:"stats/stats.php";i:15;s:16:"wp-db-backup.php";}', 20, 8, '', 1, 'yes');
INSERT INTO `wp_options` VALUES (40, 0, 'home', 'Y', 1, 'http://irfan/esolbiz/blog', 20, 8, '', 1, 'yes');
INSERT INTO `wp_options` VALUES (41, 0, 'category_base', 'Y', 1, '', 20, 8, '', 1, 'yes');
INSERT INTO `wp_options` VALUES (42, 0, 'ping_sites', 'Y', 1, 'http://rpc.pingomatic.com/', 20, 8, '', 1, 'yes');
INSERT INTO `wp_options` VALUES (43, 0, 'advanced_edit', 'Y', 1, '0', 20, 8, '', 1, 'yes');
INSERT INTO `wp_options` VALUES (44, 0, 'comment_max_links', 'Y', 1, '2', 20, 8, '', 1, 'yes');
INSERT INTO `wp_options` VALUES (45, 0, 'gmt_offset', 'Y', 1, '5', 20, 8, '', 1, 'yes');
INSERT INTO `wp_options` VALUES (46, 0, 'default_email_category', 'Y', 1, '1', 20, 8, 'Posts by email go to this category', 1, 'yes');
INSERT INTO `wp_options` VALUES (47, 0, 'recently_edited', 'Y', 1, 'a:5:{i:0;s:46:"wp-content/plugins/SK2/spam_karma_2_plugin.php";i:1;s:42:"wp-content/themes/forever-autumn/style.css";i:2;s:36:"wp-content/themes/default/header.php";i:3;s:35:"wp-content/themes/default/style.css";i:4;s:35:"wp-content/themes/default/index.php";}', 20, 8, '', 1, 'no');
INSERT INTO `wp_options` VALUES (48, 0, 'use_linksupdate', 'Y', 1, '0', 20, 8, '', 1, 'yes');
INSERT INTO `wp_options` VALUES (49, 0, 'template', 'Y', 1, 'default', 20, 8, '', 1, 'yes');
INSERT INTO `wp_options` VALUES (50, 0, 'stylesheet', 'Y', 1, 'default', 20, 8, '', 1, 'yes');
INSERT INTO `wp_options` VALUES (51, 0, 'comment_whitelist', 'Y', 1, '1', 20, 8, '', 1, 'yes');
INSERT INTO `wp_options` VALUES (52, 0, 'page_uris', 'Y', 1, 'a:1:{s:5:"about";s:5:"about";}', 20, 8, '', 1, 'yes');
INSERT INTO `wp_options` VALUES (53, 0, 'blacklist_keys', 'Y', 1, '', 20, 8, '', 1, 'no');
INSERT INTO `wp_options` VALUES (54, 0, 'comment_registration', 'Y', 1, '', 20, 8, '', 1, 'yes');
INSERT INTO `wp_options` VALUES (55, 0, 'open_proxy_check', 'Y', 1, '0', 20, 8, '', 1, 'yes');
INSERT INTO `wp_options` VALUES (56, 0, 'rss_language', 'Y', 1, 'en', 20, 8, '', 1, 'yes');
INSERT INTO `wp_options` VALUES (57, 0, 'html_type', 'Y', 1, 'text/html', 20, 8, '', 1, 'yes');
INSERT INTO `wp_options` VALUES (58, 0, 'use_trackback', 'Y', 1, '0', 20, 8, '', 1, 'yes');
INSERT INTO `wp_options` VALUES (59, 0, 'default_role', 'Y', 1, 'contributor', 20, 8, '', 1, 'yes');
INSERT INTO `wp_options` VALUES (60, 0, 'rich_editing', 'Y', 1, 'true', 20, 8, '', 1, 'yes');
INSERT INTO `wp_options` VALUES (61, 0, 'db_version', 'Y', 1, '3440', 20, 8, '', 1, 'yes');
INSERT INTO `wp_options` VALUES (62, 0, 'uploads_use_yearmonth_folders', 'Y', 1, '1', 20, 8, '', 1, 'yes');
INSERT INTO `wp_options` VALUES (63, 0, 'upload_path', 'Y', 1, 'wp-content/uploads', 20, 8, '', 1, 'yes');
INSERT INTO `wp_options` VALUES (64, 0, 'secret', 'Y', 1, '08e158564c796c7626615deeff127a66', 20, 8, '', 1, 'yes');
INSERT INTO `wp_options` VALUES (66, 0, 'rss_f895b2d5cdb09b56471d26838bf86264', 'Y', 1, 'O:9:"magpierss":17:{s:6:"parser";i:0;s:12:"current_item";a:0:{}s:5:"items";a:0:{}s:7:"channel";a:11:{s:5:"title";s:41:"Blog reactions to http://irfan/wordpress/";s:4:"link";s:62:"http://technorati.com/search/http%3A%2F%2Firfan%2Fwordpress%2F";s:11:"description";s:60:"Blog posts linking to http://irfan/wordpress/ on Technorati.";s:7:"pubdate";s:31:"Tue, 07 Aug 2007 02:04:44 -0700";s:9:"generator";s:15:"Technorati v1.0";s:9:"webmaster";s:43:"support@technorati.com (Technorati Support)";s:4:"docs";s:37:"http://blogs.law.harvard.edu/tech/rss";s:3:"ttl";s:2:"60";s:4:"tapi";a:3:{s:6:"result";s:5:"\n    ";s:10:"result_url";s:23:"http://irfan/wordpress/";s:19:"result_inboundlinks";s:1:"0";}s:6:"result";s:10:"\n    \n    ";s:7:"tagline";s:60:"Blog posts linking to http://irfan/wordpress/ on Technorati.";}s:9:"textinput";a:0:{}s:5:"image";a:3:{s:3:"url";s:50:"http://static.technorati.com/pix/logos/logo_sm.gif";s:5:"title";s:15:"Technorati logo";s:4:"link";s:62:"http://technorati.com/search/http%3A%2F%2Firfan%2Fwordpress%2F";}s:9:"feed_type";s:3:"RSS";s:12:"feed_version";s:3:"2.0";s:5:"stack";a:0:{}s:9:"inchannel";b:0;s:6:"initem";b:0;s:9:"incontent";b:0;s:11:"intextinput";b:0;s:7:"inimage";b:0;s:13:"current_field";s:0:"";s:17:"current_namespace";b:0;s:19:"_CONTENT_CONSTRUCTS";a:6:{i:0;s:7:"content";i:1;s:7:"summary";i:2;s:4:"info";i:3;s:5:"title";i:4;s:7:"tagline";i:5;s:9:"copyright";}}', 20, 8, '', 1, 'no');
INSERT INTO `wp_options` VALUES (67, 0, 'rss_f895b2d5cdb09b56471d26838bf86264_ts', 'Y', 1, '1186477591', 20, 8, '', 1, 'no');
INSERT INTO `wp_options` VALUES (68, 0, 'rss_867bd5c64f85878d03a060509cd2f92c', 'Y', 1, 'O:9:"magpierss":19:{s:6:"parser";i:0;s:12:"current_item";a:0:{}s:5:"items";a:50:{i:0;a:7:{s:5:"title";s:43:"Dev Blog: WordPress 2.3 Release Candidate 1";s:4:"guid";s:74:"http://wordpress.org/development/2007/09/wordpress-23-release-candidate-1/";s:4:"link";s:74:"http://wordpress.org/development/2007/09/wordpress-23-release-candidate-1/";s:11:"description";s:870:"<p>The first release candidate for WordPress 2.3 is now available.  We&#8217;ve spent the week since beta 3 fixing bugs and shaping RC1 into release candidate material.  If you would like try RC1 and help us get 2.3 ready for its final release on Monday the 24th,  <a href="http://wordpress.org/wordpress-2.3-RC1.zip">download RC1 here</a> and <a href="http://trac.wordpress.org/newticket">report any bugs you find</a>. Although we consider this release candidate to be stable, keep in mind that this is still pre-release software.  You may find some lingering bugs.  Please back up your database before upgrading.  If you have problems with RC1, you will not be able to revert back to your previous release without a database backup.</p>\n<p>And a big thanks to those of you who have been testing the betas and now the RC.  Your efforts make 2.3 better for everyone.</p>";s:7:"pubdate";s:31:"Wed, 19 Sep 2007 04:50:10 +0000";s:2:"dc";a:1:{s:7:"creator";s:4:"Ryan";}s:7:"summary";s:870:"<p>The first release candidate for WordPress 2.3 is now available.  We&#8217;ve spent the week since beta 3 fixing bugs and shaping RC1 into release candidate material.  If you would like try RC1 and help us get 2.3 ready for its final release on Monday the 24th,  <a href="http://wordpress.org/wordpress-2.3-RC1.zip">download RC1 here</a> and <a href="http://trac.wordpress.org/newticket">report any bugs you find</a>. Although we consider this release candidate to be stable, keep in mind that this is still pre-release software.  You may find some lingering bugs.  Please back up your database before upgrading.  If you have problems with RC1, you will not be able to revert back to your previous release without a database backup.</p>\n<p>And a big thanks to those of you who have been testing the betas and now the RC.  Your efforts make 2.3 better for everyone.</p>";}i:1;a:7:{s:5:"title";s:59:"Weblog Tools Collection: WordPress Plugin Releases for 9/19";s:4:"guid";s:87:"http://weblogtoolscollection.com/archives/2007/09/19/wordpress-plugin-releases-for-919/";s:4:"link";s:87:"http://weblogtoolscollection.com/archives/2007/09/19/wordpress-plugin-releases-for-919/";s:11:"description";s:1132:"<p><a href="http://feeds.feedburner.com/weblogtoolscollection/''http://www.askapache.com/htaccess/rewriterule-viewer-plugin.html">AskApache Rewrite Rules</a> makes it easy for developers and code hackers to view the current WordPress RewriteRules at any time.</p>\n<p><a href="http://www.tuxlog.de/wordpress/2007/neue-version-von-wp-forecast-v10-beta/">wp-forecast</a> shows the weather-data from accuweather.com.</p>\n<p><a href="http://www.silvermonthly.com/silver-futures-wordpress-plugin/">Future Contracts</a> display the current month&#8217;s futures contract price on the sidebar.</p>\n<p><a href="http://dlbaobei.com/lookgirl/archives/137">PicasaWebShow</a> will display all or part of your Picasa album on your blog.</p>\n<p><a href="http://www.stuff.yellowswordfish.com/sub-page-links/">Sub-page Links</a> creates an automatic index of all sub-page (child, parent and sibling) links through a template tag in the page template.</p>\n<p><a href="http://jacob.steenhagen.us/blog/upcoming-events">Upcoming Events</a> can receive iCalendar feeds from third party sites and display aggregated upcoming events from multiple feeds.</p>";s:7:"pubdate";s:31:"Wed, 19 Sep 2007 04:45:23 +0000";s:2:"dc";a:1:{s:7:"creator";s:11:"Jim Stitzel";}s:7:"summary";s:1132:"<p><a href="http://feeds.feedburner.com/weblogtoolscollection/''http://www.askapache.com/htaccess/rewriterule-viewer-plugin.html">AskApache Rewrite Rules</a> makes it easy for developers and code hackers to view the current WordPress RewriteRules at any time.</p>\n<p><a href="http://www.tuxlog.de/wordpress/2007/neue-version-von-wp-forecast-v10-beta/">wp-forecast</a> shows the weather-data from accuweather.com.</p>\n<p><a href="http://www.silvermonthly.com/silver-futures-wordpress-plugin/">Future Contracts</a> display the current month&#8217;s futures contract price on the sidebar.</p>\n<p><a href="http://dlbaobei.com/lookgirl/archives/137">PicasaWebShow</a> will display all or part of your Picasa album on your blog.</p>\n<p><a href="http://www.stuff.yellowswordfish.com/sub-page-links/">Sub-page Links</a> creates an automatic index of all sub-page (child, parent and sibling) links through a template tag in the page template.</p>\n<p><a href="http://jacob.steenhagen.us/blog/upcoming-events">Upcoming Events</a> can receive iCalendar feeds from third party sites and display aggregated upcoming events from multiple feeds.</p>";}i:2;a:7:{s:5:"title";s:67:"Weblog Tools Collection: WP Plugins, Windows, Subversion and Extend";s:4:"guid";s:94:"http://weblogtoolscollection.com/archives/2007/09/18/wp-plugins-windows-subversion-and-extend/";s:4:"link";s:94:"http://weblogtoolscollection.com/archives/2007/09/18/wp-plugins-windows-subversion-and-extend/";s:11:"description";s:453:"<p><a href="http://wordpress.designpraxis.at/2007/09/18/how-to-maintain-your-wordpress-plugin-from-a-windows-workstation/">How to Maintain Your WordPress Plugin from a Windows Workstation using Subversion</a>: A step by step, illustrated set of instructions painstakingly put together by Roland on how to use Subversion on a Windows machine and use it to add your plugin(s) to the Wordpress Extend section. I love tutorials like this. Thanks Roland.</p>";s:7:"pubdate";s:31:"Tue, 18 Sep 2007 16:30:40 +0000";s:2:"dc";a:1:{s:7:"creator";s:10:"Mark Ghosh";}s:7:"summary";s:453:"<p><a href="http://wordpress.designpraxis.at/2007/09/18/how-to-maintain-your-wordpress-plugin-from-a-windows-workstation/">How to Maintain Your WordPress Plugin from a Windows Workstation using Subversion</a>: A step by step, illustrated set of instructions painstakingly put together by Roland on how to use Subversion on a Windows machine and use it to add your plugin(s) to the Wordpress Extend section. I love tutorials like this. Thanks Roland.</p>";}i:3;a:7:{s:5:"title";s:33:"Matt: Official Kilogram Prototype";s:4:"guid";s:60:"http://photomatt.net/2007/09/17/official-kilogram-prototype/";s:4:"link";s:60:"http://photomatt.net/2007/09/17/official-kilogram-prototype/";s:11:"description";s:199:"<p><a href="http://www.siliconvalley.com/latestheadlines/ci_6872313">Official prototype of kilogram mysteriously losing weight</a>. If I was kept at a chateau in a triple-locked safe I would too.</p>";s:7:"pubdate";s:31:"Tue, 18 Sep 2007 08:30:19 +0000";s:2:"dc";a:1:{s:7:"creator";s:4:"Matt";}s:7:"summary";s:199:"<p><a href="http://www.siliconvalley.com/latestheadlines/ci_6872313">Official prototype of kilogram mysteriously losing weight</a>. If I was kept at a chateau in a triple-locked safe I would too.</p>";}i:4;a:7:{s:5:"title";s:36:"Matt: WordCamp Melbourne and Hamburg";s:4:"guid";s:63:"http://photomatt.net/2007/09/17/wordcamp-melbourne-and-hamburg/";s:4:"link";s:63:"http://photomatt.net/2007/09/17/wordcamp-melbourne-and-hamburg/";s:11:"description";s:213:"<p>There are WordCamps brewing in <a href="http://incsub.org/blog/2007/planning-for-wordcamp-melbourne">Melbourne</a> in Australia and <a href="http://www.wordcamp08.de/">Hamburg</a> in Germany. <em>Cool!</em></p>";s:7:"pubdate";s:31:"Tue, 18 Sep 2007 08:30:19 +0000";s:2:"dc";a:1:{s:7:"creator";s:4:"Matt";}s:7:"summary";s:213:"<p>There are WordCamps brewing in <a href="http://incsub.org/blog/2007/planning-for-wordcamp-melbourne">Melbourne</a> in Australia and <a href="http://www.wordcamp08.de/">Hamburg</a> in Germany. <em>Cool!</em></p>";}i:5;a:7:{s:5:"title";s:27:"Akismet: Spam and Economics";s:4:"guid";s:54:"http://blog.akismet.com/2007/09/18/spam-and-economics/";s:4:"link";s:54:"http://blog.akismet.com/2007/09/18/spam-and-economics/";s:11:"description";s:215:"<div class="snap_preview"><p>If you&#8217;re curious about some techniques of spammers and the intersection between economics and spam, check out this talk by Ross Anderson at Google:</p>\n<p><span></span></p>\n</div>";s:7:"pubdate";s:31:"Tue, 18 Sep 2007 08:19:40 +0000";s:2:"dc";a:1:{s:7:"creator";s:4:"Matt";}s:7:"summary";s:215:"<div class="snap_preview"><p>If you&#8217;re curious about some techniques of spammers and the intersection between economics and spam, check out this talk by Ross Anderson at Google:</p>\n<p><span></span></p>\n</div>";}i:6;a:7:{s:5:"title";s:24:"Matt: Searching for Evil";s:4:"guid";s:51:"http://photomatt.net/2007/09/18/searching-for-evil/";s:4:"link";s:51:"http://photomatt.net/2007/09/18/searching-for-evil/";s:11:"description";s:233:"<p>Did you know Volvo drivers have more wrecks? <a href="http://video.google.com/videoplay?docid=-1380463341028815296">This great talk by Ross Anderson covers the fascinating intersection between economics and spam</a>. One hour.</p>";s:7:"pubdate";s:31:"Tue, 18 Sep 2007 08:18:21 +0000";s:2:"dc";a:1:{s:7:"creator";s:4:"Matt";}s:7:"summary";s:233:"<p>Did you know Volvo drivers have more wrecks? <a href="http://video.google.com/videoplay?docid=-1380463341028815296">This great talk by Ross Anderson covers the fascinating intersection between economics and spam</a>. One hour.</p>";}i:7;a:7:{s:5:"title";s:47:"Weblog Tools Collection: WordPress 2.3 Features";s:4:"guid";s:75:"http://weblogtoolscollection.com/archives/2007/09/17/wordpress-23-features/";s:4:"link";s:75:"http://weblogtoolscollection.com/archives/2007/09/17/wordpress-23-features/";s:11:"description";s:2550:"<p>Many different sites and blogs have documented what they thought were their most desired features in WordPress 2.3. Since I am as excited about this release as I was about WordPress 2.0 (I consider 2.0 to be a significant milestone), I am collating them here with each discussed feature bulleted under each of the links.</p>\n<ul>\n<li><a href="http://designadaptations.com/notebook/best-new-features-of-wordpress-23/">Design Adaptations</a>\n<ul>\n<li>Update Alerts for WordPress</li>\n<li>Inherent Tag Support</li>\n<li>More SEO Friendliness, <a href="http://trac.wordpress.org/ticket/4554">better URI redirection</a></li>\n</ul>\n</li>\n<li><a href="http://boren.nu/">Ryans&#8217; Blog</a>\n<ul>\n<li><a href="http://boren.nu/archives/2007/09/05/wordpress-23-database-schema-changes/">Database changes</a></li>\n<li><a href="http://boren.nu/archives/2007/08/26/wordpress-23-taxonomy-schema/">Taxonomy changes</a>, <a href="http://trac.wordpress.org/browser/trunk/wp-includes/taxonomy.php">Taxonomy API</a></li>\n<li><a href="http://boren.nu/archives/2007/09/16/wordpress-23-plugin-compatibility/">Plugin Compatibility</a></li>\n</ul>\n</li>\n<li><a href="http://richgilchrest.com/how-to-add-wordpress-23-tags-to-your-current-theme/">Aiming for Independence</a>\n<ul>\n<li>Tagging</li>\n<li>Adding new tags to your own theme</li>\n<li>Adding a tag cloud</li>\n</ul>\n</li>\n<li><a href="http://www.wpdesigner.com/2007/08/28/wordpress-23-beta-1-review-and-checklist/">More on Tagging in themes</a> and tag importers from Small Potato\n<ul>\n<li>UTW Importer Version 3</li>\n<li>Template tags for Tags (yes, I know)</li>\n</ul>\n</li>\n<li><a href="http://mdawaffe.wordpress.com/">Michael&#8217;s Blog (mdwaffe)</a>\n<ul>\n<li><a href="http://mdawaffe.wordpress.com/2007/05/29/improved-post-and-page-management-in-wordpress/">Better Post and Page management</a></li>\n</ul>\n</li>\n<li>Sam Ruby\n<ul>\n<li><a href="http://intertwingly.net/blog/2007/08/30/WordPress-2-3-AtomPub">Atom Publishing Protocol support</a></li>\n</ul>\n</li>\n<li>Plugin update notification\n<ul>\n<li>Directly from Wordpress Plugin Directory</li>\n<li>Better, faster, quicker, safer</li>\n</ul>\n</li>\n<li>Faster javascript and wp-admin code and styles</li>\n</ul>\n<p>I had been meaning to start a <a href="http://wltc.net">companion blog</a> for some time and Beta 3 was my chance to get it up and running. If there are any other sites or blogs that discuss Wordpress 2.3 in detail, please leave a comment or <a href="http://weblogtoolscollection.com/contact-me/">contact me</a> and I will add them to the list.</p>";s:7:"pubdate";s:31:"Mon, 17 Sep 2007 23:30:31 +0000";s:2:"dc";a:1:{s:7:"creator";s:10:"Mark Ghosh";}s:7:"summary";s:2550:"<p>Many different sites and blogs have documented what they thought were their most desired features in WordPress 2.3. Since I am as excited about this release as I was about WordPress 2.0 (I consider 2.0 to be a significant milestone), I am collating them here with each discussed feature bulleted under each of the links.</p>\n<ul>\n<li><a href="http://designadaptations.com/notebook/best-new-features-of-wordpress-23/">Design Adaptations</a>\n<ul>\n<li>Update Alerts for WordPress</li>\n<li>Inherent Tag Support</li>\n<li>More SEO Friendliness, <a href="http://trac.wordpress.org/ticket/4554">better URI redirection</a></li>\n</ul>\n</li>\n<li><a href="http://boren.nu/">Ryans&#8217; Blog</a>\n<ul>\n<li><a href="http://boren.nu/archives/2007/09/05/wordpress-23-database-schema-changes/">Database changes</a></li>\n<li><a href="http://boren.nu/archives/2007/08/26/wordpress-23-taxonomy-schema/">Taxonomy changes</a>, <a href="http://trac.wordpress.org/browser/trunk/wp-includes/taxonomy.php">Taxonomy API</a></li>\n<li><a href="http://boren.nu/archives/2007/09/16/wordpress-23-plugin-compatibility/">Plugin Compatibility</a></li>\n</ul>\n</li>\n<li><a href="http://richgilchrest.com/how-to-add-wordpress-23-tags-to-your-current-theme/">Aiming for Independence</a>\n<ul>\n<li>Tagging</li>\n<li>Adding new tags to your own theme</li>\n<li>Adding a tag cloud</li>\n</ul>\n</li>\n<li><a href="http://www.wpdesigner.com/2007/08/28/wordpress-23-beta-1-review-and-checklist/">More on Tagging in themes</a> and tag importers from Small Potato\n<ul>\n<li>UTW Importer Version 3</li>\n<li>Template tags for Tags (yes, I know)</li>\n</ul>\n</li>\n<li><a href="http://mdawaffe.wordpress.com/">Michael&#8217;s Blog (mdwaffe)</a>\n<ul>\n<li><a href="http://mdawaffe.wordpress.com/2007/05/29/improved-post-and-page-management-in-wordpress/">Better Post and Page management</a></li>\n</ul>\n</li>\n<li>Sam Ruby\n<ul>\n<li><a href="http://intertwingly.net/blog/2007/08/30/WordPress-2-3-AtomPub">Atom Publishing Protocol support</a></li>\n</ul>\n</li>\n<li>Plugin update notification\n<ul>\n<li>Directly from Wordpress Plugin Directory</li>\n<li>Better, faster, quicker, safer</li>\n</ul>\n</li>\n<li>Faster javascript and wp-admin code and styles</li>\n</ul>\n<p>I had been meaning to start a <a href="http://wltc.net">companion blog</a> for some time and Beta 3 was my chance to get it up and running. If there are any other sites or blogs that discuss Wordpress 2.3 in detail, please leave a comment or <a href="http://weblogtoolscollection.com/contact-me/">contact me</a> and I will add them to the list.</p>";}i:8;a:7:{s:5:"title";s:44:"Weblog Tools Collection: Wordpress vs Drupal";s:4:"guid";s:73:"http://weblogtoolscollection.com/archives/2007/09/17/wordpress-vs-drupal/";s:4:"link";s:73:"http://weblogtoolscollection.com/archives/2007/09/17/wordpress-vs-drupal/";s:11:"description";s:702:"<p><a href="http://www.bivingsreport.com/2007/wordpress-vs-drupal/">Wordpress vs Drupal</a>: Todd Zeigler&#8217;s opinions on whether to use Drupal or Wordpress to accomplish various publishing tasks depending on the relative ability of each software to excel in particular tasks. Though I agree with some of the premises, saying <a href="http://www.bivingsreport.com/2007/an-experiment-with-wordpress-mu/">Wordpress Mu is not quite ready for prime time</a> is a <a href="http://wordpress.com">very bad generalization</a> and dependent on Todd&#8217;s experiences with a very particular need (developing a network of blogs that share content and is centrally managed) that he tried to fill with Mu.</p>";s:7:"pubdate";s:31:"Mon, 17 Sep 2007 15:30:23 +0000";s:2:"dc";a:1:{s:7:"creator";s:10:"Mark Ghosh";}s:7:"summary";s:702:"<p><a href="http://www.bivingsreport.com/2007/wordpress-vs-drupal/">Wordpress vs Drupal</a>: Todd Zeigler&#8217;s opinions on whether to use Drupal or Wordpress to accomplish various publishing tasks depending on the relative ability of each software to excel in particular tasks. Though I agree with some of the premises, saying <a href="http://www.bivingsreport.com/2007/an-experiment-with-wordpress-mu/">Wordpress Mu is not quite ready for prime time</a> is a <a href="http://wordpress.com">very bad generalization</a> and dependent on Todd&#8217;s experiences with a very particular need (developing a network of blogs that share content and is centrally managed) that he tried to fill with Mu.</p>";}i:9;a:7:{s:5:"title";s:56:"WordPress Podcast: Episode 29: Lorelle and WordPress 2.3";s:4:"guid";s:71:"http://wp-community.org/2007/09/17/episode-29-lorelle-and-wordpress-23/";s:4:"link";s:71:"http://wp-community.org/2007/09/17/episode-29-lorelle-and-wordpress-23/";s:11:"description";s:1457:"<table border="0" cellpadding="4" cellspacing="4" width="100%">\n<tr>\n<td valign="top">02:22</td>\n<td valign="top">\n<p><a href="http://lorelle.wordpress.com/">Lorelle VanFossen</a> chats with us about her new book, <em><a href="http://lorelle.wordpress.com/books/blogging-tips/">Blogging Tips: What bloggers won&#8217;t tell you about blogging</a></em></p>\n</td>\n</tr>\n<tr>\n<td valign="top">05:25</td>\n<td valign="top">\n<p>WordPress.com <a href="http://wordpress.com/blog/2007/09/06/august-wrap-up-2/">killed 41 thousand splogs in August</a> alone!</p>\n</td>\n</tr>\n<tr>\n<td valign="top">06:28</td>\n<td valign="top">\n<p><a href="http://wordpress.com/blog/2007/08/19/why-were-blocked-in-turkey/">WordPress.com is blocked in Turkey</a>, Thailand and China</p>\n</td>\n</tr>\n<tr>\n<td valign="top">14:40</td>\n<td valign="top">\n<p><a href="http://english.wordcamp-israel.info">WordCamp Israel</a> is October 25th in Tel Aviv.</p>\n</td>\n</tr>\n<tr>\n<td valign="top">15:40</td>\n<td valign="top">\n<p>Plans for WordCamp Dallas are still up in the air.</p>\n</td>\n</tr>\n<tr>\n<td valign="top">15:40</td>\n<td valign="top">\n<p><a href="http://technosailor.com/baltimore-washington-wordpress-meetup-episode-deux/">Baltimore Washington WordPress Meetup</a> Thursday September 20th</p>\n</td>\n</tr>\n<tr>\n<td valign="top">18:56</td>\n<td valign="top">\n<p>The remainder of this episode we preview WordPress 2.3, due to be released next Monday, September 24th</p>\n</td>\n</tr>\n</table>";s:7:"pubdate";s:31:"Mon, 17 Sep 2007 06:17:50 +0000";s:2:"dc";a:1:{s:7:"creator";s:17:"Charles Stricklin";}s:7:"summary";s:1457:"<table border="0" cellpadding="4" cellspacing="4" width="100%">\n<tr>\n<td valign="top">02:22</td>\n<td valign="top">\n<p><a href="http://lorelle.wordpress.com/">Lorelle VanFossen</a> chats with us about her new book, <em><a href="http://lorelle.wordpress.com/books/blogging-tips/">Blogging Tips: What bloggers won&#8217;t tell you about blogging</a></em></p>\n</td>\n</tr>\n<tr>\n<td valign="top">05:25</td>\n<td valign="top">\n<p>WordPress.com <a href="http://wordpress.com/blog/2007/09/06/august-wrap-up-2/">killed 41 thousand splogs in August</a> alone!</p>\n</td>\n</tr>\n<tr>\n<td valign="top">06:28</td>\n<td valign="top">\n<p><a href="http://wordpress.com/blog/2007/08/19/why-were-blocked-in-turkey/">WordPress.com is blocked in Turkey</a>, Thailand and China</p>\n</td>\n</tr>\n<tr>\n<td valign="top">14:40</td>\n<td valign="top">\n<p><a href="http://english.wordcamp-israel.info">WordCamp Israel</a> is October 25th in Tel Aviv.</p>\n</td>\n</tr>\n<tr>\n<td valign="top">15:40</td>\n<td valign="top">\n<p>Plans for WordCamp Dallas are still up in the air.</p>\n</td>\n</tr>\n<tr>\n<td valign="top">15:40</td>\n<td valign="top">\n<p><a href="http://technosailor.com/baltimore-washington-wordpress-meetup-episode-deux/">Baltimore Washington WordPress Meetup</a> Thursday September 20th</p>\n</td>\n</tr>\n<tr>\n<td valign="top">18:56</td>\n<td valign="top">\n<p>The remainder of this episode we preview WordPress 2.3, due to be released next Monday, September 24th</p>\n</td>\n</tr>\n</table>";}i:10;a:7:{s:5:"title";s:58:"Weblog Tools Collection: WordPress Theme Releases for 9/17";s:4:"guid";s:86:"http://weblogtoolscollection.com/archives/2007/09/17/wordpress-theme-releases-for-917/";s:4:"link";s:86:"http://weblogtoolscollection.com/archives/2007/09/17/wordpress-theme-releases-for-917/";s:11:"description";s:446:"<p><a href="http://samirkamble.com/blue-sky-theme-ajaxified/">Blue Sky</a> is a 3-column, widget-ready theme available in both AJAX and non-AJAX versions.</p>\n<p><a href="http://themasterplan.in/themes/the-morning-after/">The Morning After</a> is a 3-column, widget-ready theme with a magazine-style layout.</p>\n<p><a href="http://vision7.org/goodies/sixtyfour/">Sixtyfour</a> is a single-column theme for WordPress with a Tumblr-like layout.</p>";s:7:"pubdate";s:31:"Mon, 17 Sep 2007 04:45:22 +0000";s:2:"dc";a:1:{s:7:"creator";s:11:"Jim Stitzel";}s:7:"summary";s:446:"<p><a href="http://samirkamble.com/blue-sky-theme-ajaxified/">Blue Sky</a> is a 3-column, widget-ready theme available in both AJAX and non-AJAX versions.</p>\n<p><a href="http://themasterplan.in/themes/the-morning-after/">The Morning After</a> is a 3-column, widget-ready theme with a magazine-style layout.</p>\n<p><a href="http://vision7.org/goodies/sixtyfour/">Sixtyfour</a> is a single-column theme for WordPress with a Tumblr-like layout.</p>";}i:11;a:7:{s:5:"title";s:59:"Weblog Tools Collection: WordPress Plugin Releases for 9/17";s:4:"guid";s:87:"http://weblogtoolscollection.com/archives/2007/09/17/wordpress-plugin-releases-for-917/";s:4:"link";s:87:"http://weblogtoolscollection.com/archives/2007/09/17/wordpress-plugin-releases-for-917/";s:11:"description";s:760:"<p><a href="http://kaloyan.info/blog/wp-broken-images-plugin/">Broken Images</a> is designed to fight broken images on your WordPress powered site by allowing you to hide, style, or replace them.</p>\n<p><a href="http://workshop.davors.eu/wp-click-tracking/">Click Tracking</a> can monitor visitors&#8217; clicks on your blog.</p>\n<p><a href="http://francesc.hervada.org/wordpress.html">Cross References</a> lets you insert cross-references between posts or pages.</p>\n<p><a href="http://www.im-web-gefunden.de/wordpress-plugins/role-manager/">Role Manager 2.0</a> lets you manage, create and delete roles and capabilities.</p>\n<p><a href="http://www.vruiz.net/2007/09/16/vr-visitas-2/">VR Visitas</a> allows you to take a record of the visits to your page.</p>";s:7:"pubdate";s:31:"Mon, 17 Sep 2007 04:45:22 +0000";s:2:"dc";a:1:{s:7:"creator";s:11:"Jim Stitzel";}s:7:"summary";s:760:"<p><a href="http://kaloyan.info/blog/wp-broken-images-plugin/">Broken Images</a> is designed to fight broken images on your WordPress powered site by allowing you to hide, style, or replace them.</p>\n<p><a href="http://workshop.davors.eu/wp-click-tracking/">Click Tracking</a> can monitor visitors&#8217; clicks on your blog.</p>\n<p><a href="http://francesc.hervada.org/wordpress.html">Cross References</a> lets you insert cross-references between posts or pages.</p>\n<p><a href="http://www.im-web-gefunden.de/wordpress-plugins/role-manager/">Role Manager 2.0</a> lets you manage, create and delete roles and capabilities.</p>\n<p><a href="http://www.vruiz.net/2007/09/16/vr-visitas-2/">VR Visitas</a> allows you to take a record of the visits to your page.</p>";}i:12;a:7:{s:5:"title";s:46:"Ryan Boren: WordPress 2.3 Plugin Compatibility";s:4:"guid";s:70:"http://boren.nu/archives/2007/09/16/wordpress-23-plugin-compatibility/";s:4:"link";s:70:"http://boren.nu/archives/2007/09/16/wordpress-23-plugin-compatibility/";s:11:"description";s:612:"<p>As I mentioned earlier, the <a href="http://boren.nu/archives/2007/09/05/wordpress-23-database-schema-changes/">schema changes</a> in 2.3 will cause some plugin compatibility problems.  Particularly affected are plugins dealing with categories.  To help identify and update plugins with compatibility problems, a <a href="http://codex.wordpress.org/Plugins/Plugin_Compatibility/2.3">2.3 Plugin Compatibility List</a> is being written by the community.  If you have been testing 2.3 Beta, add the plugins you use to the appropriate sections of that list so that we know what is working and what needs work.</p>";s:7:"pubdate";s:31:"Sun, 16 Sep 2007 22:27:25 +0000";s:2:"dc";a:1:{s:7:"creator";s:4:"Ryan";}s:7:"summary";s:612:"<p>As I mentioned earlier, the <a href="http://boren.nu/archives/2007/09/05/wordpress-23-database-schema-changes/">schema changes</a> in 2.3 will cause some plugin compatibility problems.  Particularly affected are plugins dealing with categories.  To help identify and update plugins with compatibility problems, a <a href="http://codex.wordpress.org/Plugins/Plugin_Compatibility/2.3">2.3 Plugin Compatibility List</a> is being written by the community.  If you have been testing 2.3 Beta, add the plugins you use to the appropriate sections of that list so that we know what is working and what needs work.</p>";}i:13;a:7:{s:5:"title";s:26:"Matt: Adding Tags to Theme";s:4:"guid";s:53:"http://photomatt.net/2007/09/16/adding-tags-to-theme/";s:4:"link";s:53:"http://photomatt.net/2007/09/16/adding-tags-to-theme/";s:11:"description";s:150:"<p><a href="http://richgilchrest.com/how-to-add-wordpress-23-tags-to-your-current-theme/">How To Add Wordpress 2.3 Tags To Your Current Theme</a>.</p>";s:7:"pubdate";s:31:"Sun, 16 Sep 2007 20:56:50 +0000";s:2:"dc";a:1:{s:7:"creator";s:4:"Matt";}s:7:"summary";s:150:"<p><a href="http://richgilchrest.com/how-to-add-wordpress-23-tags-to-your-current-theme/">How To Add Wordpress 2.3 Tags To Your Current Theme</a>.</p>";}i:14;a:7:{s:5:"title";s:33:"Donncha: GPL’d MT vs GPL’d WP";s:4:"guid";s:48:"http://ocaoimh.ie/2007/09/15/gpld-mt-vs-gpld-wp/";s:4:"link";s:48:"http://ocaoimh.ie/2007/09/15/gpld-mt-vs-gpld-wp/";s:11:"description";s:628:"<p>Mark has a <a href="http://markjaquith.wordpress.com/2007/09/15/what-a-gpld-movable-type-means-for-wordpress/">great post</a> about the release of the GPL&#8217;d Moveable Type and the differences between it and WordPress. Welcome to fork city!</p>\n<a href="http://ocaoimh.ie/tag/gpl/" rel="tag">GPL</a>, <a href="http://ocaoimh.ie/tag/irishblogs/" rel="tag">irishblogs</a>, <a href="http://ocaoimh.ie/tag/moveabletype/" rel="tag">moveabletype</a>, <a href="http://ocaoimh.ie/tag/mt/" rel="tag">MT</a>, <a href="http://ocaoimh.ie/tag/oss/" rel="tag">OSS</a>, <a href="http://ocaoimh.ie/tag/wordpress/" rel="tag">WordPress</a>";s:7:"pubdate";s:31:"Sat, 15 Sep 2007 22:25:49 +0000";s:2:"dc";a:1:{s:7:"creator";s:7:"Donncha";}s:7:"summary";s:628:"<p>Mark has a <a href="http://markjaquith.wordpress.com/2007/09/15/what-a-gpld-movable-type-means-for-wordpress/">great post</a> about the release of the GPL&#8217;d Moveable Type and the differences between it and WordPress. Welcome to fork city!</p>\n<a href="http://ocaoimh.ie/tag/gpl/" rel="tag">GPL</a>, <a href="http://ocaoimh.ie/tag/irishblogs/" rel="tag">irishblogs</a>, <a href="http://ocaoimh.ie/tag/moveabletype/" rel="tag">moveabletype</a>, <a href="http://ocaoimh.ie/tag/mt/" rel="tag">MT</a>, <a href="http://ocaoimh.ie/tag/oss/" rel="tag">OSS</a>, <a href="http://ocaoimh.ie/tag/wordpress/" rel="tag">WordPress</a>";}i:15;a:7:{s:5:"title";s:59:"Weblog Tools Collection: WordPress Plugin Releases for 9/15";s:4:"guid";s:87:"http://weblogtoolscollection.com/archives/2007/09/15/wordpress-plugin-releases-for-915/";s:4:"link";s:87:"http://weblogtoolscollection.com/archives/2007/09/15/wordpress-plugin-releases-for-915/";s:11:"description";s:1927:"<p><a href="http://www.stuff.yellowswordfish.com/admin-drop-down-menus/">Admin Drop-Down Menus</a> provides one-click selection of admin options via proper drop down menus.</p>\n<p><a href="http://www.maxwordpress.com/plugins/dppp/">Different Posts Per Page</a> allows you to modify the number of posts shown in home, category, archive or search page.</p>\n<p><a href="http://www.stuff.yellowswordfish.com/download-counter-lite/">Download Counter Lite</a> is a simple tracking system to keep a watch on how many downloads your files get.</p>\n<p><a href="http://www.stuff.yellowswordfish.com/download-counter-advanced/">Download Counter Advanced</a> is a more versatile version than the &#8216;Lite&#8217; version which still tracks downloads and keep counts but can also download virtually any file type.</p>\n<p><a href="http://gallina4wp.sourceforge.net/">Gallina 4</a> allows you to publish the starred email from your Gmail to your blog.</p>\n<p><a href="http://blog.zeitgrund.de/category/plugins/link-uploaded-files/">Link Uploaded Files</a> shows and links the uploaded files of a post.</p>\n<p><a href="http://wordpress.org/extend/plugins/openwallet/">openWallet</a> is a login system for websites, which replaces user names and passwords with digital keys and a password.</p>\n<p><a href="http://www.stuff.yellowswordfish.com/page-category-organiser/">Page Category Organizer</a> allows for categories to be assigned to WP pages.</p>\n<p><a href="http://www.stuff.yellowswordfish.com/page-update-notification/">Post/Page Update Notification</a> lets users subscribe to a WordPress &#8216;Page&#8217; so that when you next update it they will be automatically notified by email that is has changed.</p>\n<p><a href="http://www.stuff.yellowswordfish.com/popup-image-gallery/">Popup Image Gallery</a> allows for a user-definable grid of thumbnails and a large, main picture to be placed on a standard WordPress page and posts.</p>";s:7:"pubdate";s:31:"Sat, 15 Sep 2007 04:45:22 +0000";s:2:"dc";a:1:{s:7:"creator";s:11:"Jim Stitzel";}s:7:"summary";s:1927:"<p><a href="http://www.stuff.yellowswordfish.com/admin-drop-down-menus/">Admin Drop-Down Menus</a> provides one-click selection of admin options via proper drop down menus.</p>\n<p><a href="http://www.maxwordpress.com/plugins/dppp/">Different Posts Per Page</a> allows you to modify the number of posts shown in home, category, archive or search page.</p>\n<p><a href="http://www.stuff.yellowswordfish.com/download-counter-lite/">Download Counter Lite</a> is a simple tracking system to keep a watch on how many downloads your files get.</p>\n<p><a href="http://www.stuff.yellowswordfish.com/download-counter-advanced/">Download Counter Advanced</a> is a more versatile version than the &#8216;Lite&#8217; version which still tracks downloads and keep counts but can also download virtually any file type.</p>\n<p><a href="http://gallina4wp.sourceforge.net/">Gallina 4</a> allows you to publish the starred email from your Gmail to your blog.</p>\n<p><a href="http://blog.zeitgrund.de/category/plugins/link-uploaded-files/">Link Uploaded Files</a> shows and links the uploaded files of a post.</p>\n<p><a href="http://wordpress.org/extend/plugins/openwallet/">openWallet</a> is a login system for websites, which replaces user names and passwords with digital keys and a password.</p>\n<p><a href="http://www.stuff.yellowswordfish.com/page-category-organiser/">Page Category Organizer</a> allows for categories to be assigned to WP pages.</p>\n<p><a href="http://www.stuff.yellowswordfish.com/page-update-notification/">Post/Page Update Notification</a> lets users subscribe to a WordPress &#8216;Page&#8217; so that when you next update it they will be automatically notified by email that is has changed.</p>\n<p><a href="http://www.stuff.yellowswordfish.com/popup-image-gallery/">Popup Image Gallery</a> allows for a user-definable grid of thumbnails and a large, main picture to be placed on a standard WordPress page and posts.</p>";}i:16;a:7:{s:5:"title";s:58:"Weblog Tools Collection: WordPress Theme Releases for 9/15";s:4:"guid";s:86:"http://weblogtoolscollection.com/archives/2007/09/15/wordpress-theme-releases-for-915/";s:4:"link";s:86:"http://weblogtoolscollection.com/archives/2007/09/15/wordpress-theme-releases-for-915/";s:11:"description";s:1364:"<p><a href="http://www.bloggercamp.com/2007/09/11/clouded-wordpress-theme-released/">Clouded</a> is a 3-column, widget-ready theme with a sleek, minimalistic feel.</p>\n<p><a href="http://antbag.com/finishline-theme-for-wordpress/">Finishline</a> is a 2-column, widget-ready theme with a sports car theme.</p>\n<p><a href="http://weblogtoolscollection.com/news/topic.php?id=1372">NoWayOut</a> is a 3-column, fixed-width theme that shows the four latest posts assigned by categories on the front page.</p>\n<p><a href="http://flexibul.com/portfolio.php">Pony</a> is a 2-column theme with a light and simple layout.</p>\n<p><a href="http://milo.peety-passion.com/2007/09/12/remo/">Remo</a> is a 2-column theme with artistic header and support for recent comments, related posts, lightbox clone, breadcrumb navigation, and Ultimate Tag Warrior.</p>\n<p><a href="http://www.vikiworks.com/2007/09/11/wp-theme-resurrection/">Resurrection</a> is a 3-column theme with choice of background images and support for Ultimate Tag Warrior, Page Navi, and Twitter-tool.</p>\n<p><a href="http://www.romow.com/blog/free-wordpress-theme-silverysnow/">SilverySnow</a> is a 3-column, widget-ready theme with a snowy winter scene.</p>\n<p><a href="http://www.lich-king.de/wow-lich-king-wordpress-theme/">Wow Lich King</a> is a 3-column, widget-ready theme with a World of Warcraft theme.</p>";s:7:"pubdate";s:31:"Sat, 15 Sep 2007 04:45:22 +0000";s:2:"dc";a:1:{s:7:"creator";s:11:"Jim Stitzel";}s:7:"summary";s:1364:"<p><a href="http://www.bloggercamp.com/2007/09/11/clouded-wordpress-theme-released/">Clouded</a> is a 3-column, widget-ready theme with a sleek, minimalistic feel.</p>\n<p><a href="http://antbag.com/finishline-theme-for-wordpress/">Finishline</a> is a 2-column, widget-ready theme with a sports car theme.</p>\n<p><a href="http://weblogtoolscollection.com/news/topic.php?id=1372">NoWayOut</a> is a 3-column, fixed-width theme that shows the four latest posts assigned by categories on the front page.</p>\n<p><a href="http://flexibul.com/portfolio.php">Pony</a> is a 2-column theme with a light and simple layout.</p>\n<p><a href="http://milo.peety-passion.com/2007/09/12/remo/">Remo</a> is a 2-column theme with artistic header and support for recent comments, related posts, lightbox clone, breadcrumb navigation, and Ultimate Tag Warrior.</p>\n<p><a href="http://www.vikiworks.com/2007/09/11/wp-theme-resurrection/">Resurrection</a> is a 3-column theme with choice of background images and support for Ultimate Tag Warrior, Page Navi, and Twitter-tool.</p>\n<p><a href="http://www.romow.com/blog/free-wordpress-theme-silverysnow/">SilverySnow</a> is a 3-column, widget-ready theme with a snowy winter scene.</p>\n<p><a href="http://www.lich-king.de/wow-lich-king-wordpress-theme/">Wow Lich King</a> is a 3-column, widget-ready theme with a World of Warcraft theme.</p>";}i:17;a:7:{s:5:"title";s:50:"Weblog Tools Collection: WordPress 2.3 en Español";s:4:"guid";s:77:"http://weblogtoolscollection.com/archives/2007/09/14/wordpress-23-en-espanol/";s:4:"link";s:77:"http://weblogtoolscollection.com/archives/2007/09/14/wordpress-23-en-espanol/";s:11:"description";s:608:"<p><a href="http://alexseo.com/wordpress/wordpress-23-en-espanol/">WordPress 2.3 en Español</a>: Alex has translated Wordpress 2.3 into Spanish. Though a few more bugfixes might go into <a href="http://wordpress.org/development/2007/09/wordpress-23-beta-3/">WordPress Beta 3</a>, I believe it is mature enough that there will be few mismatches with the translation. Go grab the .mo file from Alex&#8217;s blog and follow his instructions to setup WordPress in Spanish. In related suggestions, have you <a href="http://wordpress.org/development/2007/09/wordpress-223/">upgraded to WordPress 2.2.3</a> yet</p>";s:7:"pubdate";s:31:"Fri, 14 Sep 2007 14:25:05 +0000";s:2:"dc";a:1:{s:7:"creator";s:10:"Mark Ghosh";}s:7:"summary";s:608:"<p><a href="http://alexseo.com/wordpress/wordpress-23-en-espanol/">WordPress 2.3 en Español</a>: Alex has translated Wordpress 2.3 into Spanish. Though a few more bugfixes might go into <a href="http://wordpress.org/development/2007/09/wordpress-23-beta-3/">WordPress Beta 3</a>, I believe it is mature enough that there will be few mismatches with the translation. Go grab the .mo file from Alex&#8217;s blog and follow his instructions to setup WordPress in Spanish. In related suggestions, have you <a href="http://wordpress.org/development/2007/09/wordpress-223/">upgraded to WordPress 2.2.3</a> yet</p>";}i:18;a:7:{s:5:"title";s:28:"Matt: Mossberg Ubuntu Review";s:4:"guid";s:55:"http://photomatt.net/2007/09/14/mossberg-ubuntu-review/";s:4:"link";s:55:"http://photomatt.net/2007/09/14/mossberg-ubuntu-review/";s:11:"description";s:213:"<p><a href="http://foolswisdom.com/walt-mossberg-wrote-the-safe-article-about-ubuntu-i-still-advise-mainstream-nontechnical-users-to-avoid-linux/">Lloyd has issues with Walt Mossberg&#8217;s Ubuntu review</a>.</p>";s:7:"pubdate";s:31:"Fri, 14 Sep 2007 08:37:38 +0000";s:2:"dc";a:1:{s:7:"creator";s:4:"Matt";}s:7:"summary";s:213:"<p><a href="http://foolswisdom.com/walt-mossberg-wrote-the-safe-article-about-ubuntu-i-still-advise-mainstream-nontechnical-users-to-avoid-linux/">Lloyd has issues with Walt Mossberg&#8217;s Ubuntu review</a>.</p>";}i:19;a:7:{s:5:"title";s:17:"Matt: Support Job";s:4:"guid";s:44:"http://photomatt.net/2007/09/14/support-job/";s:4:"link";s:44:"http://photomatt.net/2007/09/14/support-job/";s:11:"description";s:102:"<p>Automattic <a href="http://automattic.com/jobs/">has a new position we&#8217;re hiring for</a>.</p>";s:7:"pubdate";s:31:"Fri, 14 Sep 2007 07:40:05 +0000";s:2:"dc";a:1:{s:7:"creator";s:4:"Matt";}s:7:"summary";s:102:"<p>Automattic <a href="http://automattic.com/jobs/">has a new position we&#8217;re hiring for</a>.</p>";}i:20;a:7:{s:5:"title";s:24:"Matt: Vote for CMS Award";s:4:"guid";s:42:"http://photomatt.net/2007/09/13/cms-award/";s:4:"link";s:42:"http://photomatt.net/2007/09/13/cms-award/";s:11:"description";s:237:"<p><a href="http://www.packtpub.com/article/best-open-source-social-networking-cms-award-final-wordpress">Vote for WordPress in the Best Open Source Social Networking CMS Award</a>. No, I have no idea what that category means either.</p>";s:7:"pubdate";s:31:"Fri, 14 Sep 2007 02:26:40 +0000";s:2:"dc";a:1:{s:7:"creator";s:4:"Matt";}s:7:"summary";s:237:"<p><a href="http://www.packtpub.com/article/best-open-source-social-networking-cms-award-final-wordpress">Vote for WordPress in the Best Open Source Social Networking CMS Award</a>. No, I have no idea what that category means either.</p>";}i:21;a:7:{s:5:"title";s:58:"Weblog Tools Collection: WordPress File Uploads With IIS 7";s:4:"guid";s:87:"http://weblogtoolscollection.com/archives/2007/09/13/wordpress-file-uploads-with-iis-7/";s:4:"link";s:87:"http://weblogtoolscollection.com/archives/2007/09/13/wordpress-file-uploads-with-iis-7/";s:11:"description";s:263:"<p><a href="http://joseph.randomnetworks.com/archives/2007/09/04/wordpress-file-uploads-with-iis/">WordPress File Uploads With IIS</a>: Joseph figured out how to fix permission issues with IIS 7, PHP 5 and Windows Vista. This might help someone in the future.</p>";s:7:"pubdate";s:31:"Thu, 13 Sep 2007 22:40:25 +0000";s:2:"dc";a:1:{s:7:"creator";s:10:"Mark Ghosh";}s:7:"summary";s:263:"<p><a href="http://joseph.randomnetworks.com/archives/2007/09/04/wordpress-file-uploads-with-iis/">WordPress File Uploads With IIS</a>: Joseph figured out how to fix permission issues with IIS 7, PHP 5 and Windows Vista. This might help someone in the future.</p>";}i:22;a:7:{s:5:"title";s:21:"Matt: WordCamp Videos";s:4:"guid";s:48:"http://photomatt.net/2007/09/13/wordcamp-videos/";s:4:"link";s:48:"http://photomatt.net/2007/09/13/wordcamp-videos/";s:11:"description";s:196:"<p>Most of the <a href="http://2007.wordcamp.org/schedule/">session pages on the 2007 WordCamp site</a> now have videos on them, taken by <a href="http://onemansblog.com/">John Pozadzides</a>.</p>";s:7:"pubdate";s:31:"Thu, 13 Sep 2007 20:24:02 +0000";s:2:"dc";a:1:{s:7:"creator";s:4:"Matt";}s:7:"summary";s:196:"<p>Most of the <a href="http://2007.wordcamp.org/schedule/">session pages on the 2007 WordCamp site</a> now have videos on them, taken by <a href="http://onemansblog.com/">John Pozadzides</a>.</p>";}i:23;a:7:{s:5:"title";s:50:"Weblog Tools Collection: Akismet Auntie Spam Ver 2";s:4:"guid";s:79:"http://weblogtoolscollection.com/archives/2007/09/13/akismet-auntie-spam-ver-2/";s:4:"link";s:79:"http://weblogtoolscollection.com/archives/2007/09/13/akismet-auntie-spam-ver-2/";s:11:"description";s:620:"<p><a href="http://internetducttape.com/2007/09/13/akismet-maintenance-akismet-auntie-spam/">Managing Spam Maintenance with Akismet Auntie Spam Version 2</a>: engtech has updated his &#8220;Akismet Auntie Spam&#8221; greasemonkey script. This new version has some nice improvements including collation of spam from the same IPs, grouping by sender, better usability and quite a few other slick new features. If a lot of spam gets caught in your Akismet plugin and you need to run through them quickly to weed out false positives, this script is the ticket. I have been using it since the original beta and I like it.</p>";s:7:"pubdate";s:31:"Thu, 13 Sep 2007 15:15:24 +0000";s:2:"dc";a:1:{s:7:"creator";s:10:"Mark Ghosh";}s:7:"summary";s:620:"<p><a href="http://internetducttape.com/2007/09/13/akismet-maintenance-akismet-auntie-spam/">Managing Spam Maintenance with Akismet Auntie Spam Version 2</a>: engtech has updated his &#8220;Akismet Auntie Spam&#8221; greasemonkey script. This new version has some nice improvements including collation of spam from the same IPs, grouping by sender, better usability and quite a few other slick new features. If a lot of spam gets caught in your Akismet plugin and you need to run through them quickly to weed out false positives, this script is the ticket. I have been using it since the original beta and I like it.</p>";}i:24;a:7:{s:5:"title";s:27:"Matt: The Shifted Librarian";s:4:"guid";s:54:"http://photomatt.net/2007/09/13/the-shifted-librarian/";s:4:"link";s:54:"http://photomatt.net/2007/09/13/the-shifted-librarian/";s:11:"description";s:171:"<p><a href="http://theshiftedlibrarian.com/">The Shifted Librarian is now on WordPress</a>. <cite>Hat tip: <a href="http://www.almaren.ch/">Serge K. Keller</a>.</cite></p>";s:7:"pubdate";s:31:"Thu, 13 Sep 2007 09:36:06 +0000";s:2:"dc";a:1:{s:7:"creator";s:4:"Matt";}s:7:"summary";s:171:"<p><a href="http://theshiftedlibrarian.com/">The Shifted Librarian is now on WordPress</a>. <cite>Hat tip: <a href="http://www.almaren.ch/">Serge K. Keller</a>.</cite></p>";}i:25;a:7:{s:5:"title";s:59:"Weblog Tools Collection: WordPress Plugin Releases for 9/13";s:4:"guid";s:87:"http://weblogtoolscollection.com/archives/2007/09/13/wordpress-plugin-releases-for-913/";s:4:"link";s:87:"http://weblogtoolscollection.com/archives/2007/09/13/wordpress-plugin-releases-for-913/";s:11:"description";s:1553:"<p><a href="http://www.askapache.com/seo/404-google-wordpress-plugin.html">AskApache Google 404</a> uses some ajax code and a few tricks to display a very helpful and SEO Error Page.</p>\n<p><a href="http://www.meramenteilustrativo.com.br/wordpress/">Composite Post</a> allows you to create posts and pages composed of other posts/pages/all posts in a category.</p>\n<p><a href="http://www.michelem.org/wordpress-plugin-nofollow-free/">NoFollow Free</a> removes the &#8220;nofollow&#8221; tag from your Wordpress blog&#8217;s comments and provides the option to insert a &#8220;NoFollow Free&#8221; band at the top of your blog.</p>\n<p><a href="http://wordpress.designpraxis.at/plugins/phpinfo/">PHPInfo</a> gives you important information from your server configuration for posting at various WordPress support forums.</p>\n<p><a href="http://fairyfish.net/2007/09/12/wordpress-23-related-posts-plugin/">Related Posts</a> generates a list of related posts via WordPress 2.3 tags and adds the related posts to your feed.</p>\n<p><a href="http://www.zyblog.de/wordpress-plugins/seekxl-snapr/">seekXL Snapr</a> attaches a tooltip with a screenshot of the link target to every external link.</p>\n<p><a href="http://www.laptoptips.ca/projects/wp-shutter-reloaded/">Shutter Reloaded</a> is an image viewer for your website that works similarly to Lightbox, Thickbox, etc. with a file size of only 8KB.</p>\n<p><a href="http://www.bimberstube.de/blog/software/spgm-latest-galleries/">SPGM Latest Galleries</a> shows the latest galleries from your SPGM Gallery.</p>";s:7:"pubdate";s:31:"Thu, 13 Sep 2007 05:00:25 +0000";s:2:"dc";a:1:{s:7:"creator";s:11:"Jim Stitzel";}s:7:"summary";s:1553:"<p><a href="http://www.askapache.com/seo/404-google-wordpress-plugin.html">AskApache Google 404</a> uses some ajax code and a few tricks to display a very helpful and SEO Error Page.</p>\n<p><a href="http://www.meramenteilustrativo.com.br/wordpress/">Composite Post</a> allows you to create posts and pages composed of other posts/pages/all posts in a category.</p>\n<p><a href="http://www.michelem.org/wordpress-plugin-nofollow-free/">NoFollow Free</a> removes the &#8220;nofollow&#8221; tag from your Wordpress blog&#8217;s comments and provides the option to insert a &#8220;NoFollow Free&#8221; band at the top of your blog.</p>\n<p><a href="http://wordpress.designpraxis.at/plugins/phpinfo/">PHPInfo</a> gives you important information from your server configuration for posting at various WordPress support forums.</p>\n<p><a href="http://fairyfish.net/2007/09/12/wordpress-23-related-posts-plugin/">Related Posts</a> generates a list of related posts via WordPress 2.3 tags and adds the related posts to your feed.</p>\n<p><a href="http://www.zyblog.de/wordpress-plugins/seekxl-snapr/">seekXL Snapr</a> attaches a tooltip with a screenshot of the link target to every external link.</p>\n<p><a href="http://www.laptoptips.ca/projects/wp-shutter-reloaded/">Shutter Reloaded</a> is an image viewer for your website that works similarly to Lightbox, Thickbox, etc. with a file size of only 8KB.</p>\n<p><a href="http://www.bimberstube.de/blog/software/spgm-latest-galleries/">SPGM Latest Galleries</a> shows the latest galleries from your SPGM Gallery.</p>";}i:26;a:7:{s:5:"title";s:44:"Lorelle on WP: WordPress: It Takes a Village";s:4:"guid";s:69:"http://lorelle.wordpress.com/2007/09/12/wordpress-it-takes-a-village/";s:4:"link";s:69:"http://lorelle.wordpress.com/2007/09/12/wordpress-it-takes-a-village/";s:11:"description";s:4015:"<div class="snap_preview"><p><a href="http://lorelle.wordpress.com/tag/wordpress-news/" title="WordPress News"><img src="http://lorelle.files.wordpress.com/2007/01/wpnews1.png" alt="WordPress News" align="right" /></a><br />\n<a href="http://planetozh.com/blog/2007/09/wordpress-bug-fixers-heat-map/" title="WordPress Bug Fixers Heat Map">Ozh of Planet Ozh has created the WordPress Bug Fixers Heat Map</a>, a tag cloud of the volunteers and staff of Automattic who dedicate so much of their time and energy to making WordPress work and evolve. </p>\n<p>I looked at this list and my throat started to close up. Tears welled. I wanted to reach through the screen to each name on this list, no matter how big or small, and hug them.</p>\n<p>These are the people who make WordPress go. These are the people who give of their time, energy, money, and life to make WordPress the powerful tool it is. </p>\n<p>Only a few names on this list are paid staff, and of those, they are employees only recently, haven proven their skills and work ethic as a volunteer, in some cases, for years. </p>\n<p>The majority of these are volunteers. People who give of their creativity and coding skill to improve WordPress. Without compensation - okay, WordPress is improved which makes their blogging life easier as well as ours. In a way, that&#8217;s compensation enough for most of these people.</p>\n<p>Ozh, thank you for creating this incredible list and for showing us the folks behind the curtain that give us the tools to keep sharing our words and thoughts with the world.</p>\n<p>And thank you to everyone on the list. You are my stars. You are my heroes and heroines. </p>\n<p>Without you, my daily struggle to share the little nothings that beg to be written down for the world to see would be a battle. You make my life easier. You make it fuller by helping me meet and greet folks from all over the world with my blog. You make it easier for me to stop trolls, bullies, spammers, and evil doers, making my online playground a safe place to play. You help me fix the dumb things I do when I write a post. You listen when I and others bitch and whine about this and that not working and you work to make it work and make it work better. You make it easier for me to help readers read my blog and find the information they need to help them blog, write, work, and live better.</p>\n<p>We owe our blogging life to your hard work.</p>\n<p>Thank you.</p>\n<p><img src="http://lorelle.files.wordpress.com/2006/08/sig.gif" alt="" /><img src="http://lorelle.files.wordpress.com/2006/08/9rules.gif" alt="Member of the 9Rules Blogging Network" /><br />\n<hr />\n<p><font size="-1"><b>Site Search Tags:</b> <a href="http://lorelle.wordpress.com/index.php?s=thank+you+wordpress" rel="tag">thank you wordpress</a> <br /><a href="http://lorelle.wordpress.com/feed/" title="Feed on Lorelle on WordPress"><img class="wp-smiley" src="http://lorelle.files.wordpress.com/2007/02/rss.png" alt="Feed on Lorelle on WordPress" /></a> <a href="http://lorelle.wordpress.com/feed/" title="Feed on Lorelle on WordPress">Subscribe</a>  <a href="http://feeds.feedburner.com/LorelleOnWordpress" title="Feedburner Lorelle on WordPress Feed"><img class="wp-smiley" src="http://lorelle.files.wordpress.com/2007/04/feedburnericon.gif" alt="Feedburner icon" />Via Feedburner</a>  <a href="http://www.feedblitz.com/f/?Sub=182399" title="Lorelle on WordPress - full site feed email subscription"><img class="wp-smiley" src="http://lorelle.files.wordpress.com/2007/03/email.gif" alt="" />Subscribe by Email</a></p>\n<p><a href="http://lorelle.wordpress.com/about/" title="Copyright Protected by Brent and Lorelle VanFossen">Copyright Lorelle VanFossen</a>, member of the <a href="http://9rules.com/" title="Member of 9Rules Blogging Network">9Rules Network</a>, and author of <a href="http://lorelle.wordpress.com/books/blogging-tips/" title="Blogging Tips Book By Lorelle VanFossen"><em>Blogging Tips, What Bloggers Won''t Tell You About Blogging</em></a>.</font></p>\n</div>";s:7:"pubdate";s:31:"Thu, 13 Sep 2007 00:31:10 +0000";s:2:"dc";a:1:{s:7:"creator";s:17:"Lorelle VanFossen";}s:7:"summary";s:4015:"<div class="snap_preview"><p><a href="http://lorelle.wordpress.com/tag/wordpress-news/" title="WordPress News"><img src="http://lorelle.files.wordpress.com/2007/01/wpnews1.png" alt="WordPress News" align="right" /></a><br />\n<a href="http://planetozh.com/blog/2007/09/wordpress-bug-fixers-heat-map/" title="WordPress Bug Fixers Heat Map">Ozh of Planet Ozh has created the WordPress Bug Fixers Heat Map</a>, a tag cloud of the volunteers and staff of Automattic who dedicate so much of their time and energy to making WordPress work and evolve. </p>\n<p>I looked at this list and my throat started to close up. Tears welled. I wanted to reach through the screen to each name on this list, no matter how big or small, and hug them.</p>\n<p>These are the people who make WordPress go. These are the people who give of their time, energy, money, and life to make WordPress the powerful tool it is. </p>\n<p>Only a few names on this list are paid staff, and of those, they are employees only recently, haven proven their skills and work ethic as a volunteer, in some cases, for years. </p>\n<p>The majority of these are volunteers. People who give of their creativity and coding skill to improve WordPress. Without compensation - okay, WordPress is improved which makes their blogging life easier as well as ours. In a way, that&#8217;s compensation enough for most of these people.</p>\n<p>Ozh, thank you for creating this incredible list and for showing us the folks behind the curtain that give us the tools to keep sharing our words and thoughts with the world.</p>\n<p>And thank you to everyone on the list. You are my stars. You are my heroes and heroines. </p>\n<p>Without you, my daily struggle to share the little nothings that beg to be written down for the world to see would be a battle. You make my life easier. You make it fuller by helping me meet and greet folks from all over the world with my blog. You make it easier for me to stop trolls, bullies, spammers, and evil doers, making my online playground a safe place to play. You help me fix the dumb things I do when I write a post. You listen when I and others bitch and whine about this and that not working and you work to make it work and make it work better. You make it easier for me to help readers read my blog and find the information they need to help them blog, write, work, and live better.</p>\n<p>We owe our blogging life to your hard work.</p>\n<p>Thank you.</p>\n<p><img src="http://lorelle.files.wordpress.com/2006/08/sig.gif" alt="" /><img src="http://lorelle.files.wordpress.com/2006/08/9rules.gif" alt="Member of the 9Rules Blogging Network" /><br />\n<hr />\n<p><font size="-1"><b>Site Search Tags:</b> <a href="http://lorelle.wordpress.com/index.php?s=thank+you+wordpress" rel="tag">thank you wordpress</a> <br /><a href="http://lorelle.wordpress.com/feed/" title="Feed on Lorelle on WordPress"><img class="wp-smiley" src="http://lorelle.files.wordpress.com/2007/02/rss.png" alt="Feed on Lorelle on WordPress" /></a> <a href="http://lorelle.wordpress.com/feed/" title="Feed on Lorelle on WordPress">Subscribe</a>  <a href="http://feeds.feedburner.com/LorelleOnWordpress" title="Feedburner Lorelle on WordPress Feed"><img class="wp-smiley" src="http://lorelle.files.wordpress.com/2007/04/feedburnericon.gif" alt="Feedburner icon" />Via Feedburner</a>  <a href="http://www.feedblitz.com/f/?Sub=182399" title="Lorelle on WordPress - full site feed email subscription"><img class="wp-smiley" src="http://lorelle.files.wordpress.com/2007/03/email.gif" alt="" />Subscribe by Email</a></p>\n<p><a href="http://lorelle.wordpress.com/about/" title="Copyright Protected by Brent and Lorelle VanFossen">Copyright Lorelle VanFossen</a>, member of the <a href="http://9rules.com/" title="Member of 9Rules Blogging Network">9Rules Network</a>, and author of <a href="http://lorelle.wordpress.com/books/blogging-tips/" title="Blogging Tips Book By Lorelle VanFossen"><em>Blogging Tips, What Bloggers Won''t Tell You About Blogging</em></a>.</font></p>\n</div>";}i:27;a:7:{s:5:"title";s:32:"Ryan Boren: WordPress 2.3 Beta 3";s:4:"guid";s:56:"http://boren.nu/archives/2007/09/11/wordpress-23-beta-3/";s:4:"link";s:56:"http://boren.nu/archives/2007/09/11/wordpress-23-beta-3/";s:11:"description";s:957:"<p><a href="http://wordpress.org/development/2007/09/wordpress-23-beta-3/">WordPress 2.3 Beta 3</a> went out last night.  We had quite a bit of <a href="http://trac.wordpress.org/timeline?from=09%2F10%2F07&amp;daysback=6&amp;milestone=on&amp;ticket=on&amp;changeset=on&amp;wiki=on&amp;update=Update">activity</a> since beta 2, with lots of bugs getting fixed.  Beta 3 should be that much more solid and polished.  Thanks to those who tried the betas and joined the bug hunts.</p>\n<p>We&#8217;re on track for our first Release Candidate next Monday.  Until then we&#8217;ll be triaging bugs and eliminating those that are deemed release blockers.  The last <a href="http://codex.wordpress.org/WordPress_Bug_Hunts">bug hunt</a> before releasing the RC will be on <a href="http://www.timeanddate.com/worldclock/fixedtime.html?month=9&amp;day=12&amp;year=2007&amp;hour=17&amp;min=0&amp;sec=0&amp;p1=0">Wednesday, September 12, 2007 at 17:00:00 UTC time</a>.</p>";s:7:"pubdate";s:31:"Tue, 11 Sep 2007 17:49:45 +0000";s:2:"dc";a:1:{s:7:"creator";s:4:"Ryan";}s:7:"summary";s:957:"<p><a href="http://wordpress.org/development/2007/09/wordpress-23-beta-3/">WordPress 2.3 Beta 3</a> went out last night.  We had quite a bit of <a href="http://trac.wordpress.org/timeline?from=09%2F10%2F07&amp;daysback=6&amp;milestone=on&amp;ticket=on&amp;changeset=on&amp;wiki=on&amp;update=Update">activity</a> since beta 2, with lots of bugs getting fixed.  Beta 3 should be that much more solid and polished.  Thanks to those who tried the betas and joined the bug hunts.</p>\n<p>We&#8217;re on track for our first Release Candidate next Monday.  Until then we&#8217;ll be triaging bugs and eliminating those that are deemed release blockers.  The last <a href="http://codex.wordpress.org/WordPress_Bug_Hunts">bug hunt</a> before releasing the RC will be on <a href="http://www.timeanddate.com/worldclock/fixedtime.html?month=9&amp;day=12&amp;year=2007&amp;hour=17&amp;min=0&amp;sec=0&amp;p1=0">Wednesday, September 12, 2007 at 17:00:00 UTC time</a>.</p>";}i:28;a:7:{s:5:"title";s:58:"Weblog Tools Collection: WordPress Theme Releases for 9/11";s:4:"guid";s:86:"http://weblogtoolscollection.com/archives/2007/09/11/wordpress-theme-releases-for-911/";s:4:"link";s:86:"http://weblogtoolscollection.com/archives/2007/09/11/wordpress-theme-releases-for-911/";s:11:"description";s:1302:"<p><a href="http://www.darganov.com/wordpress-themes/blue-chillout-space-wordpress-theme-69.html">Blue Chillout Space</a> is a 2-column, widget-ready theme with a blue color scheme.</p>\n<p><a href="http://samirkamble.com/blue-stripes-theme-ajax-version/">Blue Stripes</a> is a 3-column, widget- and adsense-ready theme that comes in both AJAX and non-AJAX varieties.</p>\n<p><a href="http://www.fireandknowledge.org/archives/2007/09/05/blueprint-wordpress-theme/">Blueprint</a> is a 2-column, widget-ready theme with a stylesheet designed for easy customizability.</p>\n<p><a href="http://pupungbp.erastica.com/wordpress-theme/the-global-warming-theme/">The Global Warming Theme</a> is a 3-column theme aimed to raised awareness about the environment.</p>\n<p><a href="http://www.romow.com/blog/3-column-wordpress-theme-greenwave/">Greenwave</a> is a 3-column, widget-ready theme with header graphic and date icons.</p>\n<p><a href="http://myblogit.net/2007/09/07/wordpress-theme-upgrade-loopy-blue-2/">Loopy Blue</a> is a 2-column, widget-ready theme.</p>\n<p><a href="http://nofieiman.com/2007/09/prisa-wordpress-theme/">Prisa</a> is a 2-column, minimalist theme.</p>\n<p><a href="http://www.bloggercamp.com/2007/09/10/simpleton-wordpress-theme-released/">Simpleton</a> is a 3-column, minimalist theme.</p>";s:7:"pubdate";s:31:"Tue, 11 Sep 2007 05:00:27 +0000";s:2:"dc";a:1:{s:7:"creator";s:11:"Jim Stitzel";}s:7:"summary";s:1302:"<p><a href="http://www.darganov.com/wordpress-themes/blue-chillout-space-wordpress-theme-69.html">Blue Chillout Space</a> is a 2-column, widget-ready theme with a blue color scheme.</p>\n<p><a href="http://samirkamble.com/blue-stripes-theme-ajax-version/">Blue Stripes</a> is a 3-column, widget- and adsense-ready theme that comes in both AJAX and non-AJAX varieties.</p>\n<p><a href="http://www.fireandknowledge.org/archives/2007/09/05/blueprint-wordpress-theme/">Blueprint</a> is a 2-column, widget-ready theme with a stylesheet designed for easy customizability.</p>\n<p><a href="http://pupungbp.erastica.com/wordpress-theme/the-global-warming-theme/">The Global Warming Theme</a> is a 3-column theme aimed to raised awareness about the environment.</p>\n<p><a href="http://www.romow.com/blog/3-column-wordpress-theme-greenwave/">Greenwave</a> is a 3-column, widget-ready theme with header graphic and date icons.</p>\n<p><a href="http://myblogit.net/2007/09/07/wordpress-theme-upgrade-loopy-blue-2/">Loopy Blue</a> is a 2-column, widget-ready theme.</p>\n<p><a href="http://nofieiman.com/2007/09/prisa-wordpress-theme/">Prisa</a> is a 2-column, minimalist theme.</p>\n<p><a href="http://www.bloggercamp.com/2007/09/10/simpleton-wordpress-theme-released/">Simpleton</a> is a 3-column, minimalist theme.</p>";}i:29;a:7:{s:5:"title";s:59:"Weblog Tools Collection: WordPress Plugin Releases for 9/11";s:4:"guid";s:87:"http://weblogtoolscollection.com/archives/2007/09/11/wordpress-plugin-releases-for-911/";s:4:"link";s:87:"http://weblogtoolscollection.com/archives/2007/09/11/wordpress-plugin-releases-for-911/";s:11:"description";s:1278:"<p><a href="http://www.cywhale.de/cystats-wordpress-statistik-plugin/cystats-download-und-installation/">CyStats</a> is a statistics system including information about blog, hits, clients, and more.</p>\n<p><a href="http://wordpress.designpraxis.at/plugins/file-icons/">File Icons</a> adds icons via CSS to your links. </p>\n<p><a href="http://blogtalk.isgreat.org/?p=16">Firefox Detective</a> places a &#8216;Download Firefox&#8217; graphic on your blog for your IE readers.</p>\n<p><a href="http://www.dailyblogtips.com/homepage-excerpts-wordpress-plugin/">Homepage Excerpts</a> makes blogs that use full posts on the homepage more search engine friendly and gives flexibility to people that want to use both full posts and excerpts on the homepage.</p>\n<p><a href="http://wordpress.org/extend/plugins/more-link-modifier/">More Link Modifier</a> allows you to modify the link that is displayed when you use the feature.</p>\n<p><a href="http://wordpress.designpraxis.at/plugins/plugin-downloads/">Plugin Downloads</a> shows your plugins hosted on http://svn.wp-plugins.org/ and summarizes the download statistics.</p>\n<p><a href="http://www.zyblog.de/wordpress-plugins/sociable-zyblog-edition/">Sociable Zyblog</a> adds links on your posts to popular social bookmarking sites.</p>";s:7:"pubdate";s:31:"Tue, 11 Sep 2007 05:00:27 +0000";s:2:"dc";a:1:{s:7:"creator";s:11:"Jim Stitzel";}s:7:"summary";s:1278:"<p><a href="http://www.cywhale.de/cystats-wordpress-statistik-plugin/cystats-download-und-installation/">CyStats</a> is a statistics system including information about blog, hits, clients, and more.</p>\n<p><a href="http://wordpress.designpraxis.at/plugins/file-icons/">File Icons</a> adds icons via CSS to your links. </p>\n<p><a href="http://blogtalk.isgreat.org/?p=16">Firefox Detective</a> places a &#8216;Download Firefox&#8217; graphic on your blog for your IE readers.</p>\n<p><a href="http://www.dailyblogtips.com/homepage-excerpts-wordpress-plugin/">Homepage Excerpts</a> makes blogs that use full posts on the homepage more search engine friendly and gives flexibility to people that want to use both full posts and excerpts on the homepage.</p>\n<p><a href="http://wordpress.org/extend/plugins/more-link-modifier/">More Link Modifier</a> allows you to modify the link that is displayed when you use the feature.</p>\n<p><a href="http://wordpress.designpraxis.at/plugins/plugin-downloads/">Plugin Downloads</a> shows your plugins hosted on http://svn.wp-plugins.org/ and summarizes the download statistics.</p>\n<p><a href="http://www.zyblog.de/wordpress-plugins/sociable-zyblog-edition/">Sociable Zyblog</a> adds links on your posts to popular social bookmarking sites.</p>";}i:30;a:7:{s:5:"title";s:30:"Dev Blog: WordPress 2.3 Beta 3";s:4:"guid";s:61:"http://wordpress.org/development/2007/09/wordpress-23-beta-3/";s:4:"link";s:61:"http://wordpress.org/development/2007/09/wordpress-23-beta-3/";s:11:"description";s:643:"<p>Beta 3, the third and final beta for WordPress 2.3, is now available. Many bugs have been fixed since the second beta, and we could use your help finding and fixing more bugs in preparation for the first Release Candidate due next Monday.  The standard disclaimer for betas applies.  Beta 3 is pre-release software that is still being tested.  If you would like try out Beta 3 and help <a href="http://trac.wordpress.org/newticket">report bugs</a>, <a href="http://lists.automattic.com/mailman/listinfo/wp-testers">join the wp-testers mailing list</a> and <a href="http://wordpress.org/wordpress-2.3-beta3.zip">download beta 3 here</a>.</p>";s:7:"pubdate";s:31:"Tue, 11 Sep 2007 03:24:42 +0000";s:2:"dc";a:1:{s:7:"creator";s:4:"Ryan";}s:7:"summary";s:643:"<p>Beta 3, the third and final beta for WordPress 2.3, is now available. Many bugs have been fixed since the second beta, and we could use your help finding and fixing more bugs in preparation for the first Release Candidate due next Monday.  The standard disclaimer for betas applies.  Beta 3 is pre-release software that is still being tested.  If you would like try out Beta 3 and help <a href="http://trac.wordpress.org/newticket">report bugs</a>, <a href="http://lists.automattic.com/mailman/listinfo/wp-testers">join the wp-testers mailing list</a> and <a href="http://wordpress.org/wordpress-2.3-beta3.zip">download beta 3 here</a>.</p>";}i:31;a:7:{s:5:"title";s:27:"Donncha: WordPress MU 1.2.5";s:4:"guid";s:46:"http://ocaoimh.ie/2007/09/10/wordpress-mu-125/";s:4:"link";s:46:"http://ocaoimh.ie/2007/09/10/wordpress-mu-125/";s:11:"description";s:2893:"<p>A new release of <a href="http://mu.wordpress.org/">WordPress MU</a>, the multi-user, multi-blog version of WordPress is <a href="http://mu.wordpress.org/download/">now available</a>.</p>\n<p>This is a security release to address issues brought to our attention by <a href="http://www.buayacorp.com/">Alexander Concha</a> who I must thank for his unfailing patience while we sorted out this release.</p>\n<p>Edit: this release <em>is</em> based on WordPress 2.2.3. Unfortunately a last minute bug crept in where post titles looked like post slugs when viewed on your blog. I quickly rolled together a new minor release, 1.2.5a which has an updated <a href="http://trac.mu.wordpress.org/browser/trunk/wp-includes/wpmu-functions.php?rev=1053">wpmu-functions.php</a>. The download page has been updated too. If you have already updated your install, all you have to do is go to <a href="http://trac.mu.wordpress.org/browser/trunk/wp-includes/wpmu-functions.php?rev=1053">this page</a> and download a new wpmu-functions.php and place it in your wp-includes directory. Apologies for the mix up!</p>\n<p>Edit 2: I forgot to mention yesterday that a lot of the functions that were in the files in mu-plugins/ have been moved into wp-includes/wpmu-functions.php so move those files out of the way if you get errors about functions already existing. As stated previously on the forum, kses.php is synced with the one in WordPress which means class and id will be stripped from posts. If you&#8217;re happy for your users to use the class and id tag attributes then the following function will come in handy. Put it in mu-plugins/kses.php where it will be activated automatically.</p>\n<blockquote><p><code>function addabitofclass( $tags ) {<br />\n&nbsp;&nbsp;&nbsp;&nbsp;global $allowedposttags;<br />\n&nbsp;&nbsp;&nbsp;&nbsp;foreach( $allowedposttags as $tag => $attr ) {<br />\n&nbsp;&nbsp;&nbsp;&nbsp;&nbsp;&nbsp;&nbsp;&nbsp;$attr[ ''class'' ] = array();<br />\n&nbsp;&nbsp;&nbsp;&nbsp;&nbsp;&nbsp;&nbsp;&nbsp;$attr[ ''id'' ] = array();<br />\n&nbsp;&nbsp;&nbsp;&nbsp;&nbsp;&nbsp;&nbsp;&nbsp;$allowedposttags[ $tag ] = $attr;<br />\n&nbsp;&nbsp;&nbsp;&nbsp;}<br />\n&nbsp;&nbsp;&nbsp;&nbsp;return $allowedposttags;<br />\n}<br />\nadd_filter( ''edit_allowedposttags'', ''addabitofclass'' );<br />\n</code></p></blockquote>\n<p>The observant among you will notice I forgot to assign the result of the filter in wp-includes/kses.php. This has <a href="http://trac.mu.wordpress.org/changeset/1055">since been fixed</a> but it was too late for this release. Making it a global in the function above was a suitable work around.</p>\n<a href="http://ocaoimh.ie/tag/alexander-concha/" rel="tag">Alexander Concha</a>, <a href="http://ocaoimh.ie/tag/irishblogs/" rel="tag">irishblogs</a>, <a href="http://ocaoimh.ie/tag/wordpress/" rel="tag">WordPress</a>, <a href="http://ocaoimh.ie/tag/wordpressmu/" rel="tag">wordpressmu</a>";s:7:"pubdate";s:31:"Mon, 10 Sep 2007 19:17:26 +0000";s:2:"dc";a:1:{s:7:"creator";s:7:"Donncha";}s:7:"summary";s:2893:"<p>A new release of <a href="http://mu.wordpress.org/">WordPress MU</a>, the multi-user, multi-blog version of WordPress is <a href="http://mu.wordpress.org/download/">now available</a>.</p>\n<p>This is a security release to address issues brought to our attention by <a href="http://www.buayacorp.com/">Alexander Concha</a> who I must thank for his unfailing patience while we sorted out this release.</p>\n<p>Edit: this release <em>is</em> based on WordPress 2.2.3. Unfortunately a last minute bug crept in where post titles looked like post slugs when viewed on your blog. I quickly rolled together a new minor release, 1.2.5a which has an updated <a href="http://trac.mu.wordpress.org/browser/trunk/wp-includes/wpmu-functions.php?rev=1053">wpmu-functions.php</a>. The download page has been updated too. If you have already updated your install, all you have to do is go to <a href="http://trac.mu.wordpress.org/browser/trunk/wp-includes/wpmu-functions.php?rev=1053">this page</a> and download a new wpmu-functions.php and place it in your wp-includes directory. Apologies for the mix up!</p>\n<p>Edit 2: I forgot to mention yesterday that a lot of the functions that were in the files in mu-plugins/ have been moved into wp-includes/wpmu-functions.php so move those files out of the way if you get errors about functions already existing. As stated previously on the forum, kses.php is synced with the one in WordPress which means class and id will be stripped from posts. If you&#8217;re happy for your users to use the class and id tag attributes then the following function will come in handy. Put it in mu-plugins/kses.php where it will be activated automatically.</p>\n<blockquote><p><code>function addabitofclass( $tags ) {<br />\n&nbsp;&nbsp;&nbsp;&nbsp;global $allowedposttags;<br />\n&nbsp;&nbsp;&nbsp;&nbsp;foreach( $allowedposttags as $tag => $attr ) {<br />\n&nbsp;&nbsp;&nbsp;&nbsp;&nbsp;&nbsp;&nbsp;&nbsp;$attr[ ''class'' ] = array();<br />\n&nbsp;&nbsp;&nbsp;&nbsp;&nbsp;&nbsp;&nbsp;&nbsp;$attr[ ''id'' ] = array();<br />\n&nbsp;&nbsp;&nbsp;&nbsp;&nbsp;&nbsp;&nbsp;&nbsp;$allowedposttags[ $tag ] = $attr;<br />\n&nbsp;&nbsp;&nbsp;&nbsp;}<br />\n&nbsp;&nbsp;&nbsp;&nbsp;return $allowedposttags;<br />\n}<br />\nadd_filter( ''edit_allowedposttags'', ''addabitofclass'' );<br />\n</code></p></blockquote>\n<p>The observant among you will notice I forgot to assign the result of the filter in wp-includes/kses.php. This has <a href="http://trac.mu.wordpress.org/changeset/1055">since been fixed</a> but it was too late for this release. Making it a global in the function above was a suitable work around.</p>\n<a href="http://ocaoimh.ie/tag/alexander-concha/" rel="tag">Alexander Concha</a>, <a href="http://ocaoimh.ie/tag/irishblogs/" rel="tag">irishblogs</a>, <a href="http://ocaoimh.ie/tag/wordpress/" rel="tag">WordPress</a>, <a href="http://ocaoimh.ie/tag/wordpressmu/" rel="tag">wordpressmu</a>";}i:32;a:7:{s:5:"title";s:57:"Weblog Tools Collection: WeblogToolsCollection Web Widget";s:4:"guid";s:86:"http://weblogtoolscollection.com/archives/2007/09/10/weblogtoolscollection-web-widget/";s:4:"link";s:86:"http://weblogtoolscollection.com/archives/2007/09/10/weblogtoolscollection-web-widget/";s:11:"description";s:822:"<p><a href="http://www.widgetbox.com/widget/weblog-tools-collection">Weblog Tools Collection web widget</a>: If you ever thought that the material published on this blog might be helpful to your readers as well, you can now post a widget on your blog or webpage with the most recently published articles from WeblogToolsCollection.com The widget looks nice, is configurable and loads quite fast but that is not all. You can also <a href="http://www.widgetbox.com/">publish your own widgets</a> with content from any other source including your own blog by using the &#8220;blidget&#8221; (blog + widget) tool from Widgetbox. After you get your own blidget, make sure you check out the other available widgets on Widgetbox. The variety of widgets available is mind boggling and might be fun to tinker with on your blog.</p>";s:7:"pubdate";s:31:"Mon, 10 Sep 2007 16:30:35 +0000";s:2:"dc";a:1:{s:7:"creator";s:10:"Mark Ghosh";}s:7:"summary";s:822:"<p><a href="http://www.widgetbox.com/widget/weblog-tools-collection">Weblog Tools Collection web widget</a>: If you ever thought that the material published on this blog might be helpful to your readers as well, you can now post a widget on your blog or webpage with the most recently published articles from WeblogToolsCollection.com The widget looks nice, is configurable and loads quite fast but that is not all. You can also <a href="http://www.widgetbox.com/">publish your own widgets</a> with content from any other source including your own blog by using the &#8220;blidget&#8221; (blog + widget) tool from Widgetbox. After you get your own blidget, make sure you check out the other available widgets on Widgetbox. The variety of widgets available is mind boggling and might be fun to tinker with on your blog.</p>";}i:33;a:7:{s:5:"title";s:48:"Donncha: Friends don’t let friends see adverts";s:4:"guid";s:66:"http://ocaoimh.ie/2007/09/10/friends-dont-let-friends-see-adverts/";s:4:"link";s:66:"http://ocaoimh.ie/2007/09/10/friends-dont-let-friends-see-adverts/";s:11:"description";s:8789:"<p>This post has been a long time in the writing. Ever since I started advertising on my blogs my strategies have been tweaked continuously so consider this post a snapshot description of what I&#8217;m doing with Adsense advertising <em>now</em>. This is a long post, but read through it. The plugin I use to do most of this stuff is linked near the end.</p>\n<p>Last year at the IT@Cork <a href="http://inphotos.org/the-web-20-conference-cork/">Web 2.0 conference</a>, <a href="http://gavinsblog.com/">Gavin</a> mentioned that he earns enough off his blogs to pay for his hosting, and I thought to myself that it would be handy to have an extra bit of cash to do likewise. I didn&#8217;t do anything about it until July when I signed up for an Adsense account and put some ads on the site. Things were slow that month but they&#8217;ve steadily improved to the point that it&#8217;s a reasonable second income now.</p>\n<p>At last year&#8217;s WordCamp in San Francisco, one of the talks was about monetizing your blog. It was a fascinating talk with a great discussion afterwards and I brought home some good ideas:\n<ul>\n<li> <strong>Don&#8217;t show adverts to your friends. They are the people who visit your blog and leave comments. They&#8217;re not going to click the ads anyway.</strong></li>\n<li> Position matters. Right underneath the post title and above the content is the best place on a blog to put an advert. (Thanks <a href="http://photomatt/">Matt</a>!)</li>\n<li>Go as wide as you can.</li>\n<li> Experiment with ad colours, borders and sizes. Don&#8217;t accept the Google defaults. Blend your ads or make them stick out. It all depends on your blog.</li>\n</ul>\n<p>Since then I&#8217;ve developed my ad serving strategies further:\n<ul>\n<li>I love when people comment, and I&#8217;m honoured when people subscribe to my blog. Therefore I won&#8217;t show my RSS or email readers adverts. If you like what I do enough to subscribe I won&#8217;t burden you with advertising. You&#8217;re my friend.</li>\n<li> Don&#8217;t show adverts on the homepage.</li>\n<li> <a href="http://wordpress-plugins.biggnuts.com/adsense-plugin/">Adsense Injection</a> is great for putting adverts directly into posts.</li>\n<li>Monetize your archive. Any post older than a month gets adverts.</li>\n<li>Don&#8217;t show adverts to Digg, Delicious and Stumbleupon visitors.</li>\n<li>Identify where most of your &#8220;just passing through&#8221; traffic is coming from and show them adverts, except for social bookmarking websites of course.</li>\n<li>If my blog showed you adverts, I&#8217;ll tell you &#8220;Don&#8217;t like adverts? Leave a comment and they disappear.&#8221; below the comments form. At least one person has commented favourably about that.</li>\n<li>Fill the competitive ad filter with low paying URLs. If you&#8217;re still showing ads from helium.com then you&#8217;re missing out. If your daily eCPM isn&#8217;t at least $5 you&#8217;re not making the most of your advertising. Subscribe to <a href="http://notspam.org/">notspam.org</a> to see which MFA and low paying sites go into my competitive ad filter. I&#8217;ll talk about the competitive ad filter in more detail in a future post.</li>\n<li>Set an hour long cookie for users from search engines. Blogs have a notoriously low attention span for most visitors but if they click to the front page, show them a few more ads.</li>\n<li>I use Kontera too but the returns from that have been very disappointing. One of my posts has an AuctionAds unit in it. You&#8217;ll see that no matter what because I&#8217;m testing it for a few weeks and the post in question is almost always only hit by visitors from Google.</li>\n</ul>\n<p>I run advertising on my photoblog, <a href="http://inphotos.org/">In Photos dot org</a> too but the rules there are a bit different:\n<ul>\n<li>Each post has a big image, pushing the text description below the fold. That&#8217;s not ideal for displaying adverts so I use the left sidebar to show a 600px high Adsense skyscraper unit.</li>\n<li> Show the sidebar advert even on the homepage. It&#8217;s not an ideal location so better give it as much exposure as possible.</li>\n<li> It&#8217;s difficult to attract visitors to a photoblog. I wrote <a href="http://inphotos.org/11-seo-tips-for-your-photoblog/">11 seo tips for your photoblog</a> to outline some of the ways I draw traffic in. The biggest mistake is definitely not writing about your photography. If there is no text, how can the search engines figure out what your blog is about?</li>\n</ul>\n<p>I&#8217;m not the only one only showing adverts to selective visitors. Recently Ben Gillbanks had a great post on <a href="http://www.binarymoon.co.uk/2007/08/tips-increasing-adsense-earnings/">increasing  Adsense earnings</a> that says some of the same things I summarised here.</p>\n<p>I haven&#8217;t tried it yet, but the <a href="http://planetozh.com/blog/my-projects/wordpress-plugin-who-sees-ads-control-adsense-display/">who sees ads</a> plugin from Ozh does most of the same checks I do. That plugin won the <a href="http://weblogtoolscollection.com/archives/2007/08/26/winners-wordpress-plugin-competition/">WordPress plugin competition</a> so congratulations to Ozh on winning!</p>\n<p><strong>The No Adverts for Friends plugin</strong></p>\n<p>Announcing my shiny new, rough as anything <a href="http://ocaoimh.ie/no-adverts-for-friends/">No Adverts for Friends</a> plugin! This plugin adds new commands that you can use in your templates. Use them to surround your Google Adsense or other advertising code.</p>\n<p>The No Adverts for Friends API:\n<ul>\n<li> <code>is_regular_user()</code> - returns true if the visitor has left a comment or is logged into your blog.</li>\n<li> <code>is_whitelisted_site( $url )</code> - returns true if $url is in a pre-defined list of friend sites like Digg, Delicious and StumbleUpon.</li>\n<li> <code>is_old_post()</code> - returns true if the current post is over a month old.</li>\n<li> <code>is_searchengine_user()</code> - if a user comes from one of the listed search engines or this is an old post return true.</li>\n</ul>\n<p>Each of the API calls depends on the one before it returning a favourable value. For example, <code>is_old_post()</code> won&#8217;t return true if <code>is_regular_user()</code> returned true, no matter how old the post is.</p>\n<p>Example usage:<br />\n<code>&lt;?php if( is_searchengine_user() == false ) { echo "Google adsense code goes here"; }</code>?><br />\nEdit single.php in your current theme and add that code somewhere within the loop. Now either visit an old page on your blog or use a Google search query to bring you to your blog. Hopefully you&#8217;ll see the text &#8220;Google adsense code goes here&#8221;. Replace this text with the Google Adsense Javascript.</p>\n<p><strong>Download</strong></p>\n<p>\n<ul>\n<li><a href="http://ocaoimh.ie/wp-content/uploads/2007/09/friendsadverts.txt">friendsadverts.txt</a></li>\n<li> <a href="http://ocaoimh.ie/wp-content/uploads/2007/09/wp-cache-phase1.txt">wp-cache-phase1.txt</a></li>\n</ul>\n<p><strong>Install</strong></p>\n<p>\n<ol>\n<li>Rename both files to .php and place friendsadverts.php in your plugins folder. If you use WP-Cache copy wp-cache-phase1.php into plugins/wp-cache/ overwriting the file already there (make a backup first!)</li>\n<li>If you use WP-Cache copy the $nevershowads and $passingthrough arrays from friendsadverts.php into your wp-config.php. They&#8217;re needed by WP-Cache which kicks in well before plugins are loaded.</li>\n<li>Activate the &#8220;No Adverts for Friends&#8221; plugin from your plugins page and modify your templates using the new API.</li>\n</ol>\n<p>Well, you&#8217;ve read this far. If some of the advice in this post helps you, if you like this plugin, if it improves the user experience of your regular visitors and maybe even increases your advertising revenue please consider uncommenting the add_action() command at the start of friendsadverts.php. The donnchas_happy_happy_notice() function prints a message in your blog&#8217;s footer saying you use this plugin and links back here.</p>\n<p>Thanks <a href="http://onemansblog.com/">John</a> for bugging me to write this up. Hopefully I&#8217;ll see you at next year&#8217;s WordCamp!</p>\n<a href="http://ocaoimh.ie/tag/adsense/" rel="tag">adsense</a>, <a href="http://ocaoimh.ie/tag/adsense-injection/" rel="tag">adsense injection</a>, <a href="http://ocaoimh.ie/tag/advertising/" rel="tag">advertising</a>, <a href="http://ocaoimh.ie/tag/google/" rel="tag">google</a>, <a href="http://ocaoimh.ie/tag/make-money-online/" rel="tag">make money online</a>, <a href="http://ocaoimh.ie/tag/monetizing-your-blog/" rel="tag">monetizing your blog</a>, <a href="http://ocaoimh.ie/tag/wordpress/" rel="tag">WordPress</a>";s:7:"pubdate";s:31:"Mon, 10 Sep 2007 09:18:32 +0000";s:2:"dc";a:1:{s:7:"creator";s:7:"Donncha";}s:7:"summary";s:8789:"<p>This post has been a long time in the writing. Ever since I started advertising on my blogs my strategies have been tweaked continuously so consider this post a snapshot description of what I&#8217;m doing with Adsense advertising <em>now</em>. This is a long post, but read through it. The plugin I use to do most of this stuff is linked near the end.</p>\n<p>Last year at the IT@Cork <a href="http://inphotos.org/the-web-20-conference-cork/">Web 2.0 conference</a>, <a href="http://gavinsblog.com/">Gavin</a> mentioned that he earns enough off his blogs to pay for his hosting, and I thought to myself that it would be handy to have an extra bit of cash to do likewise. I didn&#8217;t do anything about it until July when I signed up for an Adsense account and put some ads on the site. Things were slow that month but they&#8217;ve steadily improved to the point that it&#8217;s a reasonable second income now.</p>\n<p>At last year&#8217;s WordCamp in San Francisco, one of the talks was about monetizing your blog. It was a fascinating talk with a great discussion afterwards and I brought home some good ideas:\n<ul>\n<li> <strong>Don&#8217;t show adverts to your friends. They are the people who visit your blog and leave comments. They&#8217;re not going to click the ads anyway.</strong></li>\n<li> Position matters. Right underneath the post title and above the content is the best place on a blog to put an advert. (Thanks <a href="http://photomatt/">Matt</a>!)</li>\n<li>Go as wide as you can.</li>\n<li> Experiment with ad colours, borders and sizes. Don&#8217;t accept the Google defaults. Blend your ads or make them stick out. It all depends on your blog.</li>\n</ul>\n<p>Since then I&#8217;ve developed my ad serving strategies further:\n<ul>\n<li>I love when people comment, and I&#8217;m honoured when people subscribe to my blog. Therefore I won&#8217;t show my RSS or email readers adverts. If you like what I do enough to subscribe I won&#8217;t burden you with advertising. You&#8217;re my friend.</li>\n<li> Don&#8217;t show adverts on the homepage.</li>\n<li> <a href="http://wordpress-plugins.biggnuts.com/adsense-plugin/">Adsense Injection</a> is great for putting adverts directly into posts.</li>\n<li>Monetize your archive. Any post older than a month gets adverts.</li>\n<li>Don&#8217;t show adverts to Digg, Delicious and Stumbleupon visitors.</li>\n<li>Identify where most of your &#8220;just passing through&#8221; traffic is coming from and show them adverts, except for social bookmarking websites of course.</li>\n<li>If my blog showed you adverts, I&#8217;ll tell you &#8220;Don&#8217;t like adverts? Leave a comment and they disappear.&#8221; below the comments form. At least one person has commented favourably about that.</li>\n<li>Fill the competitive ad filter with low paying URLs. If you&#8217;re still showing ads from helium.com then you&#8217;re missing out. If your daily eCPM isn&#8217;t at least $5 you&#8217;re not making the most of your advertising. Subscribe to <a href="http://notspam.org/">notspam.org</a> to see which MFA and low paying sites go into my competitive ad filter. I&#8217;ll talk about the competitive ad filter in more detail in a future post.</li>\n<li>Set an hour long cookie for users from search engines. Blogs have a notoriously low attention span for most visitors but if they click to the front page, show them a few more ads.</li>\n<li>I use Kontera too but the returns from that have been very disappointing. One of my posts has an AuctionAds unit in it. You&#8217;ll see that no matter what because I&#8217;m testing it for a few weeks and the post in question is almost always only hit by visitors from Google.</li>\n</ul>\n<p>I run advertising on my photoblog, <a href="http://inphotos.org/">In Photos dot org</a> too but the rules there are a bit different:\n<ul>\n<li>Each post has a big image, pushing the text description below the fold. That&#8217;s not ideal for displaying adverts so I use the left sidebar to show a 600px high Adsense skyscraper unit.</li>\n<li> Show the sidebar advert even on the homepage. It&#8217;s not an ideal location so better give it as much exposure as possible.</li>\n<li> It&#8217;s difficult to attract visitors to a photoblog. I wrote <a href="http://inphotos.org/11-seo-tips-for-your-photoblog/">11 seo tips for your photoblog</a> to outline some of the ways I draw traffic in. The biggest mistake is definitely not writing about your photography. If there is no text, how can the search engines figure out what your blog is about?</li>\n</ul>\n<p>I&#8217;m not the only one only showing adverts to selective visitors. Recently Ben Gillbanks had a great post on <a href="http://www.binarymoon.co.uk/2007/08/tips-increasing-adsense-earnings/">increasing  Adsense earnings</a> that says some of the same things I summarised here.</p>\n<p>I haven&#8217;t tried it yet, but the <a href="http://planetozh.com/blog/my-projects/wordpress-plugin-who-sees-ads-control-adsense-display/">who sees ads</a> plugin from Ozh does most of the same checks I do. That plugin won the <a href="http://weblogtoolscollection.com/archives/2007/08/26/winners-wordpress-plugin-competition/">WordPress plugin competition</a> so congratulations to Ozh on winning!</p>\n<p><strong>The No Adverts for Friends plugin</strong></p>\n<p>Announcing my shiny new, rough as anything <a href="http://ocaoimh.ie/no-adverts-for-friends/">No Adverts for Friends</a> plugin! This plugin adds new commands that you can use in your templates. Use them to surround your Google Adsense or other advertising code.</p>\n<p>The No Adverts for Friends API:\n<ul>\n<li> <code>is_regular_user()</code> - returns true if the visitor has left a comment or is logged into your blog.</li>\n<li> <code>is_whitelisted_site( $url )</code> - returns true if $url is in a pre-defined list of friend sites like Digg, Delicious and StumbleUpon.</li>\n<li> <code>is_old_post()</code> - returns true if the current post is over a month old.</li>\n<li> <code>is_searchengine_user()</code> - if a user comes from one of the listed search engines or this is an old post return true.</li>\n</ul>\n<p>Each of the API calls depends on the one before it returning a favourable value. For example, <code>is_old_post()</code> won&#8217;t return true if <code>is_regular_user()</code> returned true, no matter how old the post is.</p>\n<p>Example usage:<br />\n<code>&lt;?php if( is_searchengine_user() == false ) { echo "Google adsense code goes here"; }</code>?><br />\nEdit single.php in your current theme and add that code somewhere within the loop. Now either visit an old page on your blog or use a Google search query to bring you to your blog. Hopefully you&#8217;ll see the text &#8220;Google adsense code goes here&#8221;. Replace this text with the Google Adsense Javascript.</p>\n<p><strong>Download</strong></p>\n<p>\n<ul>\n<li><a href="http://ocaoimh.ie/wp-content/uploads/2007/09/friendsadverts.txt">friendsadverts.txt</a></li>\n<li> <a href="http://ocaoimh.ie/wp-content/uploads/2007/09/wp-cache-phase1.txt">wp-cache-phase1.txt</a></li>\n</ul>\n<p><strong>Install</strong></p>\n<p>\n<ol>\n<li>Rename both files to .php and place friendsadverts.php in your plugins folder. If you use WP-Cache copy wp-cache-phase1.php into plugins/wp-cache/ overwriting the file already there (make a backup first!)</li>\n<li>If you use WP-Cache copy the $nevershowads and $passingthrough arrays from friendsadverts.php into your wp-config.php. They&#8217;re needed by WP-Cache which kicks in well before plugins are loaded.</li>\n<li>Activate the &#8220;No Adverts for Friends&#8221; plugin from your plugins page and modify your templates using the new API.</li>\n</ol>\n<p>Well, you&#8217;ve read this far. If some of the advice in this post helps you, if you like this plugin, if it improves the user experience of your regular visitors and maybe even increases your advertising revenue please consider uncommenting the add_action() command at the start of friendsadverts.php. The donnchas_happy_happy_notice() function prints a message in your blog&#8217;s footer saying you use this plugin and links back here.</p>\n<p>Thanks <a href="http://onemansblog.com/">John</a> for bugging me to write this up. Hopefully I&#8217;ll see you at next year&#8217;s WordCamp!</p>\n<a href="http://ocaoimh.ie/tag/adsense/" rel="tag">adsense</a>, <a href="http://ocaoimh.ie/tag/adsense-injection/" rel="tag">adsense injection</a>, <a href="http://ocaoimh.ie/tag/advertising/" rel="tag">advertising</a>, <a href="http://ocaoimh.ie/tag/google/" rel="tag">google</a>, <a href="http://ocaoimh.ie/tag/make-money-online/" rel="tag">make money online</a>, <a href="http://ocaoimh.ie/tag/monetizing-your-blog/" rel="tag">monetizing your blog</a>, <a href="http://ocaoimh.ie/tag/wordpress/" rel="tag">WordPress</a>";}i:34;a:7:{s:5:"title";s:16:"Matt: Bug Fixers";s:4:"guid";s:43:"http://photomatt.net/2007/09/09/bug-fixers/";s:4:"link";s:43:"http://photomatt.net/2007/09/09/bug-fixers/";s:11:"description";s:122:"<p><a href="http://planetozh.com/blog/2007/09/wordpress-bug-fixers-heat-map/">WordPress Bug Fixers Heat Map</a>. Neat!</p>";s:7:"pubdate";s:31:"Sun, 09 Sep 2007 23:11:53 +0000";s:2:"dc";a:1:{s:7:"creator";s:4:"Matt";}s:7:"summary";s:122:"<p><a href="http://planetozh.com/blog/2007/09/wordpress-bug-fixers-heat-map/">WordPress Bug Fixers Heat Map</a>. Neat!</p>";}i:35;a:7:{s:5:"title";s:26:"Matt: Self Importance Test";s:4:"guid";s:53:"http://photomatt.net/2007/09/08/self-importance-test/";s:4:"link";s:53:"http://photomatt.net/2007/09/08/self-importance-test/";s:11:"description";s:397:"<p><a href="http://technosailor.com/the-technosailor-self-importance-test/">Technosailor has an online self-importance test</a> that tells you which &#8220;web celebrity&#8221; you are based on a few questions. I&#8217;m <a href="http://travis.webseitler.com/2007/09/im-matt-mullenweg.html">apparently a possible outcome</a> but when I took the test myself I got &#8220;Jason Calacanis.&#8221;</p>";s:7:"pubdate";s:31:"Sun, 09 Sep 2007 03:38:26 +0000";s:2:"dc";a:1:{s:7:"creator";s:4:"Matt";}s:7:"summary";s:397:"<p><a href="http://technosailor.com/the-technosailor-self-importance-test/">Technosailor has an online self-importance test</a> that tells you which &#8220;web celebrity&#8221; you are based on a few questions. I&#8217;m <a href="http://travis.webseitler.com/2007/09/im-matt-mullenweg.html">apparently a possible outcome</a> but when I took the test myself I got &#8220;Jason Calacanis.&#8221;</p>";}i:36;a:7:{s:5:"title";s:16:"Matt: Pownce XFN";s:4:"guid";s:43:"http://photomatt.net/2007/09/08/pownce-xfn/";s:4:"link";s:43:"http://photomatt.net/2007/09/08/pownce-xfn/";s:11:"description";s:91:"<p><a href="http://blog.pownce.com/2007/09/06/pownce-xfn/">Pownce now supports XFN</a>.</p>";s:7:"pubdate";s:31:"Sun, 09 Sep 2007 03:21:43 +0000";s:2:"dc";a:1:{s:7:"creator";s:4:"Matt";}s:7:"summary";s:91:"<p><a href="http://blog.pownce.com/2007/09/06/pownce-xfn/">Pownce now supports XFN</a>.</p>";}i:37;a:7:{s:5:"title";s:25:"Dev Blog: WordPress 2.2.3";s:4:"guid";s:55:"http://wordpress.org/development/2007/09/wordpress-223/";s:4:"link";s:55:"http://wordpress.org/development/2007/09/wordpress-223/";s:11:"description";s:899:"<p>2.2.3 is a security and bug-fix release for the 2.2 series. Since this is a security release, we suggest you upgrade immediately. Two of the fixes are high priority.</p>\n<p>On our Trac you can see the <a href="http://trac.wordpress.org/query?status=closed&amp;milestone=2.2.3">bugs closed</a> and the <a href="http://trac.wordpress.org/changeset?old_path=tags%2F2.2.2&amp;old=6063&amp;new_path=tags%2F2.2.3&amp;new=6063">files  changed</a> for 2.2.3.</p>\n<p>To get 2.2.3, please see <a href="http://wordpress.org/download/">our download page</a>.</p>\n<p>As always, <a href="http://codex.wordpress.org/Upgrading_WordPress">upgrade instructions</a> including an <a href="http://codex.wordpress.org/Upgrading_WordPress_Extended">extended upgrade guide</a> are available.</p>\n<p>Thanks to Alexendar Concha, Aaron Newman, and xknown for identifying and helping us fix the security vulnerabilities.</p>";s:7:"pubdate";s:31:"Sat, 08 Sep 2007 03:00:04 +0000";s:2:"dc";a:1:{s:7:"creator";s:4:"Ryan";}s:7:"summary";s:899:"<p>2.2.3 is a security and bug-fix release for the 2.2 series. Since this is a security release, we suggest you upgrade immediately. Two of the fixes are high priority.</p>\n<p>On our Trac you can see the <a href="http://trac.wordpress.org/query?status=closed&amp;milestone=2.2.3">bugs closed</a> and the <a href="http://trac.wordpress.org/changeset?old_path=tags%2F2.2.2&amp;old=6063&amp;new_path=tags%2F2.2.3&amp;new=6063">files  changed</a> for 2.2.3.</p>\n<p>To get 2.2.3, please see <a href="http://wordpress.org/download/">our download page</a>.</p>\n<p>As always, <a href="http://codex.wordpress.org/Upgrading_WordPress">upgrade instructions</a> including an <a href="http://codex.wordpress.org/Upgrading_WordPress_Extended">extended upgrade guide</a> are available.</p>\n<p>Thanks to Alexendar Concha, Aaron Newman, and xknown for identifying and helping us fix the security vulnerabilities.</p>";}i:38;a:7:{s:5:"title";s:27:"Matt: Nerd Attention Damage";s:4:"guid";s:44:"http://photomatt.net/2007/09/07/nadd-damage/";s:4:"link";s:44:"http://photomatt.net/2007/09/07/nadd-damage/";s:11:"description";s:706:"<p>I would like to award the prize for the Most Damage Inflicted to the Geek/Nerd World in the Past 5 Years to <a href="http://www.randsinrepose.com/">Michael Lopp</a>, author of the seminal <a href="http://www.randsinrepose.com/archives/2003/07/10/nadd.html">Nerd Attention Deficiency Disorder</a> in 2003. No article more effectively romanticized an inability to do one thing at a time, and do it well. On the bright side, <a href="http://digg.com/">Digg</a> and <a href="http://bloglines.com/">Bloglines</a> should probably give him stock. Need an antidote? Spend 10 minutes collecting everything you need to work on a problem, and unplug the internet for 2 hours. You&#8217;ll finish in 30 minutes.</p>";s:7:"pubdate";s:31:"Fri, 07 Sep 2007 17:57:58 +0000";s:2:"dc";a:1:{s:7:"creator";s:4:"Matt";}s:7:"summary";s:706:"<p>I would like to award the prize for the Most Damage Inflicted to the Geek/Nerd World in the Past 5 Years to <a href="http://www.randsinrepose.com/">Michael Lopp</a>, author of the seminal <a href="http://www.randsinrepose.com/archives/2003/07/10/nadd.html">Nerd Attention Deficiency Disorder</a> in 2003. No article more effectively romanticized an inability to do one thing at a time, and do it well. On the bright side, <a href="http://digg.com/">Digg</a> and <a href="http://bloglines.com/">Bloglines</a> should probably give him stock. Need an antidote? Spend 10 minutes collecting everything you need to work on a problem, and unplug the internet for 2 hours. You&#8217;ll finish in 30 minutes.</p>";}i:39;a:7:{s:5:"title";s:58:"Weblog Tools Collection: WordPress Plugin Releases for 9/7";s:4:"guid";s:86:"http://weblogtoolscollection.com/archives/2007/09/07/wordpress-plugin-releases-for-97/";s:4:"link";s:86:"http://weblogtoolscollection.com/archives/2007/09/07/wordpress-plugin-releases-for-97/";s:11:"description";s:1368:"<p><a href="http://php.aspcode.net/category/wpadmentor/">wpAdMentor</a> lets you choose which ads to display on your WordPress blog.</p>\n<p><a href="http://www.askapache.com/wordpress/firefox-adsense-plugin.html">AskApache Firefox Adsense</a> displays a Firefox Adsense Ad (Google Referrals) on your blog, but only to users that are not using Firefox, and only to users running Windows.</p>\n<p><a href="http://www.kite-eu.org/">KiteCV</a> lets you compose a complete master CV, then publish views of it targeted at specific employers or jobs.</p>\n<p><a href="http://www.strainu.ro/wordpress/secure-contact">Secure Contact</a> is a drop-in form for users to contact you that can be implemented on a page or a post.</p>\n<p><a href="http://rick.jinlabs.com/code/smilies-themer/">Smilies Themer</a> allows you to use smilies (emoticons) themes (or packs) to replace the WordPress default ones.</p>\n<p><a href="http://www.strainu.ro/wordpress/wp-links">Strainu Links</a> lets you put all your links in any page, post, or comment.</p>\n<p><a href="http://www.viper007bond.com/wordpress-plugins/templatedia/">TemplateMedia</a> creates a Wikipedia-style templating system for your WordPress installation.  <a href="http://wordpress.org/extend/plugins/templatedia-chess/">TemplateMedia Chess</a> adds in a template that is a port of Wikipedia&#8217;s Chess Diagram template.</p>";s:7:"pubdate";s:31:"Fri, 07 Sep 2007 05:00:47 +0000";s:2:"dc";a:1:{s:7:"creator";s:11:"Jim Stitzel";}s:7:"summary";s:1368:"<p><a href="http://php.aspcode.net/category/wpadmentor/">wpAdMentor</a> lets you choose which ads to display on your WordPress blog.</p>\n<p><a href="http://www.askapache.com/wordpress/firefox-adsense-plugin.html">AskApache Firefox Adsense</a> displays a Firefox Adsense Ad (Google Referrals) on your blog, but only to users that are not using Firefox, and only to users running Windows.</p>\n<p><a href="http://www.kite-eu.org/">KiteCV</a> lets you compose a complete master CV, then publish views of it targeted at specific employers or jobs.</p>\n<p><a href="http://www.strainu.ro/wordpress/secure-contact">Secure Contact</a> is a drop-in form for users to contact you that can be implemented on a page or a post.</p>\n<p><a href="http://rick.jinlabs.com/code/smilies-themer/">Smilies Themer</a> allows you to use smilies (emoticons) themes (or packs) to replace the WordPress default ones.</p>\n<p><a href="http://www.strainu.ro/wordpress/wp-links">Strainu Links</a> lets you put all your links in any page, post, or comment.</p>\n<p><a href="http://www.viper007bond.com/wordpress-plugins/templatedia/">TemplateMedia</a> creates a Wikipedia-style templating system for your WordPress installation.  <a href="http://wordpress.org/extend/plugins/templatedia-chess/">TemplateMedia Chess</a> adds in a template that is a port of Wikipedia&#8217;s Chess Diagram template.</p>";}i:40;a:7:{s:5:"title";s:57:"Weblog Tools Collection: WordPress Theme Releases for 9/7";s:4:"guid";s:85:"http://weblogtoolscollection.com/archives/2007/09/07/wordpress-theme-releases-for-97/";s:4:"link";s:85:"http://weblogtoolscollection.com/archives/2007/09/07/wordpress-theme-releases-for-97/";s:11:"description";s:975:"<p><a href="http://designadaptations.com/wordpress-themes/">Brushed Blues</a> is a single-column, widget-ready theme with sidebar content located in the footer area.</p>\n<p><a href="http://wpthemesplugin.com/cubez-2-column-widget-ready-wordpress-theme/">Cubez</a> is a 2-column, widget- and adsense-ready theme with a Main Translator feature in the sidebar.</p>\n<p><a href="http://www.freakitude.com/wordpress/">Freaky Green</a> is a 2-column, widget-ready theme with a 3-column header and footer and bright green colors.</p>\n<p><a href="http://wpthemeshop.com/free-themes/">Glorious Future and Glorious Day</a> are 2- and 3-column, widget-ready themes, respectively, that come with page templates for archives, links, contact, 404, and author&#8217;s profile and that also highlight author&#8217;s comments.</p>\n<p><a href="http://www.nathanrice.net/themes/rockinbizred/">RockinBizRed</a> is a 3-column, widget-ready theme with a professional look and wide content area.</p>";s:7:"pubdate";s:31:"Fri, 07 Sep 2007 04:45:15 +0000";s:2:"dc";a:1:{s:7:"creator";s:11:"Jim Stitzel";}s:7:"summary";s:975:"<p><a href="http://designadaptations.com/wordpress-themes/">Brushed Blues</a> is a single-column, widget-ready theme with sidebar content located in the footer area.</p>\n<p><a href="http://wpthemesplugin.com/cubez-2-column-widget-ready-wordpress-theme/">Cubez</a> is a 2-column, widget- and adsense-ready theme with a Main Translator feature in the sidebar.</p>\n<p><a href="http://www.freakitude.com/wordpress/">Freaky Green</a> is a 2-column, widget-ready theme with a 3-column header and footer and bright green colors.</p>\n<p><a href="http://wpthemeshop.com/free-themes/">Glorious Future and Glorious Day</a> are 2- and 3-column, widget-ready themes, respectively, that come with page templates for archives, links, contact, 404, and author&#8217;s profile and that also highlight author&#8217;s comments.</p>\n<p><a href="http://www.nathanrice.net/themes/rockinbizred/">RockinBizRed</a> is a 3-column, widget-ready theme with a professional look and wide content area.</p>";}i:41;a:7:{s:5:"title";s:17:"Akismet: Downtime";s:4:"guid";s:46:"http://blog.akismet.com/2007/09/06/downtime-2/";s:4:"link";s:46:"http://blog.akismet.com/2007/09/06/downtime-2/";s:11:"description";s:415:"<div class="snap_preview"><p>We had a 40 minute downtime in our San Antonio location last night. This probably caused some obvious spam on your blog to be missed by Akismet.</p>\n<p>We&#8217;re obviously looking on the systems side at what happened and how to prevent it, but also on the client side we&#8217;d like to make the WP plugin deal more gracefully with not being able to contact the mothership.</p>\n</div>";s:7:"pubdate";s:31:"Thu, 06 Sep 2007 17:51:28 +0000";s:2:"dc";a:1:{s:7:"creator";s:4:"Matt";}s:7:"summary";s:415:"<div class="snap_preview"><p>We had a 40 minute downtime in our San Antonio location last night. This probably caused some obvious spam on your blog to be missed by Akismet.</p>\n<p>We&#8217;re obviously looking on the systems side at what happened and how to prevent it, but also on the client side we&#8217;d like to make the WP plugin deal more gracefully with not being able to contact the mothership.</p>\n</div>";}i:42;a:7:{s:5:"title";s:49:"Ryan Boren: WordPress 2.3 Database Schema Changes";s:4:"guid";s:73:"http://boren.nu/archives/2007/09/05/wordpress-23-database-schema-changes/";s:4:"link";s:73:"http://boren.nu/archives/2007/09/05/wordpress-23-database-schema-changes/";s:11:"description";s:1430:"<p><a href="http://wordpress.org/">WordPress</a> 2.3 changes the database schema in three places.  The biggest change is the taxonomy related changes I <a href="http://boren.nu/archives/2007/08/26/wordpress-23-taxonomy-schema/">discussed earlier</a>.  Since taxonomy was going to cause backward compatibility breaks in the schema, we decided we might as well break it thoroughly and create something we liked.  Thus the categories, post2cat, and link2cat tables were dropped and replaced by three new tables.  Plugins that reference the old tables will break.  They will need to be updated to either use API, preferably, or use SQL that references the new tables instead of the old ones.</p>\n<p>The other two changes are small and low-impact.  A new status of &#8216;pending&#8217; was added to the post_status field of the posts table.  This won&#8217;t affect most plugins.   Plugins that check post status might be affected.  Those plugins can do some <a href="http://comox.textdrive.com/pipermail/wp-testers/2007-August/004974.html">defensive programming</a> to insulate themselves against new status additions.</p>\n<p>Finally, several unused fields were dropped from the options table.   option_can_override, option_type, option_width, option_height, option_description, and option_admin_level are now gone.  These fields have been unused for years.  The time had come to finally drop them and clean up the options table.</p>";s:7:"pubdate";s:31:"Wed, 05 Sep 2007 20:49:32 +0000";s:2:"dc";a:1:{s:7:"creator";s:4:"Ryan";}s:7:"summary";s:1430:"<p><a href="http://wordpress.org/">WordPress</a> 2.3 changes the database schema in three places.  The biggest change is the taxonomy related changes I <a href="http://boren.nu/archives/2007/08/26/wordpress-23-taxonomy-schema/">discussed earlier</a>.  Since taxonomy was going to cause backward compatibility breaks in the schema, we decided we might as well break it thoroughly and create something we liked.  Thus the categories, post2cat, and link2cat tables were dropped and replaced by three new tables.  Plugins that reference the old tables will break.  They will need to be updated to either use API, preferably, or use SQL that references the new tables instead of the old ones.</p>\n<p>The other two changes are small and low-impact.  A new status of &#8216;pending&#8217; was added to the post_status field of the posts table.  This won&#8217;t affect most plugins.   Plugins that check post status might be affected.  Those plugins can do some <a href="http://comox.textdrive.com/pipermail/wp-testers/2007-August/004974.html">defensive programming</a> to insulate themselves against new status additions.</p>\n<p>Finally, several unused fields were dropped from the options table.   option_can_override, option_type, option_width, option_height, option_description, and option_admin_level are now gone.  These fields have been unused for years.  The time had come to finally drop them and clean up the options table.</p>";}i:43;a:7:{s:5:"title";s:35:"Ryan Boren: Post Status Transitions";s:4:"guid";s:60:"http://boren.nu/archives/2007/09/05/post-status-transitions/";s:4:"link";s:60:"http://boren.nu/archives/2007/09/05/post-status-transitions/";s:11:"description";s:1562:"<p><a href="http://wordpress.org/">WordPress</a> 2.3 introduces some new actions that plugins can use to hook into status transitions and workflow.  Before, WP had a &#8216;private_to_published&#8217; action that announced that a post moved from private to published, and that&#8217;s about it.  Now WP has actions for every possible transition. These actions are of the form &#8217;status_to_status&#8217; where status is one of:</p>\n<ul>\n<li>publish</li>\n<li>draft</li>\n<li>private</li>\n<li>future</li>\n<li>pending</li>\n</ul>\n<p>When a &#8216;pending&#8217; post is published, the action &#8216;pending_to_publish&#8217; is triggered.  The action is accompanied by the post object that is changing status.</p>\n<p>A generic &#8216;transition_post_status&#8217; action is also emitted for every  status change.  It is accompanied by the new status, the old status, and the post object.  Plugins can use this action to attach a function that intercepts all status changes.</p>\n<p>The final action triggered during a status change is of the form &#8217;status_object&#8217;, where status is from the status list above and object is either &#8216;page&#8217; or &#8216;post&#8217;.  For example, when a post is published, a &#8216;publish_post&#8217; action is triggered.  The action is accompanied by the post ID and post object.</p>\n<p>See the function <a href="http://trac.wordpress.org/browser/trunk/wp-includes/post.php?rev=6026#L870">wp_transition_post_status()</a> for how these actions are formed.  Use add_action() to attach functions to these actions.</p>";s:7:"pubdate";s:31:"Wed, 05 Sep 2007 17:32:51 +0000";s:2:"dc";a:1:{s:7:"creator";s:4:"Ryan";}s:7:"summary";s:1562:"<p><a href="http://wordpress.org/">WordPress</a> 2.3 introduces some new actions that plugins can use to hook into status transitions and workflow.  Before, WP had a &#8216;private_to_published&#8217; action that announced that a post moved from private to published, and that&#8217;s about it.  Now WP has actions for every possible transition. These actions are of the form &#8217;status_to_status&#8217; where status is one of:</p>\n<ul>\n<li>publish</li>\n<li>draft</li>\n<li>private</li>\n<li>future</li>\n<li>pending</li>\n</ul>\n<p>When a &#8216;pending&#8217; post is published, the action &#8216;pending_to_publish&#8217; is triggered.  The action is accompanied by the post object that is changing status.</p>\n<p>A generic &#8216;transition_post_status&#8217; action is also emitted for every  status change.  It is accompanied by the new status, the old status, and the post object.  Plugins can use this action to attach a function that intercepts all status changes.</p>\n<p>The final action triggered during a status change is of the form &#8217;status_object&#8217;, where status is from the status list above and object is either &#8216;page&#8217; or &#8216;post&#8217;.  For example, when a post is published, a &#8216;publish_post&#8217; action is triggered.  The action is accompanied by the post ID and post object.</p>\n<p>See the function <a href="http://trac.wordpress.org/browser/trunk/wp-includes/post.php?rev=6026#L870">wp_transition_post_status()</a> for how these actions are formed.  Use add_action() to attach functions to these actions.</p>";}i:44;a:7:{s:5:"title";s:52:"Donncha: Is your eAccelerator cache dir still there?";s:4:"guid";s:72:"http://ocaoimh.ie/2007/09/05/is-your-eaccelerator-cache-dir-still-there/";s:4:"link";s:72:"http://ocaoimh.ie/2007/09/05/is-your-eaccelerator-cache-dir-still-there/";s:11:"description";s:1425:"<p>While looking through this <a href="http://segala.com/blog/blog-tips3-increase-performance-of-your-wp-site/">WordPress performance post</a> I realised that <a href="http://eaccelerator.net/">eAccelerator</a> might not be running properly on this blog. For some time I&#8217;ve noticed this site hasn&#8217;t been as quick off the mark as it used to be. Dare I say it, but it was even a little sluggish!</p>\n<p>If you&#8217;re not familiar with it, eAccelerator is a PHP accelerator. It caches PHP bytecode and performs optimizations to make your PHP site run a lot faster.</p>\n<p>I verified that eAccelerator was loaded and then checked my php.ini configuration. Sure enough, the <code>eaccelerator.cache_dir</code> directive was set to &#8220;/tmp/eacc/&#8221; and that directory was deleted the last time my server rebooted.</p>\n<p>A permanent fix is to change the location of the cache dir. Put it anywhere the webserver can read, but don&#8217;t put it in /tmp/.</p>\n<p>While you&#8217;re looking at eAccelerator, upgrade to the latest version, especially if you&#8217;re running PHP5.</p>\n<a href="http://ocaoimh.ie/tag/apache/" rel="tag">apache</a>, <a href="http://ocaoimh.ie/tag/eaccelerator/" rel="tag">eaccelerator</a>, <a href="http://ocaoimh.ie/tag/irishblogs/" rel="tag">irishblogs</a>, <a href="http://ocaoimh.ie/tag/php/" rel="tag">PHP</a>, <a href="http://ocaoimh.ie/tag/wordpress/" rel="tag">WordPress</a>";s:7:"pubdate";s:31:"Wed, 05 Sep 2007 15:25:51 +0000";s:2:"dc";a:1:{s:7:"creator";s:7:"Donncha";}s:7:"summary";s:1425:"<p>While looking through this <a href="http://segala.com/blog/blog-tips3-increase-performance-of-your-wp-site/">WordPress performance post</a> I realised that <a href="http://eaccelerator.net/">eAccelerator</a> might not be running properly on this blog. For some time I&#8217;ve noticed this site hasn&#8217;t been as quick off the mark as it used to be. Dare I say it, but it was even a little sluggish!</p>\n<p>If you&#8217;re not familiar with it, eAccelerator is a PHP accelerator. It caches PHP bytecode and performs optimizations to make your PHP site run a lot faster.</p>\n<p>I verified that eAccelerator was loaded and then checked my php.ini configuration. Sure enough, the <code>eaccelerator.cache_dir</code> directive was set to &#8220;/tmp/eacc/&#8221; and that directory was deleted the last time my server rebooted.</p>\n<p>A permanent fix is to change the location of the cache dir. Put it anywhere the webserver can read, but don&#8217;t put it in /tmp/.</p>\n<p>While you&#8217;re looking at eAccelerator, upgrade to the latest version, especially if you&#8217;re running PHP5.</p>\n<a href="http://ocaoimh.ie/tag/apache/" rel="tag">apache</a>, <a href="http://ocaoimh.ie/tag/eaccelerator/" rel="tag">eaccelerator</a>, <a href="http://ocaoimh.ie/tag/irishblogs/" rel="tag">irishblogs</a>, <a href="http://ocaoimh.ie/tag/php/" rel="tag">PHP</a>, <a href="http://ocaoimh.ie/tag/wordpress/" rel="tag">WordPress</a>";}i:45;a:7:{s:5:"title";s:16:"Matt: Confession";s:4:"guid";s:43:"http://photomatt.net/2007/09/05/confession/";s:4:"link";s:43:"http://photomatt.net/2007/09/05/confession/";s:11:"description";s:168:"<p>I&#8217;ve been using IE7 quite a bit lately. It&#8217;s a darn-good browser and seems very fast, especially when I have a lot of tabs open, compared to Firefox.</p>";s:7:"pubdate";s:31:"Wed, 05 Sep 2007 09:33:09 +0000";s:2:"dc";a:1:{s:7:"creator";s:4:"Matt";}s:7:"summary";s:168:"<p>I&#8217;ve been using IE7 quite a bit lately. It&#8217;s a darn-good browser and seems very fast, especially when I have a lot of tabs open, compared to Firefox.</p>";}i:46;a:7:{s:5:"title";s:57:"Weblog Tools Collection: WordPress Theme Releases for 9/5";s:4:"guid";s:85:"http://weblogtoolscollection.com/archives/2007/09/05/wordpress-theme-releases-for-95/";s:4:"link";s:85:"http://weblogtoolscollection.com/archives/2007/09/05/wordpress-theme-releases-for-95/";s:11:"description";s:835:"<p><a href="http://www.blogohblog.com/wordpress-theme-blog-oh-blog-v20/">Blog Oh Blog v2.0</a> is a 3-column, widget-ready, minimalistic theme with support for a sitemap and sIFR.</p>\n<p><a href="http://felixker.com/wordpress/widgets-enabled-three-columns-kubrick-theme/">Kubrick 3-C</a> is a the popular Kubrick theme in a 3-column, widget-ready layout.</p>\n<p><a href="http://www.laburno.net/temi-wordpress/maggiociondolo">Maggiociondolo</a> is a 3-column, minimalist theme built on <a href="http://plaintxt.org/themes/sandbox">Sandbox</a>.</p>\n<p><a href="http://samirkamble.com/resturant-theme-for-wordpress/">Restaurant</a> is a 2-column, simple theme that comes in two varieties - AJAX and no AJAX.</p>\n<p><a href="http://flexibul.com/portfolio.php">Synergy</a> is a 2-column, dark-grey theme with blue header and highlights.</p>";s:7:"pubdate";s:31:"Wed, 05 Sep 2007 05:00:22 +0000";s:2:"dc";a:1:{s:7:"creator";s:11:"Jim Stitzel";}s:7:"summary";s:835:"<p><a href="http://www.blogohblog.com/wordpress-theme-blog-oh-blog-v20/">Blog Oh Blog v2.0</a> is a 3-column, widget-ready, minimalistic theme with support for a sitemap and sIFR.</p>\n<p><a href="http://felixker.com/wordpress/widgets-enabled-three-columns-kubrick-theme/">Kubrick 3-C</a> is a the popular Kubrick theme in a 3-column, widget-ready layout.</p>\n<p><a href="http://www.laburno.net/temi-wordpress/maggiociondolo">Maggiociondolo</a> is a 3-column, minimalist theme built on <a href="http://plaintxt.org/themes/sandbox">Sandbox</a>.</p>\n<p><a href="http://samirkamble.com/resturant-theme-for-wordpress/">Restaurant</a> is a 2-column, simple theme that comes in two varieties - AJAX and no AJAX.</p>\n<p><a href="http://flexibul.com/portfolio.php">Synergy</a> is a 2-column, dark-grey theme with blue header and highlights.</p>";}i:47;a:7:{s:5:"title";s:58:"Weblog Tools Collection: WordPress Plugin Releases for 9/5";s:4:"guid";s:86:"http://weblogtoolscollection.com/archives/2007/09/05/wordpress-plugin-releases-for-95/";s:4:"link";s:86:"http://weblogtoolscollection.com/archives/2007/09/05/wordpress-plugin-releases-for-95/";s:11:"description";s:2120:"<p><a href="http://www.sozu.co.uk/software/amm/">Amazon Media Manager</a> lets you add items from Amazon’s catalogue to your wordpress blog.</p>\n<p><a href="http://wordpress.designpraxis.at/plugins/backupwordpress/">BackupWordPress</a> is a Backup &#038; Recovery Suite for your WordPress website.</p>\n<p><a href="http://alexking.org/projects/wordpress">Delink Comment Author</a> adds a link that will remove the URL that the commenter left with their comment to the bottom of your comment notification e-mails and the comments list in your WP admin page.</p>\n<p><a href="http://immike.net/blog/2007/04/10/impress-your-friends-with-your-blog-stats/">Impress</a> allows your to display/share your blog statistics with your readers.</p>\n<p><a href="http://www.krizka.net/2007/08/26/new-wordpress-plug-in-kontera-integration/">Kontera Integration</a> lets you enable or disable Kontera ads on a post-by-post basis.</p>\n<p><a href="http://wordpress.designpraxis.at/plugins/mini-slides/">Mini-Slides</a> lets you create individually styled mini-slides in your posts and lets you set the default template to be used site-wide.</p>\n<p><a href="http://urbangiraffe.com/plugins/search-unleashed/">Search Unleashed</a> extends the standard WordPress search and provides a full text search with wildcards, logical operations, and highlighting across posts, pages, comments, titles, URLs, and meta-data.</p>\n<p><a href="http://www.toppa.com/shashin-wordpress-plugin">Shashin</a> lets you display Picasa images anywhere in your WordPress site.</p>\n<p><a href="http://lud.icro.us/wordpress-plugin-sign-out-reminder/">Sign-out Reminder</a> displays a reminder to users to remember to sign out whenever they log in to the admin area.</p>\n<p><a href="http://www.zirona.com/software/wpsyslog-wordpress-syslog/">WP-Syslog</a> is a system logging facility for WordPress that ogs core events like user logins, posts and comments publishing, plugin (de-)activation. </p>\n<p><a href="http://ideathinking.com/wiki/index.php/WordPress:TextilerPlugin">Textiler</a> lets you place Textile markup in your blog entries in very specific blocks.</p>";s:7:"pubdate";s:31:"Wed, 05 Sep 2007 05:00:22 +0000";s:2:"dc";a:1:{s:7:"creator";s:11:"Jim Stitzel";}s:7:"summary";s:2120:"<p><a href="http://www.sozu.co.uk/software/amm/">Amazon Media Manager</a> lets you add items from Amazon’s catalogue to your wordpress blog.</p>\n<p><a href="http://wordpress.designpraxis.at/plugins/backupwordpress/">BackupWordPress</a> is a Backup &#038; Recovery Suite for your WordPress website.</p>\n<p><a href="http://alexking.org/projects/wordpress">Delink Comment Author</a> adds a link that will remove the URL that the commenter left with their comment to the bottom of your comment notification e-mails and the comments list in your WP admin page.</p>\n<p><a href="http://immike.net/blog/2007/04/10/impress-your-friends-with-your-blog-stats/">Impress</a> allows your to display/share your blog statistics with your readers.</p>\n<p><a href="http://www.krizka.net/2007/08/26/new-wordpress-plug-in-kontera-integration/">Kontera Integration</a> lets you enable or disable Kontera ads on a post-by-post basis.</p>\n<p><a href="http://wordpress.designpraxis.at/plugins/mini-slides/">Mini-Slides</a> lets you create individually styled mini-slides in your posts and lets you set the default template to be used site-wide.</p>\n<p><a href="http://urbangiraffe.com/plugins/search-unleashed/">Search Unleashed</a> extends the standard WordPress search and provides a full text search with wildcards, logical operations, and highlighting across posts, pages, comments, titles, URLs, and meta-data.</p>\n<p><a href="http://www.toppa.com/shashin-wordpress-plugin">Shashin</a> lets you display Picasa images anywhere in your WordPress site.</p>\n<p><a href="http://lud.icro.us/wordpress-plugin-sign-out-reminder/">Sign-out Reminder</a> displays a reminder to users to remember to sign out whenever they log in to the admin area.</p>\n<p><a href="http://www.zirona.com/software/wpsyslog-wordpress-syslog/">WP-Syslog</a> is a system logging facility for WordPress that ogs core events like user logins, posts and comments publishing, plugin (de-)activation. </p>\n<p><a href="http://ideathinking.com/wiki/index.php/WordPress:TextilerPlugin">Textiler</a> lets you place Textile markup in your blog entries in very specific blocks.</p>";}i:48;a:7:{s:5:"title";s:32:"Ryan Boren: WordPress 2.3 Beta 2";s:4:"guid";s:56:"http://boren.nu/archives/2007/09/04/wordpress-23-beta-2/";s:4:"link";s:56:"http://boren.nu/archives/2007/09/04/wordpress-23-beta-2/";s:11:"description";s:995:"<p>2.3 Beta 2 is <a href="http://wordpress.org/development/2007/09/wordpress-23-beta-2/">now available</a>.  We&#8217;ve been <a href="http://trac.wordpress.org/timeline?from=09%2F04%2F07&amp;daysback=7&amp;ticket=on&amp;changeset=on&amp;update=Update">very active</a> since beta 1.  Over 70 commits went into the repository in the past week with many bugs being fixed.  New and improved AtomPub was introduced as were tag importers for Jerome&#8217;s Keywords and Simple Tagging Plugin.</p>\n<p>Thanks to those who joined us for <a href="http://boren.nu/archives/2007/08/28/23-beta-1-bug-hunt/">last week&#8217;s</a> <a href="http://codex.wordpress.org/WordPress_Bug_Hunts">bug hunt</a>. We&#8217;re having another on <a href="http://www.timeanddate.com/worldclock/fixedtime.html?month=9&amp;day=5&amp;year=2007&amp;hour=17&amp;min=0&amp;sec=0&amp;p1=0">Wednesday, September 5, 2007 at 17:00:00 UTC time</a> in the <a href="irc://irc.freenode.net/wordpress-bugs">#wordpress-bugs</a> channel.</p>";s:7:"pubdate";s:31:"Tue, 04 Sep 2007 17:51:00 +0000";s:2:"dc";a:1:{s:7:"creator";s:4:"Ryan";}s:7:"summary";s:995:"<p>2.3 Beta 2 is <a href="http://wordpress.org/development/2007/09/wordpress-23-beta-2/">now available</a>.  We&#8217;ve been <a href="http://trac.wordpress.org/timeline?from=09%2F04%2F07&amp;daysback=7&amp;ticket=on&amp;changeset=on&amp;update=Update">very active</a> since beta 1.  Over 70 commits went into the repository in the past week with many bugs being fixed.  New and improved AtomPub was introduced as were tag importers for Jerome&#8217;s Keywords and Simple Tagging Plugin.</p>\n<p>Thanks to those who joined us for <a href="http://boren.nu/archives/2007/08/28/23-beta-1-bug-hunt/">last week&#8217;s</a> <a href="http://codex.wordpress.org/WordPress_Bug_Hunts">bug hunt</a>. We&#8217;re having another on <a href="http://www.timeanddate.com/worldclock/fixedtime.html?month=9&amp;day=5&amp;year=2007&amp;hour=17&amp;min=0&amp;sec=0&amp;p1=0">Wednesday, September 5, 2007 at 17:00:00 UTC time</a> in the <a href="irc://irc.freenode.net/wordpress-bugs">#wordpress-bugs</a> channel.</p>";}i:49;a:7:{s:5:"title";s:30:"Dev Blog: WordPress 2.3 Beta 2";s:4:"guid";s:61:"http://wordpress.org/development/2007/09/wordpress-23-beta-2/";s:4:"link";s:61:"http://wordpress.org/development/2007/09/wordpress-23-beta-2/";s:11:"description";s:710:"<p>WordPress 2.3 will be here before you know it!  We&#8217;re putting out a beta release every Monday until WordPress 2.3 ships on September 24th.  Today the second beta drops for your testing pleasure.  We&#8217;ve fixed a bunch of bugs in the last week &#8212; thanks to everyone who participated!  That said, this is still rough code, so you should only test the beta if you are comfortable troubleshooting PHP issues, filing tickets, and backing up your blog&#8217;s data.</p>\n<p>Still want to play?  Go ahead and <a href="http://lists.automattic.com/mailman/listinfo/wp-testers">join the wp-testers mailing list</a> and <a href="http://wordpress.org/wordpress-2.3-beta2.zip">download beta 2 here</a>.</p>";s:7:"pubdate";s:31:"Tue, 04 Sep 2007 06:03:58 +0000";s:2:"dc";a:1:{s:7:"creator";s:12:"Mark Jaquith";}s:7:"summary";s:710:"<p>WordPress 2.3 will be here before you know it!  We&#8217;re putting out a beta release every Monday until WordPress 2.3 ships on September 24th.  Today the second beta drops for your testing pleasure.  We&#8217;ve fixed a bunch of bugs in the last week &#8212; thanks to everyone who participated!  That said, this is still rough code, so you should only test the beta if you are comfortable troubleshooting PHP issues, filing tickets, and backing up your blog&#8217;s data.</p>\n<p>Still want to play?  Go ahead and <a href="http://lists.automattic.com/mailman/listinfo/wp-testers">join the wp-testers mailing list</a> and <a href="http://wordpress.org/wordpress-2.3-beta2.zip">download beta 2 here</a>.</p>";}}s:7:"channel";a:5:{s:5:"title";s:16:"WordPress Planet";s:4:"link";s:28:"http://planet.wordpress.org/";s:8:"language";s:2:"en";s:11:"description";s:47:"WordPress Planet - http://planet.wordpress.org/";s:7:"tagline";s:47:"WordPress Planet - http://planet.wordpress.org/";}s:9:"textinput";a:0:{}s:5:"image";a:0:{}s:9:"feed_type";s:3:"RSS";s:12:"feed_version";s:3:"2.0";s:5:"stack";a:0:{}s:9:"inchannel";b:0;s:6:"initem";b:0;s:9:"incontent";b:0;s:11:"intextinput";b:0;s:7:"inimage";b:0;s:13:"current_field";s:0:"";s:17:"current_namespace";b:0;s:19:"_CONTENT_CONSTRUCTS";a:6:{i:0;s:7:"content";i:1;s:7:"summary";i:2;s:4:"info";i:3;s:5:"title";i:4;s:7:"tagline";i:5;s:9:"copyright";}s:4:"etag";s:25:""13b2e-46f0b778-568c2a"\r\n";s:13:"last_modified";s:31:"Wed, 19 Sep 2007 05:45:28 GMT\r\n";}', 20, 8, '', 1, 'no');
INSERT INTO `wp_options` VALUES (78, 0, 'wpcf7', 'Y', 1, 'a:1:{s:13:"contact_forms";a:1:{i:1;a:4:{s:5:"title";s:14:"Contact form 1";s:4:"form";s:304:"<p><label>Your Name (required)<br />\n    [text* your-name] </label></p>\n\n<p><label>Your Email (required)<br />\n    [email* your-email] </label></p>\n\n<p><label>Subject<br />\n    [text your-subject] </label></p>\n\n<p><label>Your Message<br />\n    [textarea your-message] </label></p>\n\n<p>[submit "Send"]</p>";s:4:"mail";a:3:{s:7:"subject";s:14:"[your-subject]";s:6:"sender";s:26:"[your-name] <[your-email]>";s:4:"body";s:14:"[your-message]";}s:7:"options";a:1:{s:9:"recipient";s:17:"irfan@esolbiz.com";}}}}', 20, 8, '', 1, 'yes');
INSERT INTO `wp_options` VALUES (79, 0, 'stats_options', 'Y', 1, 'a:4:{s:4:"host";s:0:"";s:4:"path";s:0:"";s:7:"blog_id";b:0;s:7:"version";s:1:"1";}', 20, 8, '', 1, 'yes');
INSERT INTO `wp_options` VALUES (80, 0, 'ald_spa_settings', 'Y', 1, 'a:12:{s:3:"url";s:18:"irfan/esolbiz/blog";s:3:"key";s:0:"";s:9:"searchbox";b:1;s:8:"alllinks";b:1;s:10:"locallinks";b:0;s:9:"link_icon";b:1;s:15:"preview_trigger";s:4:"both";s:12:"previewshots";b:0;s:5:"theme";s:6:"silver";s:11:"userpreview";b:0;s:10:"customlogo";b:0;s:6:"footer";b:1;}', 20, 8, '', 1, 'yes');
INSERT INTO `wp_options` VALUES (81, 0, 'sk2_plugins_settings', 'Y', 1, 'a:3:{s:21:"sk2_javascript_plugin";a:1:{s:11:"secret_seed";s:10:"a0o4kla079";}s:18:"sk2_payload_plugin";a:1:{s:11:"secret_seed";s:10:"b9hgk1wtu1";}s:20:"sk2_pjw_simpledigest";a:1:{s:8:"last_run";i:1190180596;}}', 20, 8, '', 1, 'yes');
INSERT INTO `wp_options` VALUES (69, 0, 'rss_867bd5c64f85878d03a060509cd2f92c_ts', 'Y', 1, '1190181138', 20, 8, '', 1, 'no');
INSERT INTO `wp_options` VALUES (72, 0, 'podPress_version', 'Y', 1, '8.2', 20, 8, '', 1, 'yes');
INSERT INTO `wp_options` VALUES (73, 0, 'podPress_config', 'Y', 1, 'a:3:{s:12:"mediaWebPath";s:41:"http://irfan/esolbiz/blog/wp-content/uploads";s:13:"mediaFilePath";s:47:"e:\\easyphp1-8\\www\\wordpress//wp-content/uploads";s:6:"player";a:13:{s:2:"bg";s:7:"#F8F8F8";s:6:"leftbg";s:7:"#EEEEEE";s:4:"text";s:7:"#666666";s:8:"lefticon";s:7:"#666666";s:7:"rightbg";s:7:"#CCCCCC";s:12:"rightbghover";s:7:"#999999";s:9:"righticon";s:7:"#666666";s:14:"righticonhover";s:7:"#FFFFFF";s:6:"slider";s:7:"#666666";s:5:"track";s:7:"#FFFFFF";s:6:"loader";s:7:"#9FFFB8";s:6:"border";s:7:"#666666";s:14:"listen_wrapper";s:3:"off";}}', 20, 8, '', 1, 'yes');
INSERT INTO `wp_options` VALUES (74, 0, 'rss_image', 'Y', 1, 'http://irfan/esolbiz/blog/wp-content/plugins/podpress/images/powered_by_podpress.jpg', 20, 8, '', 1, 'yes');
INSERT INTO `wp_options` VALUES (70, 0, 'rss_0ff4b43bd116a9d8720d689c80e7dfd4', 'Y', 1, 'O:9:"magpierss":18:{s:6:"parser";i:0;s:12:"current_item";a:0:{}s:5:"items";a:10:{i:0;a:12:{s:5:"title";s:33:"WordPress 2.3 Release Candidate 1";s:4:"link";s:74:"http://wordpress.org/development/2007/09/wordpress-23-release-candidate-1/";s:8:"comments";s:83:"http://wordpress.org/development/2007/09/wordpress-23-release-candidate-1/#comments";s:7:"pubdate";s:31:"Wed, 19 Sep 2007 04:50:10 +0000";s:2:"dc";a:1:{s:7:"creator";s:4:"Ryan";}s:8:"category";s:8:"Releases";s:4:"guid";s:74:"http://wordpress.org/development/2007/09/wordpress-23-release-candidate-1/";s:11:"description";s:300:"The first release candidate for WordPress 2.3 is now available.  We&#8217;ve spent the week since beta 3 fixing bugs and shaping RC1 into release candidate material.  If you would like try RC1 and help us get 2.3 ready for its final release on Monday the 24th,  download RC1 here and report any [...]";s:7:"content";a:1:{s:7:"encoded";s:871:"<p>The first release candidate for WordPress 2.3 is now available.  We&#8217;ve spent the week since beta 3 fixing bugs and shaping RC1 into release candidate material.  If you would like try RC1 and help us get 2.3 ready for its final release on Monday the 24th,  <a href="http://wordpress.org/wordpress-2.3-RC1.zip">download RC1 here</a> and <a href="http://trac.wordpress.org/newticket">report any bugs you find</a>. Although we consider this release candidate to be stable, keep in mind that this is still pre-release software.  You may find some lingering bugs.  Please back up your database before upgrading.  If you have problems with RC1, you will not be able to revert back to your previous release without a database backup.</p>\n<p>And a big thanks to those of you who have been testing the betas and now the RC.  Your efforts make 2.3 better for everyone.</p>\n";}s:3:"wfw";a:1:{s:10:"commentrss";s:79:"http://wordpress.org/development/2007/09/wordpress-23-release-candidate-1/feed/";}s:7:"summary";s:300:"The first release candidate for WordPress 2.3 is now available.  We&#8217;ve spent the week since beta 3 fixing bugs and shaping RC1 into release candidate material.  If you would like try RC1 and help us get 2.3 ready for its final release on Monday the 24th,  download RC1 here and report any [...]";s:12:"atom_content";s:871:"<p>The first release candidate for WordPress 2.3 is now available.  We&#8217;ve spent the week since beta 3 fixing bugs and shaping RC1 into release candidate material.  If you would like try RC1 and help us get 2.3 ready for its final release on Monday the 24th,  <a href="http://wordpress.org/wordpress-2.3-RC1.zip">download RC1 here</a> and <a href="http://trac.wordpress.org/newticket">report any bugs you find</a>. Although we consider this release candidate to be stable, keep in mind that this is still pre-release software.  You may find some lingering bugs.  Please back up your database before upgrading.  If you have problems with RC1, you will not be able to revert back to your previous release without a database backup.</p>\n<p>And a big thanks to those of you who have been testing the betas and now the RC.  Your efforts make 2.3 better for everyone.</p>\n";}i:1;a:12:{s:5:"title";s:20:"WordPress 2.3 Beta 3";s:4:"link";s:61:"http://wordpress.org/development/2007/09/wordpress-23-beta-3/";s:8:"comments";s:70:"http://wordpress.org/development/2007/09/wordpress-23-beta-3/#comments";s:7:"pubdate";s:31:"Tue, 11 Sep 2007 03:24:42 +0000";s:2:"dc";a:1:{s:7:"creator";s:4:"Ryan";}s:8:"category";s:8:"Releases";s:4:"guid";s:61:"http://wordpress.org/development/2007/09/wordpress-23-beta-3/";s:11:"description";s:311:"Beta 3, the third and final beta for WordPress 2.3, is now available. Many bugs have been fixed since the second beta, and we could use your help finding and fixing more bugs in preparation for the first Release Candidate due next Monday.  The standard disclaimer for betas applies.  Beta 3 is pre-release [...]";s:7:"content";a:1:{s:7:"encoded";s:644:"<p>Beta 3, the third and final beta for WordPress 2.3, is now available. Many bugs have been fixed since the second beta, and we could use your help finding and fixing more bugs in preparation for the first Release Candidate due next Monday.  The standard disclaimer for betas applies.  Beta 3 is pre-release software that is still being tested.  If you would like try out Beta 3 and help <a href="http://trac.wordpress.org/newticket">report bugs</a>, <a href="http://lists.automattic.com/mailman/listinfo/wp-testers">join the wp-testers mailing list</a> and <a href="http://wordpress.org/wordpress-2.3-beta3.zip">download beta 3 here</a>.</p>\n";}s:3:"wfw";a:1:{s:10:"commentrss";s:66:"http://wordpress.org/development/2007/09/wordpress-23-beta-3/feed/";}s:7:"summary";s:311:"Beta 3, the third and final beta for WordPress 2.3, is now available. Many bugs have been fixed since the second beta, and we could use your help finding and fixing more bugs in preparation for the first Release Candidate due next Monday.  The standard disclaimer for betas applies.  Beta 3 is pre-release [...]";s:12:"atom_content";s:644:"<p>Beta 3, the third and final beta for WordPress 2.3, is now available. Many bugs have been fixed since the second beta, and we could use your help finding and fixing more bugs in preparation for the first Release Candidate due next Monday.  The standard disclaimer for betas applies.  Beta 3 is pre-release software that is still being tested.  If you would like try out Beta 3 and help <a href="http://trac.wordpress.org/newticket">report bugs</a>, <a href="http://lists.automattic.com/mailman/listinfo/wp-testers">join the wp-testers mailing list</a> and <a href="http://wordpress.org/wordpress-2.3-beta3.zip">download beta 3 here</a>.</p>\n";}i:2;a:12:{s:5:"title";s:15:"WordPress 2.2.3";s:4:"link";s:55:"http://wordpress.org/development/2007/09/wordpress-223/";s:8:"comments";s:64:"http://wordpress.org/development/2007/09/wordpress-223/#comments";s:7:"pubdate";s:31:"Sat, 08 Sep 2007 03:00:04 +0000";s:2:"dc";a:1:{s:7:"creator";s:4:"Ryan";}s:8:"category";s:8:"Releases";s:4:"guid";s:55:"http://wordpress.org/development/2007/09/wordpress-223/";s:11:"description";s:331:"2.2.3 is a security and bug-fix release for the 2.2 series. Since this is a security release, we suggest you upgrade immediately. Two of the fixes are high priority.\nOn our Trac you can see the bugs closed and the files  changed for 2.2.3.\nTo get 2.2.3, please see our download page.\nAs always, upgrade instructions including [...]";s:7:"content";a:1:{s:7:"encoded";s:900:"<p>2.2.3 is a security and bug-fix release for the 2.2 series. Since this is a security release, we suggest you upgrade immediately. Two of the fixes are high priority.</p>\n<p>On our Trac you can see the <a href="http://trac.wordpress.org/query?status=closed&amp;milestone=2.2.3">bugs closed</a> and the <a href="http://trac.wordpress.org/changeset?old_path=tags%2F2.2.2&amp;old=6063&amp;new_path=tags%2F2.2.3&amp;new=6063">files  changed</a> for 2.2.3.</p>\n<p>To get 2.2.3, please see <a href="http://wordpress.org/download/">our download page</a>.</p>\n<p>As always, <a href="http://codex.wordpress.org/Upgrading_WordPress">upgrade instructions</a> including an <a href="http://codex.wordpress.org/Upgrading_WordPress_Extended">extended upgrade guide</a> are available.</p>\n<p>Thanks to Alexendar Concha, Aaron Newman, and xknown for identifying and helping us fix the security vulnerabilities.</p>\n";}s:3:"wfw";a:1:{s:10:"commentrss";s:60:"http://wordpress.org/development/2007/09/wordpress-223/feed/";}s:7:"summary";s:331:"2.2.3 is a security and bug-fix release for the 2.2 series. Since this is a security release, we suggest you upgrade immediately. Two of the fixes are high priority.\nOn our Trac you can see the bugs closed and the files  changed for 2.2.3.\nTo get 2.2.3, please see our download page.\nAs always, upgrade instructions including [...]";s:12:"atom_content";s:900:"<p>2.2.3 is a security and bug-fix release for the 2.2 series. Since this is a security release, we suggest you upgrade immediately. Two of the fixes are high priority.</p>\n<p>On our Trac you can see the <a href="http://trac.wordpress.org/query?status=closed&amp;milestone=2.2.3">bugs closed</a> and the <a href="http://trac.wordpress.org/changeset?old_path=tags%2F2.2.2&amp;old=6063&amp;new_path=tags%2F2.2.3&amp;new=6063">files  changed</a> for 2.2.3.</p>\n<p>To get 2.2.3, please see <a href="http://wordpress.org/download/">our download page</a>.</p>\n<p>As always, <a href="http://codex.wordpress.org/Upgrading_WordPress">upgrade instructions</a> including an <a href="http://codex.wordpress.org/Upgrading_WordPress_Extended">extended upgrade guide</a> are available.</p>\n<p>Thanks to Alexendar Concha, Aaron Newman, and xknown for identifying and helping us fix the security vulnerabilities.</p>\n";}i:3;a:12:{s:5:"title";s:20:"WordPress 2.3 Beta 2";s:4:"link";s:61:"http://wordpress.org/development/2007/09/wordpress-23-beta-2/";s:8:"comments";s:70:"http://wordpress.org/development/2007/09/wordpress-23-beta-2/#comments";s:7:"pubdate";s:31:"Tue, 04 Sep 2007 06:03:58 +0000";s:2:"dc";a:1:{s:7:"creator";s:12:"Mark Jaquith";}s:8:"category";s:11:"Development";s:4:"guid";s:61:"http://wordpress.org/development/2007/09/wordpress-23-beta-2/";s:11:"description";s:315:"WordPress 2.3 will be here before you know it!  We&#8217;re putting out a beta release every Monday until WordPress 2.3 ships on September 24th.  Today the second beta drops for your testing pleasure.  We&#8217;ve fixed a bunch of bugs in the last week &#8212; thanks to everyone who participated!  That said, [...]";s:7:"content";a:1:{s:7:"encoded";s:711:"<p>WordPress 2.3 will be here before you know it!  We&#8217;re putting out a beta release every Monday until WordPress 2.3 ships on September 24th.  Today the second beta drops for your testing pleasure.  We&#8217;ve fixed a bunch of bugs in the last week &#8212; thanks to everyone who participated!  That said, this is still rough code, so you should only test the beta if you are comfortable troubleshooting PHP issues, filing tickets, and backing up your blog&#8217;s data.</p>\n<p>Still want to play?  Go ahead and <a href="http://lists.automattic.com/mailman/listinfo/wp-testers">join the wp-testers mailing list</a> and <a href="http://wordpress.org/wordpress-2.3-beta2.zip">download beta 2 here</a>.</p>\n";}s:3:"wfw";a:1:{s:10:"commentrss";s:66:"http://wordpress.org/development/2007/09/wordpress-23-beta-2/feed/";}s:7:"summary";s:315:"WordPress 2.3 will be here before you know it!  We&#8217;re putting out a beta release every Monday until WordPress 2.3 ships on September 24th.  Today the second beta drops for your testing pleasure.  We&#8217;ve fixed a bunch of bugs in the last week &#8212; thanks to everyone who participated!  That said, [...]";s:12:"atom_content";s:711:"<p>WordPress 2.3 will be here before you know it!  We&#8217;re putting out a beta release every Monday until WordPress 2.3 ships on September 24th.  Today the second beta drops for your testing pleasure.  We&#8217;ve fixed a bunch of bugs in the last week &#8212; thanks to everyone who participated!  That said, this is still rough code, so you should only test the beta if you are comfortable troubleshooting PHP issues, filing tickets, and backing up your blog&#8217;s data.</p>\n<p>Still want to play?  Go ahead and <a href="http://lists.automattic.com/mailman/listinfo/wp-testers">join the wp-testers mailing list</a> and <a href="http://wordpress.org/wordpress-2.3-beta2.zip">download beta 2 here</a>.</p>\n";}i:4;a:12:{s:5:"title";s:20:"WordPress 2.3 Beta 1";s:4:"link";s:51:"http://wordpress.org/development/2007/08/23-beta-1/";s:8:"comments";s:60:"http://wordpress.org/development/2007/08/23-beta-1/#comments";s:7:"pubdate";s:31:"Tue, 28 Aug 2007 04:44:28 +0000";s:2:"dc";a:1:{s:7:"creator";s:4:"Matt";}s:8:"category";s:11:"Development";s:4:"guid";s:51:"http://wordpress.org/development/2007/08/23-beta-1/";s:11:"description";s:353:"The past 3 months we&#8217;ve been working feverishly on the next version of WordPress, 2.3. Today we&#8217;re releasing the first beta of 2.3 and we&#8217;re hoping the more adventurous and savvy among you will help us test it.\nSome of the features of 2.3 include plugin and core update notification, built-in tags support, faster javascript, and [...]";s:7:"content";a:1:{s:7:"encoded";s:809:"<p>The past 3 months we&#8217;ve been working feverishly on the next version of WordPress, 2.3. Today we&#8217;re releasing the first beta of 2.3 and we&#8217;re hoping the more adventurous and savvy among you will help us test it.</p>\n<p>Some of the features of 2.3 include plugin and core update notification, built-in tags support, faster javascript, and SEO-friendly URL redirection.</p>\n<p>However all of the new functionality is still very rough, so only test the beta if you are comfortable troubleshooting PHP issues, filing tickets, and backing up your data religiously. If you&#8217;re interested you can <a href="http://lists.automattic.com/mailman/listinfo/wp-testers">join the wp-testers mailing list</a> and <a href="http://wordpress.org/wordpress-2.3-beta1.zip">download the beta here</a>.</p>\n";}s:3:"wfw";a:1:{s:10:"commentrss";s:56:"http://wordpress.org/development/2007/08/23-beta-1/feed/";}s:7:"summary";s:353:"The past 3 months we&#8217;ve been working feverishly on the next version of WordPress, 2.3. Today we&#8217;re releasing the first beta of 2.3 and we&#8217;re hoping the more adventurous and savvy among you will help us test it.\nSome of the features of 2.3 include plugin and core update notification, built-in tags support, faster javascript, and [...]";s:12:"atom_content";s:809:"<p>The past 3 months we&#8217;ve been working feverishly on the next version of WordPress, 2.3. Today we&#8217;re releasing the first beta of 2.3 and we&#8217;re hoping the more adventurous and savvy among you will help us test it.</p>\n<p>Some of the features of 2.3 include plugin and core update notification, built-in tags support, faster javascript, and SEO-friendly URL redirection.</p>\n<p>However all of the new functionality is still very rough, so only test the beta if you are comfortable troubleshooting PHP issues, filing tickets, and backing up your data religiously. If you&#8217;re interested you can <a href="http://lists.automattic.com/mailman/listinfo/wp-testers">join the wp-testers mailing list</a> and <a href="http://wordpress.org/wordpress-2.3-beta1.zip">download the beta here</a>.</p>\n";}i:5;a:12:{s:5:"title";s:26:"WordPress 2.2.2 and 2.0.11";s:4:"link";s:64:"http://wordpress.org/development/2007/08/wordpress-222-and-2011/";s:8:"comments";s:73:"http://wordpress.org/development/2007/08/wordpress-222-and-2011/#comments";s:7:"pubdate";s:31:"Sun, 05 Aug 2007 06:22:25 +0000";s:2:"dc";a:1:{s:7:"creator";s:4:"Matt";}s:8:"category";s:8:"Releases";s:4:"guid";s:64:"http://wordpress.org/development/2007/08/wordpress-222-and-2011/";s:11:"description";s:323:"Today we have two security-related releases available for both users of our main 2.2 branch and the legacy 2.0 branch. As these releases include only security and minor bugfixes they should not cause any plugin or theme compatibility issues, so you have no good excuse not to upgrade.\nOn our Trac you can see the bugs [...]";s:7:"content";a:1:{s:7:"encoded";s:1393:"<p>Today we have two security-related releases available for both users of our main 2.2 branch and the legacy 2.0 branch. As these releases include only security and minor bugfixes they should not cause any plugin or theme compatibility issues, so you have no good excuse not to upgrade.</p>\n<p>On our Trac you can see the <a href="http://trac.wordpress.org/query?status=closed&#038;milestone=2.2.2">bugs closed for 2.2.2</a> and <a href="http://trac.wordpress.org/query?status=closed&#038;milestone=2.0.11">2.0.11</a> to get more details about the problems fixed. With a little more Trac magic you can see all the <a href="http://trac.wordpress.org/changeset?new=branches%2F2.2%405849&#038;old=branches%2F2.2%405725">changed files  for 2.2.2</a> or <a href="http://trac.wordpress.org/changeset?new=branches%2F2.0%405849&#038;old=branches%2F2.0%405396">2.0.11</a>.</p>\n<p><a href="http://wordpress.org/download/">Our download page is always the best place</a> to get the latest release, and our <a href="http://wordpress.org/download/legacy/">legacy page now has the latest in the 2.0 branch</a>.</p>\n<p>As always, we <a href="http://codex.wordpress.org/Upgrading_WordPress">have upgrade instructions available</a> and an <a href="http://codex.wordpress.org/Upgrading_WordPress_Extended">extended upgrade guide</a>.</p>\n<p>Thanks to Alex C. and Benjamin Flesch for help with this release.</p>\n";}s:3:"wfw";a:1:{s:10:"commentrss";s:69:"http://wordpress.org/development/2007/08/wordpress-222-and-2011/feed/";}s:7:"summary";s:323:"Today we have two security-related releases available for both users of our main 2.2 branch and the legacy 2.0 branch. As these releases include only security and minor bugfixes they should not cause any plugin or theme compatibility issues, so you have no good excuse not to upgrade.\nOn our Trac you can see the bugs [...]";s:12:"atom_content";s:1393:"<p>Today we have two security-related releases available for both users of our main 2.2 branch and the legacy 2.0 branch. As these releases include only security and minor bugfixes they should not cause any plugin or theme compatibility issues, so you have no good excuse not to upgrade.</p>\n<p>On our Trac you can see the <a href="http://trac.wordpress.org/query?status=closed&#038;milestone=2.2.2">bugs closed for 2.2.2</a> and <a href="http://trac.wordpress.org/query?status=closed&#038;milestone=2.0.11">2.0.11</a> to get more details about the problems fixed. With a little more Trac magic you can see all the <a href="http://trac.wordpress.org/changeset?new=branches%2F2.2%405849&#038;old=branches%2F2.2%405725">changed files  for 2.2.2</a> or <a href="http://trac.wordpress.org/changeset?new=branches%2F2.0%405849&#038;old=branches%2F2.0%405396">2.0.11</a>.</p>\n<p><a href="http://wordpress.org/download/">Our download page is always the best place</a> to get the latest release, and our <a href="http://wordpress.org/download/legacy/">legacy page now has the latest in the 2.0 branch</a>.</p>\n<p>As always, we <a href="http://codex.wordpress.org/Upgrading_WordPress">have upgrade instructions available</a> and an <a href="http://codex.wordpress.org/Upgrading_WordPress_Extended">extended upgrade guide</a>.</p>\n<p>Thanks to Alex C. and Benjamin Flesch for help with this release.</p>\n";}i:6;a:12:{s:5:"title";s:34:"New Shirts; International Shipping";s:4:"link";s:52:"http://wordpress.org/development/2007/07/new-shirts/";s:8:"comments";s:61:"http://wordpress.org/development/2007/07/new-shirts/#comments";s:7:"pubdate";s:31:"Sat, 21 Jul 2007 01:06:07 +0000";s:2:"dc";a:1:{s:7:"creator";s:4:"Matt";}s:8:"category";s:5:"Store";s:4:"guid";s:52:"http://wordpress.org/development/2007/07/new-shirts/";s:11:"description";s:326:"One of the biggest complaints when we originally launched our t-shirt store was that folks outside of the United States, which is the majority of our traffic, were unable to order them. Now you can! (And we have a new style available.)\nAt our official shop.wordpress.net you can order the new red t-shirt in either manly [...]";s:7:"content";a:1:{s:7:"encoded";s:822:"<p>One of the biggest complaints when we originally launched our t-shirt store was that folks outside of the United States, which is the majority of our traffic, were unable to order them. Now you can! (And we have a new style available.)</p>\n<p>At our official <a href="http://shop.wordpress.net/">shop.wordpress.net you can order the new red t-shirt</a> in either manly or girlie styles and they ship almost anywhere in the world. The shirts are high-quality American Apparel, and are screen-printed. Styles are available for a limited time, we&#8217;ll probably to about 2-3 a year, and once they&#8217;re gone the style will never be printed again.</p>\n<p><strong>Update:</strong> <a href="http://www.indigoclothing.com/blog/wordpress-t-shirts-2/">Indigo the t-shirt company has a great post about the launch</a>.</p>\n";}s:3:"wfw";a:1:{s:10:"commentrss";s:57:"http://wordpress.org/development/2007/07/new-shirts/feed/";}s:7:"summary";s:326:"One of the biggest complaints when we originally launched our t-shirt store was that folks outside of the United States, which is the majority of our traffic, were unable to order them. Now you can! (And we have a new style available.)\nAt our official shop.wordpress.net you can order the new red t-shirt in either manly [...]";s:12:"atom_content";s:822:"<p>One of the biggest complaints when we originally launched our t-shirt store was that folks outside of the United States, which is the majority of our traffic, were unable to order them. Now you can! (And we have a new style available.)</p>\n<p>At our official <a href="http://shop.wordpress.net/">shop.wordpress.net you can order the new red t-shirt</a> in either manly or girlie styles and they ship almost anywhere in the world. The shirts are high-quality American Apparel, and are screen-printed. Styles are available for a limited time, we&#8217;ll probably to about 2-3 a year, and once they&#8217;re gone the style will never be printed again.</p>\n<p><strong>Update:</strong> <a href="http://www.indigoclothing.com/blog/wordpress-t-shirts-2/">Indigo the t-shirt company has a great post about the launch</a>.</p>\n";}i:7;a:12:{s:5:"title";s:25:"WordCamp in San Francisco";s:4:"link";s:67:"http://wordpress.org/development/2007/06/wordcamp-in-san-francisco/";s:8:"comments";s:76:"http://wordpress.org/development/2007/06/wordcamp-in-san-francisco/#comments";s:7:"pubdate";s:31:"Mon, 25 Jun 2007 09:49:14 +0000";s:2:"dc";a:1:{s:7:"creator";s:4:"Matt";}s:8:"category";s:14:"EventsWordCamp";s:4:"guid";s:67:"http://wordpress.org/development/2007/06/wordcamp-in-san-francisco/";s:11:"description";s:315:"Last year over 350 WordPressers of all ages and experience levels gathered in San Francisco to share a day together. We&#8217;re now halfway through 2007, and there is a new WordCamp happening on July 21 and 22 that I hope many of you can make it to.\nThis year we&#8217;re expanding the conference to two days [...]";s:7:"content";a:1:{s:7:"encoded";s:1860:"<p><a href="http://2006.wordcamp.org/">Last year</a> over 350 WordPressers of <a href="http://flickr.com/photos/elea/208669527/">all ages</a> and experience levels gathered in San Francisco to share a day together. We&#8217;re now halfway through 2007, and <a href="http://2007.wordcamp.org/">there is a new WordCamp happening on July 21 and 22</a> that I hope many of you can make it to.</p>\n<p>This year we&#8217;re expanding the conference to two days instead of one with the first focusing on user and blog-facing topics, like search engine optimization and podcasting, and the second day will focus on more development topics, such as usability, iterative design, and the future of publishing. Speakers this year include <a href="http://2007.wordcamp.org/schedule/">several WordPress developers</a>, <a href="http://www.mattcutts.com/blog/">Matt Cutts</a>, <a href="http://en.wikipedia.org/wiki/John_C._Dvorak">John Dvorak</a>, <a href="http://www.rhjr.net/">Robert Hoekman Jr.</a>, <a href="http://www.mightyseek.com/podpress">Dan Kuykendall</a>, <a href="http://gigaom.com/">Om Malik</a>, <a href="http://www.rashmisinha.com/">Rashmi Sinha</a>, <a href="http://lorelle.wordpress.com/">Lorelle Vanfossen</a>, and <a href="http://scripting.com/">Dave Winer</a>. <a href="http://2007.wordcamp.org/schedule/">Check out the entire schedule</a>.</p>\n<p>Just like last year there will be free lunch (with the <a href="http://www.flickr.com/photos/jaxuk/207426730/in/set-72157594225374067/">legendary BBQ</a> on Sunday) and t-shirts for everybody, and a party on Saturday night. Unlike last year we&#8217;re asking for $25 to help cover costs, but if that&#8217;s a problem there are scholarships available. Registration will be closing July 9th and there will not be tickets at the door, <a href="http://2007.wordcamp.org/register/">so get yours soon</a>.</p>\n";}s:3:"wfw";a:1:{s:10:"commentrss";s:72:"http://wordpress.org/development/2007/06/wordcamp-in-san-francisco/feed/";}s:7:"summary";s:315:"Last year over 350 WordPressers of all ages and experience levels gathered in San Francisco to share a day together. We&#8217;re now halfway through 2007, and there is a new WordCamp happening on July 21 and 22 that I hope many of you can make it to.\nThis year we&#8217;re expanding the conference to two days [...]";s:12:"atom_content";s:1860:"<p><a href="http://2006.wordcamp.org/">Last year</a> over 350 WordPressers of <a href="http://flickr.com/photos/elea/208669527/">all ages</a> and experience levels gathered in San Francisco to share a day together. We&#8217;re now halfway through 2007, and <a href="http://2007.wordcamp.org/">there is a new WordCamp happening on July 21 and 22</a> that I hope many of you can make it to.</p>\n<p>This year we&#8217;re expanding the conference to two days instead of one with the first focusing on user and blog-facing topics, like search engine optimization and podcasting, and the second day will focus on more development topics, such as usability, iterative design, and the future of publishing. Speakers this year include <a href="http://2007.wordcamp.org/schedule/">several WordPress developers</a>, <a href="http://www.mattcutts.com/blog/">Matt Cutts</a>, <a href="http://en.wikipedia.org/wiki/John_C._Dvorak">John Dvorak</a>, <a href="http://www.rhjr.net/">Robert Hoekman Jr.</a>, <a href="http://www.mightyseek.com/podpress">Dan Kuykendall</a>, <a href="http://gigaom.com/">Om Malik</a>, <a href="http://www.rashmisinha.com/">Rashmi Sinha</a>, <a href="http://lorelle.wordpress.com/">Lorelle Vanfossen</a>, and <a href="http://scripting.com/">Dave Winer</a>. <a href="http://2007.wordcamp.org/schedule/">Check out the entire schedule</a>.</p>\n<p>Just like last year there will be free lunch (with the <a href="http://www.flickr.com/photos/jaxuk/207426730/in/set-72157594225374067/">legendary BBQ</a> on Sunday) and t-shirts for everybody, and a party on Saturday night. Unlike last year we&#8217;re asking for $25 to help cover costs, but if that&#8217;s a problem there are scholarships available. Registration will be closing July 9th and there will not be tickets at the door, <a href="http://2007.wordcamp.org/register/">so get yours soon</a>.</p>\n";}i:8;a:12:{s:5:"title";s:15:"WordPress 2.2.1";s:4:"link";s:55:"http://wordpress.org/development/2007/06/wordpress-221/";s:8:"comments";s:64:"http://wordpress.org/development/2007/06/wordpress-221/#comments";s:7:"pubdate";s:31:"Thu, 21 Jun 2007 04:49:59 +0000";s:2:"dc";a:1:{s:7:"creator";s:4:"Ryan";}s:8:"category";s:8:"Releases";s:4:"guid";s:55:"http://wordpress.org/development/2007/06/wordpress-221/";s:11:"description";s:307:"WordPress 2.2.1 is now available.   2.2.1 is a bug fix release for the 2.2 series.  Since 2.2 was released a month ago, the WordPress community has been improving fit-and-finish by identifying and fixing those little bugs that can be so annoying and by fine-tuning some small details.  The result is a [...]";s:7:"content";a:1:{s:7:"encoded";s:2533:"<p>WordPress 2.2.1 is <a href="http://wordpress.org/download/">now available</a>.   2.2.1 is a bug fix release for the 2.2 series.  Since 2.2 was released a month ago, the WordPress community has been improving fit-and-finish by identifying and fixing those little bugs that can be so annoying and by fine-tuning some small details.  The result is a nicely polished 2.2.1 release.  The full list of bugs fixed in 2.2.1 is available <a href="http://trac.wordpress.org/query?status=closed&amp;milestone=2.2.1&amp;resolution=fixed&amp;order=priority">here</a>.   Here are some highlights.</p>\n<ul>\n<li> Atom feed validation fixes (<a href="http://trac.wordpress.org/ticket/4274">#4274</a>, <a href="http://trac.wordpress.org/ticket/4307">#4307</a>, <a href="http://trac.wordpress.org/ticket/4381">#4381</a>, <a href="http://trac.wordpress.org/ticket/4382">#4382</a>)</li>\n<li>XML-RPC fixes (<a href="http://trac.wordpress.org/ticket/4314">#4314</a>, <a href="http://trac.wordpress.org/ticket/4329">#4329</a>, <a href="http://trac.wordpress.org/ticket/4315">#4315</a>, <a href="http://trac.wordpress.org/ticket/4469">#4469</a>)</li>\n<li>Widget backward compatibility fixes (<a href="http://trac.wordpress.org/ticket/4275">#4275</a>)</li>\n<li>Widget layout fixes for IE7 (<a href="http://trac.wordpress.org/ticket/4264">#4264</a>, <a href="http://trac.wordpress.org/ticket/4268">#4268</a>)</li>\n<li>Page and Text Widget improvements (<a href="http://trac.wordpress.org/ticket/4302">#4302</a>, <a href="http://trac.wordpress.org/ticket/4259">#4259</a>)</li>\n</ul>\n<p>Unfortunately, 2.2.1 is not just a bug fix release.  Some security issues came to light during 2.2.1 development, making 2.2.1 a required upgrade.  2.2.1 addresses the following vulnerabilities:</p>\n<ul>\n<li><a href="http://cve.mitre.org/cgi-bin/cvename.cgi?name=CVE-2007-3215">Remote shell injection in PHPMailer</a></li>\n<li><a href="http://www.milw0rm.com/exploits/4039">Remote SQL injection in XML-RPC</a> Discovered by <a href="http://www.buayacorp.com/">Alexander Concha</a>.</li>\n<li><a href="http://archives.neohapsis.com/archives/fulldisclosure/2007-06/0180.html">Unescaped attribute in default theme</a></li>\n</ul>\n<p>Special thanks to <a href="http://www.buayacorp.com/">Alexander Concha</a> for his continued assistance in making WordPress more secure.  Special thanks also to <a href="http://www.red-sweater.com/blog/">Daniel Jalkut</a> of <a href="http://www.red-sweater.com/">Red Sweater Software</a> for his improvements to our XML-RPC implementation.</p>\n";}s:3:"wfw";a:1:{s:10:"commentrss";s:60:"http://wordpress.org/development/2007/06/wordpress-221/feed/";}s:7:"summary";s:307:"WordPress 2.2.1 is now available.   2.2.1 is a bug fix release for the 2.2 series.  Since 2.2 was released a month ago, the WordPress community has been improving fit-and-finish by identifying and fixing those little bugs that can be so annoying and by fine-tuning some small details.  The result is a [...]";s:12:"atom_content";s:2533:"<p>WordPress 2.2.1 is <a href="http://wordpress.org/download/">now available</a>.   2.2.1 is a bug fix release for the 2.2 series.  Since 2.2 was released a month ago, the WordPress community has been improving fit-and-finish by identifying and fixing those little bugs that can be so annoying and by fine-tuning some small details.  The result is a nicely polished 2.2.1 release.  The full list of bugs fixed in 2.2.1 is available <a href="http://trac.wordpress.org/query?status=closed&amp;milestone=2.2.1&amp;resolution=fixed&amp;order=priority">here</a>.   Here are some highlights.</p>\n<ul>\n<li> Atom feed validation fixes (<a href="http://trac.wordpress.org/ticket/4274">#4274</a>, <a href="http://trac.wordpress.org/ticket/4307">#4307</a>, <a href="http://trac.wordpress.org/ticket/4381">#4381</a>, <a href="http://trac.wordpress.org/ticket/4382">#4382</a>)</li>\n<li>XML-RPC fixes (<a href="http://trac.wordpress.org/ticket/4314">#4314</a>, <a href="http://trac.wordpress.org/ticket/4329">#4329</a>, <a href="http://trac.wordpress.org/ticket/4315">#4315</a>, <a href="http://trac.wordpress.org/ticket/4469">#4469</a>)</li>\n<li>Widget backward compatibility fixes (<a href="http://trac.wordpress.org/ticket/4275">#4275</a>)</li>\n<li>Widget layout fixes for IE7 (<a href="http://trac.wordpress.org/ticket/4264">#4264</a>, <a href="http://trac.wordpress.org/ticket/4268">#4268</a>)</li>\n<li>Page and Text Widget improvements (<a href="http://trac.wordpress.org/ticket/4302">#4302</a>, <a href="http://trac.wordpress.org/ticket/4259">#4259</a>)</li>\n</ul>\n<p>Unfortunately, 2.2.1 is not just a bug fix release.  Some security issues came to light during 2.2.1 development, making 2.2.1 a required upgrade.  2.2.1 addresses the following vulnerabilities:</p>\n<ul>\n<li><a href="http://cve.mitre.org/cgi-bin/cvename.cgi?name=CVE-2007-3215">Remote shell injection in PHPMailer</a></li>\n<li><a href="http://www.milw0rm.com/exploits/4039">Remote SQL injection in XML-RPC</a> Discovered by <a href="http://www.buayacorp.com/">Alexander Concha</a>.</li>\n<li><a href="http://archives.neohapsis.com/archives/fulldisclosure/2007-06/0180.html">Unescaped attribute in default theme</a></li>\n</ul>\n<p>Special thanks to <a href="http://www.buayacorp.com/">Alexander Concha</a> for his continued assistance in making WordPress more secure.  Special thanks also to <a href="http://www.red-sweater.com/blog/">Daniel Jalkut</a> of <a href="http://www.red-sweater.com/">Red Sweater Software</a> for his improvements to our XML-RPC implementation.</p>\n";}i:9;a:12:{s:5:"title";s:18:"WebWare 100 Winner";s:4:"link";s:60:"http://wordpress.org/development/2007/06/webware-100-winner/";s:8:"comments";s:69:"http://wordpress.org/development/2007/06/webware-100-winner/#comments";s:7:"pubdate";s:31:"Mon, 18 Jun 2007 23:32:53 +0000";s:2:"dc";a:1:{s:7:"creator";s:4:"Matt";}s:8:"category";s:4:"Meta";s:4:"guid";s:60:"http://wordpress.org/development/2007/06/webware-100-winner/";s:11:"description";s:303:"The results are in, and WordPress is the winner of the Webware 100 in the Publishing category. Thanks to everyone who voted, but thank you even more to all the great people who make WordPress what it is. It&#8217;s an honor to have so many of you entrust your blogs to our software, and it&#8217;s [...]";s:7:"content";a:1:{s:7:"encoded";s:1152:"<p>The results are in, and WordPress is the <a href="http://www.webware.com/html/ww/100.html">winner of the Webware 100 in the Publishing category</a>. Thanks to everyone who voted, but thank you even more to <a href="http://foolswisdom.com/wordpress-22-source-code-worth-1-million/">all the great people who make WordPress what it is</a>. It&#8217;s an honor to have so many of you entrust your blogs to our software, and it&#8217;s an incredible opportunity for us to live up to the high standards you&#8217;ve set. Here&#8217;s what <a href="http://www.webware.com/8301-1_109-9728770-2.html">Rafe Needleman wrote about the results</a>:</p>\n<blockquote><p>WordPress got the most votes. I was interested to see the Drupal CMS platform placing high in this category&#8211;above the consumer-oriented publishing products Typepad and Vox. Even combined, these two Six Apart services didn&#8217;t come close to winning the same number of votes as Drupal.</p></blockquote>\n<p>Glad to see our open-source brother-by-another-mother representing. The rankings in Publishing were WordPress, Adobe Flash, Drupal, Blogger, and Google Analytics as the top 5.</p>\n";}s:3:"wfw";a:1:{s:10:"commentrss";s:65:"http://wordpress.org/development/2007/06/webware-100-winner/feed/";}s:7:"summary";s:303:"The results are in, and WordPress is the winner of the Webware 100 in the Publishing category. Thanks to everyone who voted, but thank you even more to all the great people who make WordPress what it is. It&#8217;s an honor to have so many of you entrust your blogs to our software, and it&#8217;s [...]";s:12:"atom_content";s:1152:"<p>The results are in, and WordPress is the <a href="http://www.webware.com/html/ww/100.html">winner of the Webware 100 in the Publishing category</a>. Thanks to everyone who voted, but thank you even more to <a href="http://foolswisdom.com/wordpress-22-source-code-worth-1-million/">all the great people who make WordPress what it is</a>. It&#8217;s an honor to have so many of you entrust your blogs to our software, and it&#8217;s an incredible opportunity for us to live up to the high standards you&#8217;ve set. Here&#8217;s what <a href="http://www.webware.com/8301-1_109-9728770-2.html">Rafe Needleman wrote about the results</a>:</p>\n<blockquote><p>WordPress got the most votes. I was interested to see the Drupal CMS platform placing high in this category&#8211;above the consumer-oriented publishing products Typepad and Vox. Even combined, these two Six Apart services didn&#8217;t come close to winning the same number of votes as Drupal.</p></blockquote>\n<p>Glad to see our open-source brother-by-another-mother representing. The rankings in Publishing were WordPress, Adobe Flash, Drupal, Blogger, and Google Analytics as the top 5.</p>\n";}}s:7:"channel";a:7:{s:5:"title";s:26:"WordPress Development Blog";s:4:"link";s:32:"http://wordpress.org/development";s:11:"description";s:33:"WordPress development and updates";s:7:"pubdate";s:31:"Wed, 19 Sep 2007 04:50:10 +0000";s:9:"generator";s:31:"http://wordpress.org/?v=2.3-RC1";s:8:"language";s:2:"en";s:7:"tagline";s:33:"WordPress development and updates";}s:9:"textinput";a:0:{}s:5:"image";a:0:{}s:9:"feed_type";s:3:"RSS";s:12:"feed_version";s:3:"2.0";s:5:"stack";a:0:{}s:9:"inchannel";b:0;s:6:"initem";b:0;s:9:"incontent";b:0;s:11:"intextinput";b:0;s:7:"inimage";b:0;s:13:"current_field";s:0:"";s:17:"current_namespace";b:0;s:19:"_CONTENT_CONSTRUCTS";a:6:{i:0;s:7:"content";i:1;s:7:"summary";i:2;s:4:"info";i:3;s:5:"title";i:4;s:7:"tagline";i:5;s:9:"copyright";}s:13:"last_modified";s:31:"Wed, 19 Sep 2007 05:50:10 GMT\r\n";}', 20, 8, '', 1, 'no');
INSERT INTO `wp_options` VALUES (82, 0, 'sk2_core_settings', 'Y', 1, 'a:3:{s:20:"next_auto_purge_logs";i:1190184106;s:25:"next_auto_purge_blacklist";i:1190184106;s:15:"last_spam_check";i:1190183506;}', 20, 8, '', 1, 'yes');
INSERT INTO `wp_options` VALUES (71, 0, 'rss_0ff4b43bd116a9d8720d689c80e7dfd4_ts', 'Y', 1, '1190181128', 20, 8, '', 1, 'no');
INSERT INTO `wp_options` VALUES (75, 0, 'rss_36137089e22842d1c56a90abd6ff95ec', 'Y', 1, 'O:9:"magpierss":17:{s:6:"parser";i:0;s:12:"current_item";a:0:{}s:5:"items";a:0:{}s:7:"channel";a:11:{s:5:"title";s:44:"Blog reactions to http://irfan/esolbiz/blog/";s:4:"link";s:67:"http://technorati.com/search/http%3A%2F%2Firfan%2Fesolbiz%2Fblog%2F";s:11:"description";s:63:"Blog posts linking to http://irfan/esolbiz/blog/ on Technorati.";s:7:"pubdate";s:31:"Wed, 10 Oct 2007 20:50:57 -0700";s:9:"generator";s:15:"Technorati v1.0";s:9:"webmaster";s:43:"support@technorati.com (Technorati Support)";s:4:"docs";s:37:"http://blogs.law.harvard.edu/tech/rss";s:3:"ttl";s:2:"60";s:4:"tapi";a:3:{s:6:"result";s:5:"\n    ";s:10:"result_url";s:26:"http://irfan/esolbiz/blog/";s:19:"result_inboundlinks";s:1:"0";}s:6:"result";s:10:"\n    \n    ";s:7:"tagline";s:63:"Blog posts linking to http://irfan/esolbiz/blog/ on Technorati.";}s:9:"textinput";a:0:{}s:5:"image";a:3:{s:3:"url";s:50:"http://static.technorati.com/pix/logos/logo_sm.gif";s:5:"title";s:15:"Technorati logo";s:4:"link";s:67:"http://technorati.com/search/http%3A%2F%2Firfan%2Fesolbiz%2Fblog%2F";}s:9:"feed_type";s:3:"RSS";s:12:"feed_version";s:3:"2.0";s:5:"stack";a:0:{}s:9:"inchannel";b:0;s:6:"initem";b:0;s:9:"incontent";b:0;s:11:"intextinput";b:0;s:7:"inimage";b:0;s:13:"current_field";s:0:"";s:17:"current_namespace";b:0;s:19:"_CONTENT_CONSTRUCTS";a:6:{i:0;s:7:"content";i:1;s:7:"summary";i:2;s:4:"info";i:3;s:5:"title";i:4;s:7:"tagline";i:5;s:9:"copyright";}}', 20, 8, '', 1, 'no');
INSERT INTO `wp_options` VALUES (76, 0, 'rss_36137089e22842d1c56a90abd6ff95ec_ts', 'Y', 1, '1192074659', 20, 8, '', 1, 'no');
INSERT INTO `wp_options` VALUES (77, 0, 'post_thumbnail_settings', 'Y', 1, 'a:58:{s:7:"version";s:5:"2.1.5";s:13:"default_image";s:71:"esolbiz/blog/wp-content/plugins/alakhnors-post-thumb/images/default.png";s:16:"full_domain_name";s:12:"http://irfan";s:9:"base_path";s:17:"e:/easyphp1-8/www";s:11:"folder_name";s:35:"esolbiz/blog/wp-content/uploads/pth";s:7:"rounded";s:5:"false";s:6:"append";s:5:"false";s:8:"use_meta";s:4:"true";s:7:"use_png";s:5:"false";s:11:"append_text";s:6:"thumb_";s:12:"resize_width";s:2:"60";s:13:"resize_height";s:2:"60";s:10:"keep_ratio";s:4:"true";s:7:"caption";s:5:"false";s:10:"phpversion";s:6:"4.3.10";s:6:"tb_use";s:5:"false";s:6:"hs_use";s:5:"false";s:7:"hs_post";s:5:"false";s:11:"hs_wordtube";s:5:"false";s:8:"wt_media";s:5:"false";s:11:"wt_playlist";s:5:"false";s:14:"wordtube_width";s:3:"160";s:15:"wordtube_height";s:3:"120";s:15:"wordtube_pwidth";s:3:"425";s:16:"wordtube_pheight";s:3:"350";s:13:"wordtube_text";s:8:"wtthumb_";s:14:"wordtube_vtext";s:0:"";s:14:"wordtube_mtext";s:0:"";s:10:"hs_youtube";s:5:"false";s:7:"ovframe";s:11:"drop-shadow";s:7:"hsframe";s:11:"drop-shadow";s:7:"unsharp";s:5:"false";s:14:"unsharp_amount";s:2:"80";s:14:"unsharp_radius";s:3:"0.5";s:17:"unsharp_threshold";s:1:"3";s:12:"corner_ratio";s:5:"0.150";s:13:"youtube_width";s:3:"160";s:14:"youtube_height";s:3:"120";s:14:"youtube_pwidth";s:3:"425";s:15:"youtube_pheight";s:3:"350";s:8:"jpg_rate";s:2:"75";s:8:"png_rate";s:1:"6";s:11:"use_catname";s:5:"false";s:12:"stream_check";s:4:"true";s:11:"video_regex";s:0:"";s:13:"video_default";s:71:"esolbiz/blog/wp-content/plugins/alakhnors-post-thumb/images/default.png";s:7:"bgcolor";s:7:"#000000";s:10:"pt_replace";s:5:"false";s:9:"p_rounded";s:5:"false";s:13:"p_append_text";s:7:"pthumb_";s:9:"p_use_png";s:5:"false";s:14:"p_resize_width";s:3:"120";s:15:"p_resize_height";s:3:"120";s:12:"p_keep_ratio";s:4:"true";s:9:"p_caption";s:5:"false";s:9:"p_unsharp";s:5:"false";s:9:"gdversion";s:27:"bundled (2.0.28 compatible)";s:11:"info_update";s:6:"Create";}', 20, 8, 'Post Thumb Revisited Options', 1, 'yes');

-- --------------------------------------------------------

-- 
